152
CXUS56 KSGX 271445
CF6TRM
PRELIMINARY LOCAL CLIMATOLOGICAL DATA (WS FORM: F-6)

                                          STATION:   THERMAL AIRPORT CA
                                          MONTH:     APRIL
                                          YEAR:      2017
                                          LATITUDE:   33 37 N
                                          LONGITUDE: 116 10 W

  TEMPERATURE IN F:       :PCPN:    SNOW:  WIND      :SUNSHINE: SKY     :PK WND
================================================================================
1   2   3   4   5  6A  6B    7    8   9   10  11  12  13   14  15   16   17  18
                                     12Z  AVG MX 2MIN
DY MAX MIN AVG DEP HDD CDD  WTR  SNW DPTH SPD SPD DIR MIN PSBL S-S WX    SPD DR
================================================================================

 1  90  61  76   9   0  11 0.00  0.0    0  7.8 18 340   M    M   0        26  30
 2  88  50  69   2   0   4 0.00  0.0    0  7.8 20 340   M    M   0        26 340
 3  89  51  70   3   0   5 0.00  0.0    0 10.2 26 330   M    M   0        31 340
 4  87  53  70   2   0   5 0.00  0.0    0  5.2 14 150   M    M   0        18 160
 5  91  47  69   1   0   4 0.00  0.0    0  4.3 10 120   M    M   0        14 120
 6  92  49  71   3   0   6 0.00  0.0    0  4.9 17 330   M    M   0        24 320
 7  91  59  75   7   0  10 0.00  0.0    0  7.6 23 290   M    M   0        29 290
 8  85  63  74   6   0   9 0.00  0.0    0 13.1 25 330   M    M   0        35 250
 9  81  53  67  -1   0   2 0.00  0.0    0  6.4 22 310   M    M   0        27 310
10  87  43  65  -4   0   0 0.00  0.0    0  5.1 12 140   M    M   0        16 150
11  89  48  69   0   0   4 0.00  0.0    0  7.3 23 330   M    M   0 8      31 340
12  93  66  80  11   0  15 0.00  0.0    0  9.9 24 340   M    M   0        32 340
13  88  66  77   7   0  12 0.00  0.0    0 15.7 23 340   M    M   0 8      73 290
14  86  62  74   4   0   9 0.00  0.0    0  8.6 18 330   M    M   0        25 330
15  93  56  75   5   0  10 0.00  0.0    0  7.3 17 140   M    M   0        31 330
16  92  50  71   1   0   6 0.00  0.0    0  6.1 18 340   M    M   0 8      24 340
17  95  69  82  12   0  17    T  0.0    0 10.0 23 340   M    M   0 8      30 340
18  95  63  79   8   0  14 0.00  0.0    0  7.5 21 340   M    M   0 8      27 340
19  93  68  81  10   0  16 0.00  0.0    0  9.8 21 330   M    M   0        27 330
20  96  59  78   7   0  13 0.00  0.0    0  8.8 20 310   M    M   0        27 320
21  96  58  77   5   0  12 0.00  0.0    0  5.2 14 330   M    M   0        17 350
22 100  54  77   5   0  12 0.00  0.0    0  5.2 13 130   M    M   0        16 120
23 100  54  77   5   0  12 0.00  0.0    0 11.5 29 340   M    M   0 8      39 350
24  90  69  80   8   0  15 0.00  0.0    0 17.7 33 340   M    M   0 8      43 340
25  87  69  78   5   0  13 0.00  0.0    0 16.1 29 330   M    M   0        36 340
26  91  61  76   3   0  11 0.00  0.0    0  6.3 17 340   M    M   0        22 340
================================================================================
SM 2365 1501         0 247    T      0.0 225.4          M        0
================================================================================
AV 91.0 57.7                               8.7 FASTST   M    M   0    MAX(MPH)
                                 MISC ---->  # 33 340               # 73  290
================================================================================
NOTES:
# LAST OF SEVERAL OCCURRENCES

COLUMN 17 PEAK WIND IN M.P.H.

PRELIMINARY LOCAL CLIMATOLOGICAL DATA (WS FORM: F-6) , PAGE 2

                                          STATION:  THERMAL AIRPORT CA
                                          MONTH:    APRIL
                                          YEAR:     2017
                                          LATITUDE:   33 37 N
                                          LONGITUDE: 116 10 W

[TEMPERATURE DATA]      [PRECIPITATION DATA]       SYMBOLS USED IN COLUMN 16

AVERAGE MONTHLY: 74.4   TOTAL FOR MONTH:      T    1 = FOG OR MIST
DPTR FM NORMAL:   4.6   DPTR FM NORMAL:   -0.06    2 = FOG REDUCING VISIBILITY
HIGHEST:   100 ON 23,22 GRTST 24HR    T  ON 17-17      TO 1/4 MILE OR LESS
LOWEST:     43 ON 10                               3 = THUNDER
                        SNOW, ICE PELLETS, HAIL    4 = ICE PELLETS
                        TOTAL MONTH:   0.0 INCH    5 = HAIL
                        GRTST 24HR     0.0         6 = FREEZING RAIN OR DRIZZLE
                        GRTST DEPTH:   0           7 = DUSTSTORM OR SANDSTORM:
                                                       VSBY 1/2 MILE OR LESS
                                                   8 = SMOKE OR HAZE
[NO. OF DAYS WITH]      [WEATHER - DAYS WITH]      9 = BLOWING SNOW
                                                   X = TORNADO
MAX 32 OR BELOW:   0    0.01 INCH OR MORE:   0
MAX 90 OR ABOVE:  16    0.10 INCH OR MORE:   0
MIN 32 OR BELOW:   0    0.50 INCH OR MORE:   0
MIN  0 OR BELOW:   0    1.00 INCH OR MORE:   0

[HDD (BASE 65) ]
TOTAL THIS MO.     0    CLEAR  (SCALE 0-3)  26
DPTR FM NORMAL   -19    PTCLDY (SCALE 4-7)   0
TOTAL FM JUL 1   899    CLOUDY (SCALE 8-10)  0
DPTR FM NORMAL  -277

[CDD (BASE 65) ]
TOTAL THIS MO.   247
DPTR FM NORMAL   100    [PRESSURE DATA]
TOTAL FM JAN 1   469    HIGHEST SLP M ON M
DPTR FM NORMAL   248    LOWEST  SLP 29.81 ON 22

[REMARKS]
