768
CXUS56 KPQR 251530
CF6TTD
PRELIMINARY LOCAL CLIMATOLOGICAL DATA (WS FORM: F-6)

                                          STATION:   TROUTDALE OR
                                          MONTH:     JUNE
                                          YEAR:      2017
                                          LATITUDE:   45 33 N
                                          LONGITUDE: 122 25 W

  TEMPERATURE IN F:       :PCPN:    SNOW:  WIND      :SUNSHINE: SKY     :PK WND
================================================================================
1   2   3   4   5  6A  6B    7    8   9   10  11  12  13   14  15   16   17  18
                                     12Z  AVG MX 2MIN
DY MAX MIN AVG DEP HDD CDD  WTR  SNW DPTH SPD SPD DIR MIN PSBL S-S WX    SPD DR
================================================================================

 1  73  60  67   7   0   2 0.04  0.0    0  6.9 18 250   M    M   8        24 250
 2  76  58  67   7   0   2 0.00  0.0    0  3.7  9 270   M    M   4        12 260
 3  67  56  62   1   3   0 0.00  0.0    0  4.2 12 270   M    M   9        16 320
 4  69  53  61   0   4   0 0.00  0.0    0  4.9 10 320   M    M   6        14 280
 5  78  45  62   1   3   0 0.00  0.0    0  2.8  9 260   M    M   0        12 300
 6  86  51  69   8   0   4 0.00  0.0    0  4.0 13 310   M    M   0        19 300
 7  78  57  68   7   0   3 0.01  0.0    0  4.0 14 240   M    M   4        17 250
 8  68  55  62   1   3   0 0.29  0.0    0  7.3 17 250   M    M  10 1      24 230
 9  63  52  58  -3   7   0 0.11  0.0    0  5.0 25 230   M    M   9 1      32 220
10  62  51  57  -5   8   0 0.13  0.0    0  3.2 13 150   M    M   9 1      17 150
11  72  53  63   1   2   0 0.00  0.0    0  4.2 13 260   M    M   7        19 320
12  59  54  57  -5   8   0 0.02  0.0    0  2.8  9 200   M    M  10 1      12 200
13  62  52  57  -5   8   0 0.09  0.0    0  3.0 14 240   M    M   9 18     19 250
14  67  50  59  -3   6   0    T  0.0    0  2.4  7 300   M    M   7        10 320
15  65  55  60  -2   5   0 0.87  0.0    0  6.5 15  80   M    M  10 1      19  90
16  66  59  63   1   2   0 0.15  0.0    0  3.0 12 230   M    M   9 1      14 240
17  72  56  64   2   1   0    T  0.0    0  2.3  8 270   M    M   9        13 280
18  81  59  70   7   0   5 0.01  0.0    0  4.2  8 300   M    M   5 1      12 270
19  89  60  75  12   0  10 0.00  0.0    0  4.3 12 310   M    M   3        19 310
20  80  55  68   5   0   3 0.00  0.0    0  5.1 16 310   M    M   4        22 300
21  76  49  63   0   2   0 0.00  0.0    0  5.1 14 260   M    M   1        18 320
22  85  50  68   5   0   3 0.00  0.0    0  4.3 12 330   M    M   0        18 320
23  92  52  72   8   0   7 0.00  0.0    0  3.1 12 100   M    M   0        16  70
24  97  55  76  12   0  11 0.00  0.0    0  8.9 20 100   M    M   0        24  90
================================================================================
SM 1783 1297        62  50  1.72     0.0 105.2          M      133
================================================================================
AV 74.3 54.0                               4.4 FASTST   M    M   6    MAX(MPH)
                                 MISC ---->  # 25 230               # 32  220
================================================================================
NOTES:
# LAST OF SEVERAL OCCURRENCES

COLUMN 17 PEAK WIND IN M.P.H.

PRELIMINARY LOCAL CLIMATOLOGICAL DATA (WS FORM: F-6) , PAGE 2

                                          STATION:  TROUTDALE OR
                                          MONTH:    JUNE
                                          YEAR:     2017
                                          LATITUDE:   45 33 N
                                          LONGITUDE: 122 25 W

[TEMPERATURE DATA]      [PRECIPITATION DATA]       SYMBOLS USED IN COLUMN 16

AVERAGE MONTHLY: 64.2   TOTAL FOR MONTH:   1.72    1 = FOG OR MIST
DPTR FM NORMAL:   2.2   DPTR FM NORMAL:   -0.41    2 = FOG REDUCING VISIBILITY
HIGHEST:    97 ON 24    GRTST 24HR  0.87 ON 15-15      TO 1/4 MILE OR LESS
LOWEST:     45 ON  5                               3 = THUNDER
                        SNOW, ICE PELLETS, HAIL    4 = ICE PELLETS
                        TOTAL MONTH:   0.0 INCH    5 = HAIL
                        GRTST 24HR     0.0         6 = FREEZING RAIN OR DRIZZLE
                        GRTST DEPTH:   0           7 = DUSTSTORM OR SANDSTORM:
                                                       VSBY 1/2 MILE OR LESS
                                                   8 = SMOKE OR HAZE
[NO. OF DAYS WITH]      [WEATHER - DAYS WITH]      9 = BLOWING SNOW
                                                   X = TORNADO
MAX 32 OR BELOW:   0    0.01 INCH OR MORE:  10
MAX 90 OR ABOVE:   2    0.10 INCH OR MORE:   5
MIN 32 OR BELOW:   0    0.50 INCH OR MORE:   1
MIN  0 OR BELOW:   0    1.00 INCH OR MORE:   0

[HDD (BASE 65) ]
TOTAL THIS MO.    62    CLEAR  (SCALE 0-3)   7
DPTR FM NORMAL   -41    PTCLDY (SCALE 4-7)   8
TOTAL FM JUL 1  4304    CLOUDY (SCALE 8-10)  9
DPTR FM NORMAL  -321

[CDD (BASE 65) ]
TOTAL THIS MO.    50
DPTR FM NORMAL    20    [PRESSURE DATA]
TOTAL FM JAN 1    92    HIGHEST SLP M ON M
DPTR FM NORMAL    45    LOWEST  SLP 29.65 ON  8

[REMARKS]
