000
CXUS54 KTSA 200840
CF6TUL
PRELIMINARY LOCAL CLIMATOLOGICAL DATA (WS FORM: F-6)

                                          STATION:   TULSA OKLAHOMA
                                          MONTH:     AUGUST
                                          YEAR:      2014
                                          LATITUDE:   36 12 N
                                          LONGITUDE:  95 54 W

  TEMPERATURE IN F:       :PCPN:    SNOW:  WIND      :SUNSHINE: SKY     :PK WND
================================================================================
1   2   3   4   5  6A  6B    7    8   9   10  11  12  13   14  15   16   17  18
                                     12Z  AVG MX 2MIN
DY MAX MIN AVG DEP HDD CDD  WTR  SNW DPTH SPD SPD DIR MIN PSBL S-S WX    SPD DR
================================================================================

 1  84  68  76  -8   0  11 0.00  0.0    0  3.1 10 140   M    M   4        14 130
 2  89  65  77  -7   0  12 0.00  0.0    0  2.2 10 100   M    M   2 1      14  90
 3  91  68  80  -4   0  15 0.00  0.0    0  2.6  9  10   M    M   3 18     13  80
 4  92  70  81  -3   0  16 0.00  0.0    0  5.7 13 190   M    M   2 18     16 180
 5  92  70  81  -3   0  16 0.00  0.0    0  6.7 14 230   M    M   8        18 220
 6  94  75  85   1   0  20 0.00  0.0    0 12.8 21 180   M    M   6        26 170
 7  93  72  83   0   0  18 0.77  0.0    0  8.9 22 180   M    M   7 13     27 180
 8  90  74  82  -1   0  17 0.02  0.0    0  5.0 15 250   M    M   7 13     21 230
 9  88  73  81  -2   0  16    T  0.0    0  6.3 17 310   M    M   8 3      21 320
10  92  71  82  -1   0  17 0.00  0.0    0  4.8 14 300   M    M   5        17 330
11  91  69  80  -3   0  15 0.00  0.0    0  7.3 16 330   M    M   2        20 350
12  85  61  73 -10   0   8 0.00  0.0    0  6.2 16 330   M    M   0        20 360
13  88  60  74  -9   0   9 0.00  0.0    0  3.2 12  40   M    M   2        15  40
14  91  64  78  -5   0  13 0.00  0.0    0  5.7 14 130   M    M   5        19 140
15  92  74  83   0   0  18 0.00  0.0    0 13.7 21 170   M    M   8        27 150
16  93  76  85   2   0  20 0.00  0.0    0  9.4 17 170   M    M   8        23 200
17  98  72  85   3   0  20 0.00  0.0    0  5.1 13 200   M    M   3        17 200
18  89  72  81  -1   0  16 0.18  0.0    0  8.4 23 320   M    M   6 38     31 320
19  98  69  84   2   0  19 0.00  0.0    0  9.2 17 200   M    M   6        22 200
================================================================================
SM 1730 1323         0 296  0.97     0.0 126.3          M       92
================================================================================
AV 91.1 69.6                               6.6 FASTST   M    M   5    MAX(MPH)
                                 MISC ---->  # 23 320               # 31  320
================================================================================
NOTES:
# LAST OF SEVERAL OCCURRENCES

COLUMN 17 PEAK WIND IN M.P.H.

PRELIMINARY LOCAL CLIMATOLOGICAL DATA (WS FORM: F-6) , PAGE 2

                                          STATION:  TULSA OKLAHOMA
                                          MONTH:    AUGUST
                                          YEAR:     2014
                                          LATITUDE:   36 12 N
                                          LONGITUDE:  95 54 W

[TEMPERATURE DATA]      [PRECIPITATION DATA]       SYMBOLS USED IN COLUMN 16

AVERAGE MONTHLY: 80.3   TOTAL FOR MONTH:   0.97    1 = FOG OR MIST
DPTR FM NORMAL:  -2.8   DPTR FM NORMAL:   -0.72    2 = FOG REDUCING VISIBILITY
HIGHEST:    98 ON 19,17 GRTST 24HR  0.77 ON  7- 7      TO 1/4 MILE OR LESS
LOWEST:     60 ON 13                               3 = THUNDER
                        SNOW, ICE PELLETS, HAIL    4 = ICE PELLETS
                        TOTAL MONTH:   0.0 INCH    5 = HAIL
                        GRTST 24HR     0.0         6 = FREEZING RAIN OR DRIZZLE
                        GRTST DEPTH:   0           7 = DUSTSTORM OR SANDSTORM:
                                                       VSBY 1/2 MILE OR LESS
                                                   8 = SMOKE OR HAZE
[NO. OF DAYS WITH]      [WEATHER - DAYS WITH]      9 = BLOWING SNOW
                                                   X = TORNADO
MAX 32 OR BELOW:   0    0.01 INCH OR MORE:   3
MAX 90 OR ABOVE:  13    0.10 INCH OR MORE:   2
MIN 32 OR BELOW:   0    0.50 INCH OR MORE:   1
MIN  0 OR BELOW:   0    1.00 INCH OR MORE:   0

[HDD (BASE 65) ]
TOTAL THIS MO.     0    CLEAR  (SCALE 0-3)   6
DPTR FM NORMAL     0    PTCLDY (SCALE 4-7)  13
TOTAL FM JUL 1     1    CLOUDY (SCALE 8-10)  0
DPTR FM NORMAL     1

[CDD (BASE 65) ]
TOTAL THIS MO.   296
DPTR FM NORMAL   -48    [PRESSURE DATA]
TOTAL FM JAN 1  1388    HIGHEST SLP M ON M
DPTR FM NORMAL  -124    LOWEST  SLP 29.75 ON 19

[REMARKS]
