000
CXUS54 KMEG 210644
CF6TUP
PRELIMINARY LOCAL CLIMATOLOGICAL DATA (WS FORM: F-6)

                                          STATION:   TUPELO
                                          MONTH:     SEPTEMBER
                                          YEAR:      2017
                                          LATITUDE:   34 16 N
                                          LONGITUDE:  88 46 W

  TEMPERATURE IN F:       :PCPN:    SNOW:  WIND      :SUNSHINE: SKY     :PK WND
================================================================================
1   2   3   4   5  6A  6B    7    8   9   10  11  12  13   14  15   16   17  18
                                     12Z  AVG MX 2MIN
DY MAX MIN AVG DEP HDD CDD  WTR  SNW DPTH SPD SPD DIR MIN PSBL S-S WX    SPD DR
================================================================================

 1  83  64  74  -5   0   9 0.06  0.0    0  8.1 22 290   M    M   5 1      38 290
 2  85  62  74  -5   0   9 0.00  0.0    0  1.5  9 320   M    M   2 1      14 330
 3  87  62  75  -3   0  10 0.00  0.0    0  1.4  9 330   M    M   1 1      11 300
 4  90  64  77  -1   0  12 0.00  0.0    0  4.0 10 170   M    M   1 1      16 190
 5  89  63  76  -2   0  11 0.10  0.0    0  5.4 17 320   M    M   2 3      22 340
 6  77  53  65 -13   0   0 0.00  0.0    0  5.9 17 340   M    M   1        21 340
 7  77  50  64 -13   1   0 0.00  0.0    0  2.9 12 360   M    M   1        16 350
 8  79  51  65 -12   0   0 0.00  0.0    0  7.0 16 360   M    M   0        24  40
 9  82  54  68  -9   0   3 0.00  0.0    0  8.1 16  30   M    M   1        22  10
10  81  56  69  -7   0   4 0.00  0.0    0  8.4 16  10   M    M   0        23  30
11  74  56  65 -11   0   0 0.39  0.0    0 11.6 21 340   M    M   2 1      29 340
12  63  59  61 -15   4   0 1.19  0.0    0  6.4 18 320   M    M  10 1      25 320
13  72  59  66  -9   0   1 0.07  0.0    0  6.7 13 160   M    M  10 1      16 130
14  86  60  73  -2   0   8 0.00  0.0    0  2.0  8 120   M    M   2 1      23 150
15  88  63  76   1   0  11 0.00  0.0    0  2.9 12 100   M    M   1 1      17 100
16  89  65  77   3   0  12 0.00  0.0    0  3.3 10 120   M    M   2 1      26 150
17  91  68  80   6   0  15 0.47  0.0    0  1.7 12 190   M    M   2 1      15 200
18  92  68  80   7   0  15 0.00  0.0    0  1.5  7 150   M    M   0 1      10 150
19  92  71  82   9   0  17 0.00  0.0    0  4.0 13 100   M    M   2        17 100
20  92  70  81   8   0  16 0.00  0.0    0  3.4 13  50   M    M   1        14  50
================================================================================
SM 1669 1218         5 153  2.28     0.0  96.2          M       46
================================================================================
AV 83.5 60.9                               4.8 FASTST   M    M   2    MAX(MPH)
                                 MISC ---->  # 22 290               # 38  290
================================================================================
NOTES:
# LAST OF SEVERAL OCCURRENCES

COLUMN 17 PEAK WIND IN M.P.H.

PRELIMINARY LOCAL CLIMATOLOGICAL DATA (WS FORM: F-6) , PAGE 2

                                          STATION:  TUPELO
                                          MONTH:    SEPTEMBER
                                          YEAR:     2017
                                          LATITUDE:   34 16 N
                                          LONGITUDE:  88 46 W

[TEMPERATURE DATA]      [PRECIPITATION DATA]       SYMBOLS USED IN COLUMN 16

AVERAGE MONTHLY: 72.2   TOTAL FOR MONTH:   2.28    1 = FOG OR MIST
DPTR FM NORMAL:  -3.9   DPTR FM NORMAL:    0.13    2 = FOG REDUCING VISIBILITY
HIGHEST:    92 ON 20,19 GRTST 24HR  1.54 ON 31- 1      TO 1/4 MILE OR LESS
LOWEST:     50 ON  7                               3 = THUNDER
                        SNOW, ICE PELLETS, HAIL    4 = ICE PELLETS
                        TOTAL MONTH:   0.0 INCH    5 = HAIL
                        GRTST 24HR     0.0         6 = FREEZING RAIN OR DRIZZLE
                        GRTST DEPTH:   0           7 = DUSTSTORM OR SANDSTORM:
                                                       VSBY 1/2 MILE OR LESS
                                                   8 = SMOKE OR HAZE
[NO. OF DAYS WITH]      [WEATHER - DAYS WITH]      9 = BLOWING SNOW
                                                   X = TORNADO
MAX 32 OR BELOW:   0    0.01 INCH OR MORE:   6
MAX 90 OR ABOVE:   5    0.10 INCH OR MORE:   4
MIN 32 OR BELOW:   0    0.50 INCH OR MORE:   1
MIN  0 OR BELOW:   0    1.00 INCH OR MORE:   1

[HDD (BASE 65) ]
TOTAL THIS MO.     5    CLEAR  (SCALE 0-3)  17
DPTR FM NORMAL     5    PTCLDY (SCALE 4-7)   1
TOTAL FM JUL 1     5    CLOUDY (SCALE 8-10)  2
DPTR FM NORMAL     5

[CDD (BASE 65) ]
TOTAL THIS MO.   153
DPTR FM NORMAL   -69    [PRESSURE DATA]
TOTAL FM JAN 1  1851    HIGHEST SLP M ON M
DPTR FM NORMAL   -43    LOWEST  SLP 29.68 ON 13

[REMARKS]
