000
CXUS55 KREV 251106
CF6TVL
PRELIMINARY LOCAL CLIMATOLOGICAL DATA (WS FORM: F-6)

                                          STATION:   SOUTH LAKE TAHOE CA
                                          MONTH:     JULY
                                          YEAR:      2017
                                          LATITUDE:   38 53 N
                                          LONGITUDE: 119 60 W

  TEMPERATURE IN F:       :PCPN:    SNOW:  WIND      :SUNSHINE: SKY     :PK WND
================================================================================
1   2   3   4   5  6A  6B    7    8   9   10  11  12  13   14  15   16   17  18
                                     12Z  AVG MX 2MIN
DY MAX MIN AVG DEP HDD CDD  WTR  SNW DPTH SPD SPD DIR MIN PSBL S-S WX    SPD DR
================================================================================

 1  81  42  62   3   3   0 0.00  0.0    0  4.2 13  30   M    M   0        17  30
 2  82  45  64   5   1   0 0.00  0.0    0  5.2 14  30   M    M   0        17  30
 3  82  47  65   6   0   0 0.00  0.0    0  4.1 17 180   M    M   0        22 180
 4  82  47  65   6   0   0 0.00  0.0    0  5.1 16 210   M    M   0        24 190
 5  83  43  63   3   2   0 0.00  0.0    0  3.7 17 190   M    M   0        24 190
 6  79  47  63   3   2   0 0.11  0.0    0  2.0 10  30   M    M   1 13     12  40
 7  85  49  67   7   0   2 0.00  0.0    0  2.9 13  30   M    M   1        17  30
 8  89  49  69   9   0   4 0.00  0.0    0  4.9 15 190   M    M   1        21 200
 9  85  48  67   7   0   2 0.00  0.0    0  4.4 18 180   M    M   0        31 220
10  83  47  65   4   0   0 0.00  0.0    0  6.0 23 180   M    M   0        29 180
11  82  43  63   2   2   0 0.00  0.0    0  4.9 20 190   M    M   0        29 190
12  84  39  62   1   3   0 0.00  0.0    0  4.8 15 200   M    M   0        23 190
13  84  45  65   4   0   0 0.00  0.0    0  4.3 16 190   M    M   0        24 190
14  84  46  65   4   0   0 0.00  0.0    0  5.5 16 180   M    M   0        22 180
15  86  45  66   5   0   1 0.00  0.0    0  4.7 16 190   M    M   1        23 190
16  85  51  68   6   0   3 0.00  0.0    0  3.8 15 200   M    M   0        22 190
17  80  43  62   0   3   0 0.00  0.0    0  7.0 23 180   M    M   0        35 190
18  79  41  60  -2   5   0 0.00  0.0    0  6.0 25 190   M    M   1 8      36 180
19  80  38  59  -3   6   0 0.00  0.0    0  4.6 18 180   M    M   6 8      24 180
20  80  34  57  -5   8   0 0.00  0.0    0  4.9 15 190   M    M   1 18     21 190
21  81  36  59  -3   6   0 0.00  0.0    0  5.0 14  30   M    M   0        17  30
22  86  44  65   3   0   0 0.00  0.0    0  3.9 13  30   M    M   0        14  30
23  88  49  69   7   0   4 0.00  0.0    0  4.3 16 190   M    M   0        22 190
24  84  54  69   7   0   4 0.00  0.0    0  4.2 14 200   M    M   3        24 180
================================================================================
SM 1994 1072        41  20  0.11     0.0 110.4          M       15
================================================================================
AV 83.1 44.7                               4.6 FASTST   M    M   1    MAX(MPH)
                                 MISC ---->  # 25 190               # 36  180
================================================================================
NOTES:
# LAST OF SEVERAL OCCURRENCES

COLUMN 17 PEAK WIND IN M.P.H.

PRELIMINARY LOCAL CLIMATOLOGICAL DATA (WS FORM: F-6) , PAGE 2

                                          STATION:  SOUTH LAKE TAHOE CA
                                          MONTH:    JULY
                                          YEAR:     2017
                                          LATITUDE:   38 53 N
                                          LONGITUDE: 119 60 W

[TEMPERATURE DATA]      [PRECIPITATION DATA]       SYMBOLS USED IN COLUMN 16

AVERAGE MONTHLY: 63.9   TOTAL FOR MONTH:   0.11    1 = FOG OR MIST
DPTR FM NORMAL:   3.0   DPTR FM NORMAL:   -0.17    2 = FOG REDUCING VISIBILITY
HIGHEST:    89 ON  8    GRTST 24HR  0.11 ON  6- 6      TO 1/4 MILE OR LESS
LOWEST:     34 ON 20                               3 = THUNDER
                        SNOW, ICE PELLETS, HAIL    4 = ICE PELLETS
                        TOTAL MONTH:   0.0 INCH    5 = HAIL
                        GRTST 24HR     0.0         6 = FREEZING RAIN OR DRIZZLE
                        GRTST DEPTH:   0           7 = DUSTSTORM OR SANDSTORM:
                                                       VSBY 1/2 MILE OR LESS
                                                   8 = SMOKE OR HAZE
[NO. OF DAYS WITH]      [WEATHER - DAYS WITH]      9 = BLOWING SNOW
                                                   X = TORNADO
MAX 32 OR BELOW:   0    0.01 INCH OR MORE:   1
MAX 90 OR ABOVE:   0    0.10 INCH OR MORE:   1
MIN 32 OR BELOW:   0    0.50 INCH OR MORE:   0
MIN  0 OR BELOW:   0    1.00 INCH OR MORE:   0

[HDD (BASE 65) ]
TOTAL THIS MO.    41    CLEAR  (SCALE 0-3)  22
DPTR FM NORMAL   -73    PTCLDY (SCALE 4-7)   2
TOTAL FM JUL 1    41    CLOUDY (SCALE 8-10)  0
DPTR FM NORMAL   -73

[CDD (BASE 65) ]
TOTAL THIS MO.    20
DPTR FM NORMAL     8    [PRESSURE DATA]
TOTAL FM JAN 1    39    HIGHEST SLP M ON M
DPTR FM NORMAL    26    LOWEST  SLP 29.87 ON 24

[REMARKS]
