000
CXUS54 KSHV 281300
CF6TXK
PRELIMINARY LOCAL CLIMATOLOGICAL DATA (WS FORM: F-6)

                                          STATION:   TEXARKANA
                                          MONTH:     MAY
                                          YEAR:      2015
                                          LATITUDE:   33 27 N
                                          LONGITUDE:  94  0 W

  TEMPERATURE IN F:       :PCPN:    SNOW:  WIND      :SUNSHINE: SKY     :PK WND
================================================================================
1   2   3   4   5  6A  6B    7    8   9   10  11  12  13   14  15   16   17  18
                                     12Z  AVG MX 2MIN
DY MAX MIN AVG DEP HDD CDD  WTR  SNW DPTH SPD SPD DIR MIN PSBL S-S WX    SPD DR
================================================================================

 1  78  54  66  -2   0   1 0.00  0.0    0  5.4 13  70   M    M   0        17  50
 2  80  50  65  -3   0   0 0.00  0.0    0  4.5 10 190   M    M   1        13 140
 3  82  62  72   4   0   7 0.00  0.0    0  7.9 15 150   M    M   2        20 230
 4  82  58  70   1   0   5 0.00  0.0    0  6.9 14 170   M    M   2        18 160
 5  83  65  74   5   0   9 0.00  0.0    0  9.1 18 140   M    M   4 1      24 160
 6  82  66  74   5   0   9 0.00  0.0    0  8.3 17 150   M    M   5        22 170
 7  85  66  76   6   0  11    T  0.0    0  8.1 17 170   M    M   6        21 150
 8  84  65  75   5   0  10 0.98  0.0    0  6.5 23 200   M    M   6 13     29 190
 9  78  65  72   2   0   7 0.32  0.0    0  8.6 22 330   M    M   6 13     29 320
10  83  69  76   6   0  11 1.31  0.0    0  7.0 20 140   M    M   4 13     25 150
11  80  63  72   2   0   7 1.27  0.0    0  7.1 23 250   M    M   6 13     32 260
12  70  58  64  -7   1   0 0.06  0.0    0  4.4 14  60   M    M   4 1      20  60
13  67  60  64  -7   1   0 0.22  0.0    0  6.7 15 160   M    M   9 1      21 170
14  85  62  74   3   0   9    T  0.0    0  6.8 16 210   M    M   6 138    22 230
15  81  67  74   2   0   9 0.04  0.0    0  6.0 15 220   M    M   4 1      19 170
16  86  69  78   6   0  13 0.05  0.0    0 10.0 20 160   M    M   6 138    25 160
17  81  68  75   3   0  10 0.33  0.0    0  8.4 18 170   M    M   5 138    26 190
18  80  68  74   2   0   9 0.00  0.0    0  4.9 17 150   M    M   6 13     20 160
19  83  64  74   2   0   9 0.00  0.0    0  4.1 12 140   M    M   5 12     16 120
20  85  67  76   3   0  11 0.02  0.0    0  7.5 13 320   M    M   4 1      19 350
21  67  55  61 -12   4   0 1.22  0.0    0  6.6 16  20   M    M   8 13     21  20
22  74  51  63 -10   2   0 0.00  0.0    0  5.2 13  60   M    M   2        18  60
23  85  62  74   0   0   9 0.00  0.0    0  7.5 15 150   M    M   6        22 140
24  78  70  74   0   0   9 0.13  0.0    0 11.6 25 180   M    M   6 13     33 170
25  85  61  73  -1   0   8 1.52  0.0    0  8.6 30 290   M    M   7 13     43 300
26  80  62  71  -3   0   6 0.00  0.0    0  5.0 14 180   M    M   5 1      18 190
27  85  66  76   2   0  11 0.00  0.0    0  4.3 14 190   M    M   0        20 180
================================================================================
SM 2169 1693         8 190  7.47     0.0 187.0          M      125
================================================================================
AV 80.3 62.7                               6.9 FASTST   M    M   5    MAX(MPH)
                                 MISC ---->  # 30 290               # 43  300
================================================================================
NOTES:
# LAST OF SEVERAL OCCURRENCES

COLUMN 17 PEAK WIND IN M.P.H.

PRELIMINARY LOCAL CLIMATOLOGICAL DATA (WS FORM: F-6) , PAGE 2

                                          STATION:  TEXARKANA
                                          MONTH:    MAY
                                          YEAR:     2015
                                          LATITUDE:   33 27 N
                                          LONGITUDE:  94  0 W

[TEMPERATURE DATA]      [PRECIPITATION DATA]       SYMBOLS USED IN COLUMN 16

AVERAGE MONTHLY: 71.5   TOTAL FOR MONTH:   7.47    1 = FOG OR MIST
DPTR FM NORMAL:   0.3   DPTR FM NORMAL:    2.95    2 = FOG REDUCING VISIBILITY
HIGHEST:    86 ON 16    GRTST 24HR  2.57 ON 10-11      TO 1/4 MILE OR LESS
LOWEST:     50 ON  2                               3 = THUNDER
                        SNOW, ICE PELLETS, HAIL    4 = ICE PELLETS
                        TOTAL MONTH:   0.0 INCH    5 = HAIL
                        GRTST 24HR     0.0         6 = FREEZING RAIN OR DRIZZLE
                        GRTST DEPTH:   0           7 = DUSTSTORM OR SANDSTORM:
                                                       VSBY 1/2 MILE OR LESS
                                                   8 = SMOKE OR HAZE
[NO. OF DAYS WITH]      [WEATHER - DAYS WITH]      9 = BLOWING SNOW
                                                   X = TORNADO
MAX 32 OR BELOW:   0    0.01 INCH OR MORE:  13
MAX 90 OR ABOVE:   0    0.10 INCH OR MORE:   9
MIN 32 OR BELOW:   0    0.50 INCH OR MORE:   5
MIN  0 OR BELOW:   0    1.00 INCH OR MORE:   4

[HDD (BASE 65) ]
TOTAL THIS MO.     8    CLEAR  (SCALE 0-3)   6
DPTR FM NORMAL    -4    PTCLDY (SCALE 4-7)  20
TOTAL FM JUL 1  2811    CLOUDY (SCALE 8-10)  1
DPTR FM NORMAL   196

[CDD (BASE 65) ]
TOTAL THIS MO.   190
DPTR FM NORMAL     8    [PRESSURE DATA]
TOTAL FM JAN 1   287    HIGHEST SLP M ON M
DPTR FM NORMAL     8    LOWEST  SLP 29.83 ON M

[REMARKS]
