000
CXUS54 KSHV 301300
CF6TYR
PRELIMINARY LOCAL CLIMATOLOGICAL DATA (WS FORM: F-6)

                                          STATION:   TYLER
                                          MONTH:     AUGUST
                                          YEAR:      2015
                                          LATITUDE:   32 22 N
                                          LONGITUDE:  95 24 W

  TEMPERATURE IN F:       :PCPN:    SNOW:  WIND      :SUNSHINE: SKY     :PK WND
================================================================================
1   2   3   4   5  6A  6B    7    8   9   10  11  12  13   14  15   16   17  18
                                     12Z  AVG MX 2MIN
DY MAX MIN AVG DEP HDD CDD  WTR  SNW DPTH SPD SPD DIR MIN PSBL S-S WX    SPD DR
================================================================================

 1  98  73  86   2   0  21 0.00  0.0    0  6.1 14  70   M    M   0        19  40
 2  99  73  86   2   0  21 0.00  0.0    0  5.8 14 110   M    M   0        29 160
 3 100  73  87   3   0  22 0.00  0.0    0  4.0 13 130   M    M   1        18 140
 4  99  74  87   3   0  22 0.00  0.0    0  5.9 14 140   M    M   1        26 150
 5 101  80  91   7   0  26 0.00  0.0    0 10.1 17 200   M    M   1        26 200
 6 100  80  90   6   0  25 0.00  0.0    0 11.3 22 200   M    M   0        27 210
 7 102  80  91   7   0  26 0.00  0.0    0  9.6 16 200   M    M   0        20 200
 8 101  77  89   5   0  24 0.00  0.0    0  9.1 16 230   M    M   0        23 220
 9 102  78  90   6   0  25 0.00  0.0    0  7.2 14 230   M    M   0        18 240
10 106  76  91   7   0  26 0.00  0.0    0  4.4 13 210   M    M   0        15 220
11 105  80  93   9   0  28 0.00  0.0    0  4.6 16 140   M    M   0 3      22  30
12 101  76  89   5   0  24 0.00  0.0    0  6.3 14  30   M    M   1        19  20
13  98  76  87   3   0  22 0.00  0.0    0  7.7 15  80   M    M   1        18  80
14  98  74  86   2   0  21 0.00  0.0    0  7.6 16  50   M    M   0        22  10
15  97  71  84   0   0  19 0.00  0.0    0  6.3 14  60   M    M   0        20  80
16  99  72  86   2   0  21    T  0.0    0  5.0 16 110   M    M   1 3      21 110
17  96  71  84   0   0  19 0.00  0.0    0  5.7 13 140   M    M   1        16 150
18  99  76  88   5   0  23 0.00  0.0    0 10.9 18 170   M    M   1        24 260
19  96  71  84   1   0  19 0.32  0.0    0 10.4 22 360   M    M   6 138    28  20
20  72  68  70 -13   0   5 1.11  0.0    0  7.5 16 110   M    M   9 13     19 360
21  85  70  78  -5   0  13    T  0.0    0  6.0 20 170   M    M   5 1      26 170
22  95  76  86   3   0  21 0.02  0.0    0  9.7 17 140   M    M   4        20 130
23  96  78  87   4   0  22 0.00  0.0    0  7.9 16 210   M    M   2        20 210
24  98  77  88   6   0  23 0.00  0.0    0  5.2 13 100   M    M   0 3      17 110
25  88  70  79  -3   0  14 0.56  0.0    0  6.8 31 330   M    M   1 13     46 330
26  92  69  81  -1   0  16 0.00  0.0    0  2.7  9 130   M    M   0        13 110
27  89  67  78  -4   0  13 0.00  0.0    0  2.8  9 140   M    M   0        14 160
28  92  69  81  -1   0  16 0.00  0.0    0  6.4 13 140   M    M   0        14 150
29  91  75  83   2   0  18 0.00  0.0    0  7.2 16 200   M    M   0        20 210
================================================================================
SM 2795 2150         0 595  2.01     0.0 200.2          M       35
================================================================================
AV 96.4 74.1                               6.9 FASTST   M    M   1    MAX(MPH)
                                 MISC ---->  # 31 330               # 46  330
================================================================================
NOTES:
# LAST OF SEVERAL OCCURRENCES

COLUMN 17 PEAK WIND IN M.P.H.

PRELIMINARY LOCAL CLIMATOLOGICAL DATA (WS FORM: F-6) , PAGE 2

                                          STATION:  TYLER
                                          MONTH:    AUGUST
                                          YEAR:     2015
                                          LATITUDE:   32 22 N
                                          LONGITUDE:  95 24 W

[TEMPERATURE DATA]      [PRECIPITATION DATA]       SYMBOLS USED IN COLUMN 16

AVERAGE MONTHLY: 85.3   TOTAL FOR MONTH:   2.01    1 = FOG OR MIST
DPTR FM NORMAL:   1.9   DPTR FM NORMAL:   -0.62    2 = FOG REDUCING VISIBILITY
HIGHEST:   106 ON 10    GRTST 24HR  1.29 ON 19-20      TO 1/4 MILE OR LESS
LOWEST:     67 ON 27                               3 = THUNDER
                        SNOW, ICE PELLETS, HAIL    4 = ICE PELLETS
                        TOTAL MONTH:   0.0 INCH    5 = HAIL
                        GRTST 24HR     0.0         6 = FREEZING RAIN OR DRIZZLE
                        GRTST DEPTH:   0           7 = DUSTSTORM OR SANDSTORM:
                                                       VSBY 1/2 MILE OR LESS
                                                   8 = SMOKE OR HAZE
[NO. OF DAYS WITH]      [WEATHER - DAYS WITH]      9 = BLOWING SNOW
                                                   X = TORNADO
MAX 32 OR BELOW:   0    0.01 INCH OR MORE:   4
MAX 90 OR ABOVE:  25    0.10 INCH OR MORE:   3
MIN 32 OR BELOW:   0    0.50 INCH OR MORE:   2
MIN  0 OR BELOW:   0    1.00 INCH OR MORE:   1

[HDD (BASE 65) ]
TOTAL THIS MO.     0    CLEAR  (SCALE 0-3)  25
DPTR FM NORMAL     0    PTCLDY (SCALE 4-7)   3
TOTAL FM JUL 1     0    CLOUDY (SCALE 8-10)  1
DPTR FM NORMAL     0

[CDD (BASE 65) ]
TOTAL THIS MO.   595
DPTR FM NORMAL    63    [PRESSURE DATA]
TOTAL FM JAN 1  2235    HIGHEST SLP M ON M
DPTR FM NORMAL   345    LOWEST  SLP 29.75 ON 18

[REMARKS]
