000
CXUS55 KSEW 220945
CF6UIL

PRELIMINARY LOCAL CLIMATOLOGICAL DATA (WS FORM: F-6)

                                          STATION:   QUILLAYUTE WA AIRPORT
                                          MONTH:     OCTOBER
                                          YEAR:      2014
                                          LATITUDE:   47 57 N
                                          LONGITUDE: 124 33 W

  TEMPERATURE IN F:       :PCPN:    SNOW:  WIND      :SUNSHINE: SKY     :PK WND
================================================================================
1   2   3   4   5  6A  6B    7    8   9   10  11  12  13   14  15   16   17  18
                                     12Z  AVG MX 2MIN
DY MAX MIN AVG DEP HDD CDD  WTR  SNW DPTH SPD SPD DIR MIN PSBL S-S WX    SPD DR
================================================================================

 1  65  45  55   2  10   0    T  0.0    0  2.8 13 260   M    M   5 12     16 280
 2  66  48  57   4   8   0    T  0.0    0  2.8 10 260   M    M   6 1      12 260
 3  77  44  61   8   4   0    T  0.0    0  2.7  9 260   M    M   0 1      12 250
 4  68  52  60   7   5   0    T  0.0    0  2.1  8 270   M    M  10 1      11 260
 5  74  53  64  12   1   0 0.00  0.0    0  3.2 12 280   M    M   2 12     14 290
 6  74  53  64  12   1   0 0.00  0.0    0  3.6 14 340   M    M   5 12     17 340
 7  65  51  58   6   7   0 0.00  0.0    0  2.8 10 320   M    M   8 12     12 330
 8  69  50  60   8   5   0 0.00  0.0    0  2.0 10 230   M    M   1 12     13 230
 9  75  46  61   9   4   0 0.00  0.0    0  1.7 12 250   M    M   1 12     14 250
10  61  55  58   7   7   0 0.32  0.0    0  5.3 12 180   M    M  10 12     20 190
11  65  51  58   7   7   0 0.20  0.0    0  3.7 15 280   M    M  10 12     22 250
12  60  49  55   4  10   0 0.09    M    0  2.7  8 150   M    M   9 12     11 140
13  62  51  57   7   8   0 1.92  0.0    0  6.9 23 170   M    M   9 1      35 150
14  62  49  56   6   9   0 0.17  0.0    0  4.3 13 150   M    M   7 1      18 140
15  60  50  55   5  10   0 1.23  0.0    0  5.0 17 260   M    M   7 1      24 240
16  63  51  57   7   8   0 0.32  0.0    0  5.8 15 140   M    M   6 1      22 130
17  61  54  58   8   7   0 0.63  0.0    0 10.7 21 150   M    M  10 1      34 170
18  64  58  61  11   4   0 0.04  0.0    0  7.4 15 170   M    M  10 1      25 190
19  65  54  60  11   5   0 1.42  0.0    0 10.3 23 160   M    M  10 1      40 140
20  63  54  59  10   6   0 1.60  0.0    0  5.2 16 190   M    M   8 1      23 190
21  58  51  55   6  10   0 1.88  0.0    0  9.4 30 160   M    M   9 13     45 140
================================================================================
SM 1377 1069       136   0  9.82     0.0 100.4          M      143
================================================================================
AV 65.6 50.9                               4.8 FASTST   M    M   7    MAX(MPH)
                                 MISC ---->  # 30 160               # 45  140
================================================================================
NOTES:
# LAST OF SEVERAL OCCURRENCES

COLUMN 17 PEAK WIND IN M.P.H.

PRELIMINARY LOCAL CLIMATOLOGICAL DATA (WS FORM: F-6) , PAGE 2

                                          STATION:  QUILLAYUTE WA AIRPORT
                                          MONTH:    OCTOBER
                                          YEAR:     2014
                                          LATITUDE:   47 57 N
                                          LONGITUDE: 124 33 W

[TEMPERATURE DATA]      [PRECIPITATION DATA]       SYMBOLS USED IN COLUMN 16

AVERAGE MONTHLY: 58.2   TOTAL FOR MONTH:   9.82    1 = FOG OR MIST
DPTR FM NORMAL:   7.2   DPTR FM NORMAL:    3.52    2 = FOG REDUCING VISIBILITY
HIGHEST:    77 ON  3    GRTST 24HR  2.23 ON 19-20      TO 1/4 MILE OR LESS
LOWEST:     44 ON  3                               3 = THUNDER
                        SNOW, ICE PELLETS, HAIL    4 = ICE PELLETS
                        TOTAL MONTH:   0.0 INCH    5 = HAIL
                        GRTST 24HR     0.0         6 = FREEZING RAIN OR DRIZZLE
                        GRTST DEPTH:   0           7 = DUSTSTORM OR SANDSTORM:
                                                       VSBY 1/2 MILE OR LESS
                                                   8 = SMOKE OR HAZE
[NO. OF DAYS WITH]      [WEATHER - DAYS WITH]      9 = BLOWING SNOW
                                                   X = TORNADO
MAX 32 OR BELOW:   0    0.01 INCH OR MORE:  12
MAX 90 OR ABOVE:   0    0.10 INCH OR MORE:  10
MIN 32 OR BELOW:   0    0.50 INCH OR MORE:   6
MIN  0 OR BELOW:   0    1.00 INCH OR MORE:   5

[HDD (BASE 65) ]
TOTAL THIS MO.   136    CLEAR  (SCALE 0-3)   4
DPTR FM NORMAL  -158    PTCLDY (SCALE 4-7)   7
TOTAL FM JUL 1   525    CLOUDY (SCALE 8-10) 10
DPTR FM NORMAL  -394

[CDD (BASE 65) ]
TOTAL THIS MO.     0
DPTR FM NORMAL     0    [PRESSURE DATA]
TOTAL FM JAN 1    25    HIGHEST SLP M ON M
DPTR FM NORMAL     6    LOWEST  SLP 29.46 ON 15

[REMARKS]
