000
CXUS53 KLSX 221600
CF6UIN
PRELIMINARY LOCAL CLIMATOLOGICAL DATA (WS FORM: F-6)

                                          STATION:   QUINCY IL
                                          MONTH:     OCTOBER
                                          YEAR:      2014
                                          LATITUDE:   39 57 N
                                          LONGITUDE:  91 12 W

  TEMPERATURE IN F:       :PCPN:    SNOW:  WIND      :SUNSHINE: SKY     :PK WND
================================================================================
1   2   3   4   5  6A  6B    7    8   9   10  11  12  13   14  15   16   17  18
                                     12Z  AVG MX 2MIN
DY MAX MIN AVG DEP HDD CDD  WTR  SNW DPTH SPD SPD DIR MIN PSBL S-S WX    SPD DR
================================================================================

 1  69  54  62   2   3   0 1.90  0.0    0  9.0 17 110   M    M   5 138    22 160
 2  69  61  65   5   0   0 1.74  0.0    0  9.6 25 160   M    M   8 13     35 170
 3  62  41  52  -7  13   0 0.62  0.0    0 16.8 28 320   M    M   8 1      36 290
 4  53  37  45 -14  20   0 0.00  0.0    0 12.2 25 270   M    M   2        34 260
 5  65  37  51  -7  14   0    T  0.0    0  6.9 16 310   M    M   5 8      21 320
 6  67  48  58   0   7   0 0.04  0.0    0  8.0 22 270   M    M   4        29 270
 7  74  49  62   4   3   0 0.03  0.0    0  9.0 25 300   M    M   1        36 300
 8  70  43  57   0   8   0 0.00  0.0    0  4.1 13 280   M    M   0 8      16 290
 9  60  53  57   0   8   0 0.14  0.0    0  8.2 17 120   M    M  10 1      23 120
10  58  45  52  -5  13   0 0.00  0.0    0  8.6 17  40   M    M   6        21  40
11  60  40  50  -6  15   0 0.00  0.0    0  6.3 12 130   M    M   0 1      16  80
12  56  43  50  -6  15   0 0.04  0.0    0  7.3 10 140   M    M   9 12     14 150
13  69  55  62   6   3   0 1.31  0.0    0 10.4 23 130   M    M   9 123    33 150
14  61  51  56   1   9   0 0.17  0.0    0 12.8 23 320   M    M  10 1      31 320
15  61  46  54  -1  11   0 0.00  0.0    0  8.8 21 310   M    M   9        25 310
16  71  43  57   2   8   0 0.00  0.0    0  6.4 16 220   M    M   0 128    20 210
17  64  48  56   2   9   0 0.00  0.0    0 13.0 24 310   M    M   4        29 300
18  55  42  49  -5  16   0 0.00  0.0    0  7.6 16 330   M    M   5        20 340
19  63  37  50  -4  15   0 0.00  0.0    0  7.6 15 210   M    M   1 1      22 210
20  69  50  60   7   5   0 0.00  0.0    0  9.3 20 330   M    M   0        27 340
21  64  40  52  -1  13   0 0.00  0.0    0  7.3 14  60   M    M   0        17  50
================================================================================
SM 1340  963       208   0  5.99     0.0 189.2          M       96
================================================================================
AV 63.8 45.9                               9.0 FASTST   M    M   5    MAX(MPH)
                                 MISC ---->  # 28 320               # 36  290
================================================================================
NOTES:
# LAST OF SEVERAL OCCURRENCES

COLUMN 17 PEAK WIND IN M.P.H.

PRELIMINARY LOCAL CLIMATOLOGICAL DATA (WS FORM: F-6) , PAGE 2

                                          STATION:  QUINCY IL
                                          MONTH:    OCTOBER
                                          YEAR:     2014
                                          LATITUDE:   39 57 N
                                          LONGITUDE:  91 12 W

[TEMPERATURE DATA]      [PRECIPITATION DATA]       SYMBOLS USED IN COLUMN 16

AVERAGE MONTHLY: 54.8   TOTAL FOR MONTH:   5.99    1 = FOG OR MIST
DPTR FM NORMAL:  -1.5   DPTR FM NORMAL:    3.94    2 = FOG REDUCING VISIBILITY
HIGHEST:    74 ON  7    GRTST 24HR  2.57 ON  1- 2      TO 1/4 MILE OR LESS
LOWEST:     37 ON 19, 5                            3 = THUNDER
                        SNOW, ICE PELLETS, HAIL    4 = ICE PELLETS
                        TOTAL MONTH:   0.0 INCH    5 = HAIL
                        GRTST 24HR     0.0         6 = FREEZING RAIN OR DRIZZLE
                        GRTST DEPTH:   0           7 = DUSTSTORM OR SANDSTORM:
                                                       VSBY 1/2 MILE OR LESS
                                                   8 = SMOKE OR HAZE
[NO. OF DAYS WITH]      [WEATHER - DAYS WITH]      9 = BLOWING SNOW
                                                   X = TORNADO
MAX 32 OR BELOW:   0    0.01 INCH OR MORE:   9
MAX 90 OR ABOVE:   0    0.10 INCH OR MORE:   6
MIN 32 OR BELOW:   0    0.50 INCH OR MORE:   4
MIN  0 OR BELOW:   0    1.00 INCH OR MORE:   3

[HDD (BASE 65) ]
TOTAL THIS MO.   208    CLEAR  (SCALE 0-3)   8
DPTR FM NORMAL    11    PTCLDY (SCALE 4-7)   7
TOTAL FM JUL 1   300    CLOUDY (SCALE 8-10)  6
DPTR FM NORMAL    16

[CDD (BASE 65) ]
TOTAL THIS MO.     0
DPTR FM NORMAL   -14    [PRESSURE DATA]
TOTAL FM JAN 1  1016    HIGHEST SLP M ON M
DPTR FM NORMAL   -74    LOWEST  SLP 29.42 ON 14

[REMARKS]
