931
CXUS53 KSGF 310800
CF6UNO
PRELIMINARY LOCAL CLIMATOLOGICAL DATA (WS FORM: F-6)

                                          STATION:   WEST PLAINS MO
                                          MONTH:     MAY
                                          YEAR:      2016
                                          LATITUDE:   36 52 N
                                          LONGITUDE:  91 55 W

  TEMPERATURE IN F:       :PCPN:    SNOW:  WIND      :SUNSHINE: SKY     :PK WND
================================================================================
1   2   3   4   5  6A  6B    7    8   9   10  11  12  13   14  15   16   17  18
                                     12Z  AVG MX 2MIN
DY MAX MIN AVG DEP HDD CDD  WTR  SNW DPTH SPD SPD DIR MIN PSBL S-S WX    SPD DR
================================================================================

 1  74  52  63   1   2   0    M    M    M  6.1 14 280   M    M   2 12     19 280
 2  64  49  57  -5   8   0    M    M    M  7.6 15  10   M    M   5        19 320
 3  67  46  57  -5   8   0 0.00    M    M  5.9 14 310   M    M   5        22 320
 4  73  44  59  -3   6   0 0.00    M    M 10.2 23 330   M    M   1        31 320
 5  71  44  58  -5   7   0 0.00    M    M  7.7 21 320   M    M   0        28 360
 6  79  40  60  -3   5   0 0.00    M    M  3.8 10 310   M    M   0        14 330
 7  85  54  70   7   0   5 0.00    M    M  7.5 17 250   M    M   0        25 250
 8  80  58  69   6   0   4 0.00    M    M  8.0 18 190   M    M   0        25 170
 9  69  58  64   0   1   0 1.90  0.0    0  8.8 21 260   M    M   7 13     34 220
10  82  57  70   6   0   5 0.00  0.0    0  6.5 13 260   M    M   6 13     18 230
11  84  63  74  10   0   9 0.23  0.0    0  6.5 20 270   M    M   4 1238   26 250
12  75  50  63  -1   2   0 0.31    M    M  7.0 25 330   M    M   4 13     37 320
13  77  46  62  -3   3   0 0.00    M    M  5.3 13 230   M    M   0        18 220
14  63  43  53 -12  12   0 0.00    M    M 10.2 21 350   M    M   2        31 340
15  66  39  53 -12  12   0 0.00    M    M  2.9 12  50   M    M   1        16  40
16  58  51  55 -10  10   0 0.69    M    M  6.6 16 320   M    M  10 1      20 320
17  54  50  52 -14  13   0 0.32    M    M  8.8 16  40   M    M  10 1      23  40
18  67  48  58  -8   7   0 0.00    M    M  6.9 16  30   M    M   8        22  30
19  69  44  57  -9   8   0 0.10    M    M  4.9 14 100   M    M   3 1      18  90
20  68  52  60  -6   5   0 0.21    M    M  3.8  9  10   M    M  10 1      13 340
21  75  53  64  -3   1   0 0.00  0.0    0  3.9 12  10   M    M   2        17  30
22  78  49  64  -3   1   0 0.00    M    M  2.0  9 180   M    M   1        13  60
23  79  48  64  -3   1   0    T    M    M  5.2 16 170   M    M   2        24 210
24  72  61  67  -1   0   2 0.95    M    M  5.3 14  60   M    M   7 13     23  80
25  77  58  68   0   0   3 0.20    M    M  6.5 26 120   M    M   2 13     32 110
26  85  68  77   9   0  12 0.03    M    M 10.1 22 180   M    M   6 18     31 180
27  77  67  72   4   0   7 1.57    M    M  9.7 20 180   M    M   9 13     27 190
28  82  66  74   5   0   9 0.00    M    M  7.9 15 180   M    M   4        24 150
29  83  63  73   4   0   8 0.00    M    M  2.3  9 340   M    M   1 1      14 300
30  83  59  71   2   0   6 0.21    M    M  2.6 18 220   M    M   3 13     29 200
================================================================================
SM 2216 1580       112  70  6.72     0.0 190.5          M      115
================================================================================
AV 73.9 52.7                               6.3 FASTST   M    M   4    MAX(MPH)
                                 MISC ---->  # 26 120               # 37  320
================================================================================
NOTES:
# LAST OF SEVERAL OCCURRENCES

COLUMN 17 PEAK WIND IN M.P.H.

PRELIMINARY LOCAL CLIMATOLOGICAL DATA (WS FORM: F-6) , PAGE 2

                                          STATION:  WEST PLAINS MO
                                          MONTH:    MAY
                                          YEAR:     2016
                                          LATITUDE:   36 52 N
                                          LONGITUDE:  91 55 W

[TEMPERATURE DATA]      [PRECIPITATION DATA]       SYMBOLS USED IN COLUMN 16

AVERAGE MONTHLY: 63.3   TOTAL FOR MONTH:   6.72    1 = FOG OR MIST
DPTR FM NORMAL:  -2.1   DPTR FM NORMAL:    1.93    2 = FOG REDUCING VISIBILITY
HIGHEST:    85 ON 26, 7 GRTST 24HR  1.90 ON  9- 9      TO 1/4 MILE OR LESS
LOWEST:     39 ON 15                               3 = THUNDER
                        SNOW, ICE PELLETS, HAIL    4 = ICE PELLETS
                        TOTAL MONTH:   0.0 INCH    5 = HAIL
                        GRTST 24HR     0.0         6 = FREEZING RAIN OR DRIZZLE
                        GRTST DEPTH:   0           7 = DUSTSTORM OR SANDSTORM:
                                                       VSBY 1/2 MILE OR LESS
                                                   8 = SMOKE OR HAZE
[NO. OF DAYS WITH]      [WEATHER - DAYS WITH]      9 = BLOWING SNOW
                                                   X = TORNADO
MAX 32 OR BELOW:   0    0.01 INCH OR MORE:  12
MAX 90 OR ABOVE:   0    0.10 INCH OR MORE:  11
MIN 32 OR BELOW:   0    0.50 INCH OR MORE:   4
MIN  0 OR BELOW:   0    1.00 INCH OR MORE:   2

[HDD (BASE 65) ]
TOTAL THIS MO.   112    CLEAR  (SCALE 0-3)  14
DPTR FM NORMAL    32    PTCLDY (SCALE 4-7)  11
TOTAL FM JUL 1  3525    CLOUDY (SCALE 8-10)  5
DPTR FM NORMAL  -817

[CDD (BASE 65) ]
TOTAL THIS MO.    70
DPTR FM NORMAL   -19    [PRESSURE DATA]
TOTAL FM JAN 1    86    HIGHEST SLP M ON M
DPTR FM NORMAL   -31    LOWEST  SLP 29.62 ON  9

[REMARKS]
