000
CXUS53 KUNR 240945
CF6UNR
PRELIMINARY LOCAL CLIMATOLOGICAL DATA (WS FORM: F-6)

                                          STATION:   EAST RAPID CITY SD
                                          MONTH:     MAY
                                          YEAR:      2015
                                          LATITUDE:   44  4 N
                                          LONGITUDE: 103 13 W

  TEMPERATURE IN F:       :PCPN:    SNOW:  WIND      :SUNSHINE: SKY     :PK WND
================================================================================
1   2   3   4   5  6A  6B    7    8   9   10  11  12  13   14  15   16   17  18
                                     12Z  AVG MX 2MIN
DY MAX MIN AVG DEP HDD CDD  WTR  SNW DPTH SPD SPD DIR MIN PSBL S-S WX    SPD DR
================================================================================

 1  73  43  58   7   7   0 0.00  0.0    0  6.9 15 100   M    M   M        21 100
 2  83  50  67  16   0   2 0.00  0.0    0  8.6 29 360   M    M   M        39 360
 3  66  51  59   8   6   0 0.00  0.0    0 10.9 21  20   M    M   M        30 360
 4  57  43  50  -2  15   0 0.34  0.0    0  7.7 21 140   M    M   M        26 140
 5  63  39  51  -1  14   0    T  0.0    0 10.1 22 130   M    M   M        29 170
 6  66  49  58   6   7   0 0.19  0.0    0 12.3 30 320   M    M   M        44 320
 7  53  45  49  -4  16   0    T  0.0    0 16.2 29 320   M    M   M        40 320
 8  53  44  49  -4  16   0 0.06  0.0    0  6.1 13 310   M    M   M        22 300
 9  46  31  39 -15  26   0 1.26  6.5    0  9.1 20 350   M    M   M        28 350
10  36  30  33 -21  32   0 0.67  7.1    7 22.3 34 330   M    M   M 9      49 330
11  54  35  45  -9  20   0 0.00  0.0    5 12.1 23 320   M    M   M        33 330
12  69  32  51  -4  14   0 0.00  0.0    T 11.0 22 150   M    M   M        31 160
13  59  47  53  -2  12   0 0.08  0.0    0  6.4 17  10   M    M   M        24 330
14  62  47  55   0  10   0    T  0.0    0 11.2 26  10   M    M   M        35  10
15  52  46  49  -7  16   0 1.44  0.0    0  6.8 23  20   M    M   M 123    29  20
16  72  47  60   4   5   0 0.02  0.0    0  7.1 23 360   M    M   M 12     30 360
17  60  39  50  -6  15   0 0.01  0.0    0 20.1 34 330   M    M   M 3      49 320
18  54  35  45 -11  20   0 0.00  0.0    0 11.0 23  10   M    M   M        32  10
19  44  34  39 -18  26   0 0.26    T    0  5.8 13 180   M    M   M        16 180
20  55  34  45 -12  20   0 0.04    T    0  5.0 10 200   M    M   M        16 260
21  62  40  51  -6  14   0 0.00  0.0    0  7.9 20 140   M    M   M        25 130
22  59  46  53  -5  12   0 0.00  0.0    0  9.3 18 140   M    M   M        26 170
23  57  46  52  -6  13   0 0.20  0.0    0  8.4 14 120   M    M   M        20 140
================================================================================
SM 1355  953       336   2  4.57    13.6 232.3          M        M
================================================================================
AV 58.9 41.4                              10.1 FASTST   M    M   6    MAX(MPH)
                                 MISC ---->  # 34 330               # 49  330
================================================================================
NOTES:
# LAST OF SEVERAL OCCURRENCES

COLUMN 17 PEAK WIND IN M.P.H.

PRELIMINARY LOCAL CLIMATOLOGICAL DATA (WS FORM: F-6) , PAGE 2

                                          STATION:  EAST RAPID CITY SD
                                          MONTH:    MAY
                                          YEAR:     2015
                                          LATITUDE:   44  4 N
                                          LONGITUDE: 103 13 W

[TEMPERATURE DATA]      [PRECIPITATION DATA]       SYMBOLS USED IN COLUMN 16

AVERAGE MONTHLY: 50.2   TOTAL FOR MONTH:   4.57    1 = FOG OR MIST
DPTR FM NORMAL:  -4.3   DPTR FM NORMAL:    1.58    2 = FOG REDUCING VISIBILITY
HIGHEST:    83 ON  2    GRTST 24HR  1.44 ON 15-15      TO 1/4 MILE OR LESS
LOWEST:     30 ON 10                               3 = THUNDER
                        SNOW, ICE PELLETS, HAIL    4 = ICE PELLETS
                        TOTAL MONTH:  13.6 INCHES  5 = HAIL
                        GRTST 24HR   7.1 ON   M    6 = FREEZING RAIN OR DRIZZLE
                        GRTST DEPTH:   7 ON 10     7 = DUSTSTORM OR SANDSTORM:
                                                       VSBY 1/2 MILE OR LESS
                                                   8 = SMOKE OR HAZE
[NO. OF DAYS WITH]      [WEATHER - DAYS WITH]      9 = BLOWING SNOW
                                                   X = TORNADO
MAX 32 OR BELOW:   0    0.01 INCH OR MORE:  12
MAX 90 OR ABOVE:   0    0.10 INCH OR MORE:   7
MIN 32 OR BELOW:   3    0.50 INCH OR MORE:   3
MIN  0 OR BELOW:   0    1.00 INCH OR MORE:   2

[HDD (BASE 65) ]
TOTAL THIS MO.   336    CLEAR  (SCALE 0-3)   0
DPTR FM NORMAL    83    PTCLDY (SCALE 4-7)   0
TOTAL FM JUL 1  6171    CLOUDY (SCALE 8-10)  0
DPTR FM NORMAL  -548

[CDD (BASE 65) ]
TOTAL THIS MO.     2
DPTR FM NORMAL    -5    [PRESSURE DATA]
TOTAL FM JAN 1     8    HIGHEST SLP M ON M
DPTR FM NORMAL     0    LOWEST  SLP 29.30 ON 16

[REMARKS]
