000
CXUS54 KEWX 290910
CF6UVA
PRELIMINARY LOCAL CLIMATOLOGICAL DATA (WS FORM: F-6)

                                          STATION:   UVALDE
                                          MONTH:     AUGUST
                                          YEAR:      2015
                                          LATITUDE:   29 12 N
                                          LONGITUDE:  99 44 W

  TEMPERATURE IN F:       :PCPN:    SNOW:  WIND      :SUNSHINE: SKY     :PK WND
================================================================================
1   2   3   4   5  6A  6B    7    8   9   10  11  12  13   14  15   16   17  18
                                     12Z  AVG MX 2MIN
DY MAX MIN AVG DEP HDD CDD  WTR  SNW DPTH SPD SPD DIR MIN PSBL S-S WX    SPD DR
================================================================================

 1  98  73  86   M   0  21 0.00  0.0    0  5.5 12 120   M    M   1        20 120
 2  97  70  84   M   0  19 0.00  0.0    0  5.5 10 120   M    M   0        18 110
 3  97  70  84   M   0  19 0.00  0.0    0  5.9 13 120   M    M   0        18  90
 4  99  74  87   M   0  22 0.00  0.0    0  7.0 14 130   M    M   2        18 100
 5 100  74  87   M   0  22 0.00  0.0    0  7.2 20 140   M    M   1 1      24 140
 6  99  73  86   M   0  21 0.00  0.0    0  8.3 17 120   M    M   1        24 120
 7 100  73  87   M   0  22 0.00  0.0    0  8.6 15 130   M    M   2        21 120
 8 101  74  88   M   0  23 0.00    M    M  8.4 15 120   M    M   2        20 120
 9 100  73  87   M   0  22 0.00    M    M  7.7 16 120   M    M   2        22 120
10 101  74  88   M   0  23 0.00    M    M  6.1 12 140   M    M   2        16 140
11 102  70  86   M   0  21 0.00  0.0    0  5.8 14 120   M    M   0        18 100
12 102  75  89   M   0  24 0.02  0.0    0  4.7 17  50   M    M   1 3      23  40
13 101  73  87   M   0  22 0.13    M    0  3.5 18  20   M    M   0        23  20
14 101  73  87   M   0  22 0.00  0.0    0  5.7 14 350   M    M   0        23  40
15  94  74  84   M   0  19 0.00  0.0    0  4.6  7 130   M    M   0         M  M
16  98  70  84   M   0  19 0.00  0.0    0  6.1 14  80   M    M   0        17  90
17  96  70  83   M   0  18 0.00  0.0    0  6.0 13 130   M    M   0        16 130
18  99  70  85   M   0  20 0.00  0.0    0  8.1 16 120   M    M   1        24 120
19  99  76  88   M   0  23 0.00  0.0    0  8.1 14 130   M    M   2        18 130
20  92  73  83   M   0  18 0.00  0.0    0  6.5 18 130   M    M   4 3      30 130
21  94  72  83   M   0  18 0.00  0.0    0  8.1 14 110   M    M   5        17 160
22  99  75  87   M   0  22 0.00    M    M 10.9 18 130   M    M   2        25 130
23  99  74  87   M   0  22 0.00    M    M  9.2 15 130   M    M   1        28 130
24  99  71  85   M   0  20 0.00  0.0    0  5.5 12 140   M    M   0         M  M
25 100  71  86   M   0  21 0.00  0.0    0  4.7 10 130   M    M   0 3      16 130
26  96  72  84   M   0  19 0.00  0.0    0  5.4  9 150   M    M   1        16 120
27  96  70  83   M   0  18 0.00  0.0    0  5.0  9 180   M    M   0         M  M
28  96  64  80   M   0  15 0.00  0.0    0  5.1 10 130   M    M   0        16  80
================================================================================
SM 2755 2021         0 575  0.15     0.0 183.2          M       30
================================================================================
AV 98.4 72.2                               6.5 FASTST   M    M   1    MAX(MPH)
                                 MISC ---->    20   M                 30    M
================================================================================
NOTES:
# LAST OF SEVERAL OCCURRENCES

COLUMN 17 PEAK WIND IN M.P.H.

PRELIMINARY LOCAL CLIMATOLOGICAL DATA (WS FORM: F-6) , PAGE 2

                                          STATION:  UVALDE
                                          MONTH:    AUGUST
                                          YEAR:     2015
                                          LATITUDE:   29 12 N
                                          LONGITUDE:  99 44 W

[TEMPERATURE DATA]      [PRECIPITATION DATA]       SYMBOLS USED IN COLUMN 16

AVERAGE MONTHLY: 85.3   TOTAL FOR MONTH:   0.15    1 = FOG OR MIST
DPTR FM NORMAL:     M   DPTR FM NORMAL:       M    2 = FOG REDUCING VISIBILITY
HIGHEST:   102 ON 12,11 GRTST 24HR  0.13 ON 13-13      TO 1/4 MILE OR LESS
LOWEST:     64 ON 28                               3 = THUNDER
                        SNOW, ICE PELLETS, HAIL    4 = ICE PELLETS
                        TOTAL MONTH:   0.0 INCH    5 = HAIL
                        GRTST 24HR     0.0         6 = FREEZING RAIN OR DRIZZLE
                        GRTST DEPTH:   0           7 = DUSTSTORM OR SANDSTORM:
                                                       VSBY 1/2 MILE OR LESS
                                                   8 = SMOKE OR HAZE
[NO. OF DAYS WITH]      [WEATHER - DAYS WITH]      9 = BLOWING SNOW
                                                   X = TORNADO
MAX 32 OR BELOW:   0    0.01 INCH OR MORE:   2
MAX 90 OR ABOVE:  28    0.10 INCH OR MORE:   1
MIN 32 OR BELOW:   0    0.50 INCH OR MORE:   0
MIN  0 OR BELOW:   0    1.00 INCH OR MORE:   0

[HDD (BASE 65) ]
TOTAL THIS MO.     0    CLEAR  (SCALE 0-3)  26
DPTR FM NORMAL     M    PTCLDY (SCALE 4-7)   2
TOTAL FM JUL 1     0    CLOUDY (SCALE 8-10)  0
DPTR FM NORMAL     M

[CDD (BASE 65) ]
TOTAL THIS MO.   575
DPTR FM NORMAL     M    [PRESSURE DATA]
TOTAL FM JAN 1  2078    HIGHEST SLP M ON M
DPTR FM NORMAL     M    LOWEST  SLP M ON M

[REMARKS]
