000
CXUS55 KGJT 261000
CF6VEL
PRELIMINARY LOCAL CLIMATOLOGICAL DATA (WS FORM: F-6)

                                          STATION:   VERNAL UT
                                          MONTH:     SEPTEMBER
                                          YEAR:      2016
                                          LATITUDE:   40 27 N
                                          LONGITUDE: 109 31 W

  TEMPERATURE IN F:       :PCPN:    SNOW:  WIND      :SUNSHINE: SKY     :PK WND
================================================================================
1   2   3   4   5  6A  6B    7    8   9   10  11  12  13   14  15   16   17  18
                                     12Z  AVG MX 2MIN
DY MAX MIN AVG DEP HDD CDD  WTR  SNW DPTH SPD SPD DIR MIN PSBL S-S WX    SPD DR
================================================================================

 1  90  52  71   5   0   6    T    M    M  7.2 28 270   M    M   1        35 290
 2  85  59  72   6   0   7    T    M    M  5.9 25 280   M    M   3 3      36 270
 3  86  55  71   6   0   6 0.53    M    M  6.9 30 280   M    M   4 13     40 300
 4  76  56  66   1   0   1 0.25    M    M  5.2 22 200   M    M   4 13     27 200
 5  77  51  64   0   1   0 0.00    M    M  2.7 14  20   M    M   0        21  10
 6  81  47  64   0   1   0 0.00    M    M  4.3 14 200   M    M   0        19 180
 7  83  45  64   0   1   0 0.00    M    M  6.0 20 260   M    M   0        26 260
 8  85  46  66   3   0   1 0.00    M    M  7.0 25 250   M    M   0        34 240
 9  79  44  62  -1   3   0 0.00    M    M  6.1 18 120   M    M   0        27 130
10  80  41  61  -1   4   0 0.00    M    M  4.6 12 270   M    M   0        15 110
11  86  44  65   3   0   0 0.00    M    M  5.9 23 220   M    M   0        31 230
12  84  52  68   6   0   3 0.00    M    M  7.2 32 200   M    M   2 8      42 200
13  80  54  67   6   0   2 0.10    M    M  8.1 37 240   M    M   3 3      51 250
14  70  50  60  -1   5   0 0.62    M    M  5.0 29 210   M    M   6 13     35 200
15  67  45  56  -4   9   0 0.00    M    M  3.5 10  10   M    M   3        14 360
16  69  43  56  -4   9   0 0.00    M    M  3.7  8 300   M    M   2        12 180
17  74  41  58  -2   7   0 0.00    M    M  4.0 10 120   M    M   0        14 200
18  80  44  62   3   3   0 0.00    M    M  4.2 10 280   M    M   0        11 110
19  84  45  65   6   0   0 0.00    M    M  4.4 12 250   M    M   0        12 250
20  81  49  65   7   0   0 0.00    M    M  5.8 24 210   M    M   0        31 200
21  71  46  59   1   6   0    T    M    M  4.7 15 290   M    M   5        18 210
22  60  50  55  -3  10   0 2.44    M    M  5.0 33 240   M    M   9 123    43 240
23  57  45  51  -6  14   0 0.03    M    M  6.2 25 260   M    M   7        32 260
24  59  43  51  -6  14   0 0.03    M    M  4.4 15 360   M    M   9        20 230
25  62  37  50  -6  15   0 0.00    M    M  4.5 12 250   M    M   0        15 260
================================================================================
SM 1906 1184       102  26  4.00    M    132.5          M       58
================================================================================
AV 76.2 47.4                               5.3 FASTST   M    M   2    MAX(MPH)
                                 MISC ---->  # 37 240               # 51  250
================================================================================
NOTES:
# LAST OF SEVERAL OCCURRENCES

COLUMN 17 PEAK WIND IN M.P.H.

PRELIMINARY LOCAL CLIMATOLOGICAL DATA (WS FORM: F-6) , PAGE 2

                                          STATION:  VERNAL UT
                                          MONTH:    SEPTEMBER
                                          YEAR:     2016
                                          LATITUDE:   40 27 N
                                          LONGITUDE: 109 31 W

[TEMPERATURE DATA]      [PRECIPITATION DATA]       SYMBOLS USED IN COLUMN 16

AVERAGE MONTHLY: 61.8   TOTAL FOR MONTH:   4.00    1 = FOG OR MIST
DPTR FM NORMAL:   0.6   DPTR FM NORMAL:    3.12    2 = FOG REDUCING VISIBILITY
HIGHEST:    90 ON  1    GRTST 24HR  2.44 ON 22-22      TO 1/4 MILE OR LESS
LOWEST:     37 ON 25                               3 = THUNDER
                        SNOW, ICE PELLETS, HAIL    4 = ICE PELLETS
                        TOTAL MONTH:    M          5 = HAIL
                        GRTST 24HR    M  ON   M    6 = FREEZING RAIN OR DRIZZLE
                        GRTST DEPTH:  M  ON   M    7 = DUSTSTORM OR SANDSTORM:
                                                       VSBY 1/2 MILE OR LESS
                                                   8 = SMOKE OR HAZE
[NO. OF DAYS WITH]      [WEATHER - DAYS WITH]      9 = BLOWING SNOW
                                                   X = TORNADO
MAX 32 OR BELOW:   0    0.01 INCH OR MORE:   7
MAX 90 OR ABOVE:   1    0.10 INCH OR MORE:   5
MIN 32 OR BELOW:   0    0.50 INCH OR MORE:   3
MIN  0 OR BELOW:   0    1.00 INCH OR MORE:   1

[HDD (BASE 65) ]
TOTAL THIS MO.   102    CLEAR  (SCALE 0-3)  18
DPTR FM NORMAL   -15    PTCLDY (SCALE 4-7)   5
TOTAL FM JUL 1   112    CLOUDY (SCALE 8-10)  2
DPTR FM NORMAL   -21

[CDD (BASE 65) ]
TOTAL THIS MO.    26
DPTR FM NORMAL     6    [PRESSURE DATA]
TOTAL FM JAN 1   735    HIGHEST SLP M ON M
DPTR FM NORMAL   226    LOWEST  SLP 29.45 ON 23

[REMARKS]
