000
CXUS53 KSGF 300800
CF6VIH
PRELIMINARY LOCAL CLIMATOLOGICAL DATA (WS FORM: F-6)

                                          STATION:   VICHY-ROLLA MO
                                          MONTH:     AUGUST
                                          YEAR:      2015
                                          LATITUDE:   38  7 N
                                          LONGITUDE:  91 46 W

  TEMPERATURE IN F:       :PCPN:    SNOW:  WIND      :SUNSHINE: SKY     :PK WND
================================================================================
1   2   3   4   5  6A  6B    7    8   9   10  11  12  13   14  15   16   17  18
                                     12Z  AVG MX 2MIN
DY MAX MIN AVG DEP HDD CDD  WTR  SNW DPTH SPD SPD DIR MIN PSBL S-S WX    SPD DR
================================================================================

 1  90  63  77  -1   0  12 0.00    M    M  4.6 14 280   M    M   1        18 290
 2  92  67  80   2   0  15 0.00    M    M  8.1 14 340   M    M   0        20 270
 3  89  67  78   0   0  13 0.00    M    M  6.6 13 270   M    M   1 8      18 290
 4  90  67  79   1   0  14    T    M    M  5.4 23 220   M    M   1 13     29 230
 5  75  68  72  -6   0   7 1.23    M    M  4.9 13 200   M    M   7 1      14 100
 6  84  68  76  -2   0  11 0.00    M    M  6.2  9 350   M    M   6 1       M  M
 7  87  67  77  -1   0  12 0.00    M    M  5.8 12 190   M    M   2 1      14 190
 8  85  68  77   0   0  12 0.00    M    M  6.3 18 140   M    M   4 12     25 130
 9  92  70  81   4   0  16 0.15    M    M  7.6 33 310   M    M   1 138    51 320
10  86  71  79   2   0  14 0.19    M    M  8.2 21 210   M    M   3 13     25 210
11  83  63  73  -4   0   8 0.00    M    M  6.7 17 360   M    M   1        21 360
12  83  57  70  -7   0   5 0.00    M    M  2.1 10  30   M    M   1        13 350
13  84  60  72  -5   0   7 0.00    M    M  3.3  9 250   M    M   2        13 210
14  85  62  74  -3   0   9 0.00    M    M  4.0 10  70   M    M   0 8      14  50
15  87  61  74  -3   0   9 0.00    M    M  4.1 10  90   M    M   0 1      14 110
16  87  66  77   0   0  12 0.00    M    M  7.2 13 180   M    M   0 1      17 140
17  88  68  78   1   0  13 0.09    M    M  6.3 16 330   M    M   2 138    20 330
18  87  68  78   2   0  13 0.32    M    M  9.7 14 180   M    M   4 13     18 180
19  73  54  64 -12   1   0 0.20    M    M  9.3 17 300   M    M   4 13     21 280
20  80  53  67  -9   0   2 0.00    M    M  7.3 13 260   M    M   0        17 290
21  79  55  67  -9   0   2 0.00    M    M  8.6 17 160   M    M   0        22 170
22  76  64  70  -6   0   5 0.05    M    M  8.4 25 180   M    M   6 13     32 180
23  78  56  67  -9   0   2 0.01    M    M 10.3 21 310   M    M   3 13     27 320
24  79  49  64 -11   1   0 0.00    M    M  6.5 16 330   M    M   0        20 340
25  80  49  65 -10   0   0 0.00    M    M  4.6 12 350   M    M   0        20 350
26  80  50  65 -10   0   0 0.00    M    M  3.2 12 330   M    M   0        15 360
27  79  54  67  -8   0   2 0.00    M    M  6.9 13 200   M    M   0        16 200
28  81  59  70  -4   0   5    T    M    M 10.1 18 170   M    M   0        23 170
29  83  65  74   0   0   9 0.15    M    M  9.1 15 220   M    M   7 13     19 180
================================================================================
SM 2422 1789         2 229  2.39    M    191.4          M       56
================================================================================
AV 83.5 61.7                               6.6 FASTST   M    M   2    MAX(MPH)
                                 MISC ---->  # 33 310               # 51  320
================================================================================
NOTES:
# LAST OF SEVERAL OCCURRENCES

COLUMN 17 PEAK WIND IN M.P.H.

PRELIMINARY LOCAL CLIMATOLOGICAL DATA (WS FORM: F-6) , PAGE 2

                                          STATION:  VICHY-ROLLA MO
                                          MONTH:    AUGUST
                                          YEAR:     2015
                                          LATITUDE:   38  7 N
                                          LONGITUDE:  91 46 W

[TEMPERATURE DATA]      [PRECIPITATION DATA]       SYMBOLS USED IN COLUMN 16

AVERAGE MONTHLY: 72.6   TOTAL FOR MONTH:   2.39    1 = FOG OR MIST
DPTR FM NORMAL:  -3.9   DPTR FM NORMAL:   -1.04    2 = FOG REDUCING VISIBILITY
HIGHEST:    92 ON  9, 2 GRTST 24HR  1.23 ON  5- 5      TO 1/4 MILE OR LESS
LOWEST:     49 ON 25,24                            3 = THUNDER
                        SNOW, ICE PELLETS, HAIL    4 = ICE PELLETS
                        TOTAL MONTH:    M          5 = HAIL
                        GRTST 24HR    M  ON   M    6 = FREEZING RAIN OR DRIZZLE
                        GRTST DEPTH:  M  ON   M    7 = DUSTSTORM OR SANDSTORM:
                                                       VSBY 1/2 MILE OR LESS
                                                   8 = SMOKE OR HAZE
[NO. OF DAYS WITH]      [WEATHER - DAYS WITH]      9 = BLOWING SNOW
                                                   X = TORNADO
MAX 32 OR BELOW:   0    0.01 INCH OR MORE:   9
MAX 90 OR ABOVE:   4    0.10 INCH OR MORE:   6
MIN 32 OR BELOW:   0    0.50 INCH OR MORE:   1
MIN  0 OR BELOW:   0    1.00 INCH OR MORE:   1

[HDD (BASE 65) ]
TOTAL THIS MO.     2    CLEAR  (SCALE 0-3)  22
DPTR FM NORMAL     2    PTCLDY (SCALE 4-7)   7
TOTAL FM JUL 1     2    CLOUDY (SCALE 8-10)  0
DPTR FM NORMAL     1

[CDD (BASE 65) ]
TOTAL THIS MO.   229
DPTR FM NORMAL  -107    [PRESSURE DATA]
TOTAL FM JAN 1   987    HIGHEST SLP M ON M
DPTR FM NORMAL   -73    LOWEST  SLP 29.67 ON 18

[REMARKS]
