529
CXUS55 KLOX 221155
CF6VNY
PRELIMINARY LOCAL CLIMATOLOGICAL DATA (WS FORM: F-6)

                                          STATION:   VAN NUYS AIRPORT CA
                                          MONTH:     FEBRUARY
                                          YEAR:      2017
                                          LATITUDE:   34 13 N
                                          LONGITUDE: 118 29 W

  TEMPERATURE IN F:       :PCPN:    SNOW:  WIND      :SUNSHINE: SKY     :PK WND
================================================================================
1   2   3   4   5  6A  6B    7    8   9   10  11  12  13   14  15   16   17  18
                                     12Z  AVG MX 2MIN
DY MAX MIN AVG DEP HDD CDD  WTR  SNW DPTH SPD SPD DIR MIN PSBL S-S WX    SPD DR
================================================================================

 1  70  41  56   1   9   0 0.00  0.0    0  3.3 13 170   M    M   0 1      16 180
 2  66  49  58   3   7   0    T    M    0  2.1  9 160   M    M   8 18     11  60
 3  58  52  55   0  10   0 0.30  0.0    0  3.5 10 100   M    M  10 1      13 120
 4  65  50  58   3   7   0 0.00  0.0    0  2.4 10 170   M    M   4 12     15 320
 5  56  44  50  -5  15   0    T    M    0  2.3  8 140   M    M   9 128    11 130
 6  58  51  55   0  10   0 0.67  0.0    0  7.8 16 130   M    M  10 1      21 140
 7  65  56  61   6   4   0 0.25  0.0    0  4.4 12 110   M    M  10 1      14 110
 8  74  58  66  11   0   1 0.06  0.0    0  2.0  9 150   M    M   5 1      11 150
 9  80  53  67  12   0   2 0.00  0.0    0  1.8  7 270   M    M   3 12     12 260
10  64  54  59   3   6   0    M  0.0    0  2.5  8 130   M    M   5 1      11 310
11  67  51  59   3   6   0    M  0.0    0  4.4 18 150   M    M   8 13     20 150
12  72  48  60   4   5   0 0.00  0.0    0 11.7 28  20   M    M   1        35  20
13  76  58  67  11   0   2 0.00  0.0    0  7.2 21  10   M    M   0        24  10
14  74  54  64   8   1   0 0.00  0.0    0  2.2  9 130   M    M   1         M  M
15  79  46  63   7   2   0 0.00  0.0    0  2.6 12 170   M    M   0        15 150
16  71  47  59   3   6   0 0.01    M    0  2.7  9 150   M    M   5        13 130
17  56  50  53  -3  12   0 3.25  0.0    0 13.9 35 150   M    M   9 1      52 150
18  60  49  55  -1  10   0 0.10    M    0  5.5 14 110   M    M   8 1      18 100
19  58  47  53  -3  12   0 0.09    M    0  4.8 13 150   M    M   9 1      17 140
20  58  50  54  -2  11   0 0.12  0.0    0  6.0 13 160   M    M  10 1      17 150
21  63  53  58   2   7   0 0.03  0.0    0  1.8  8  30   M    M   9 1      10  40
================================================================================
SM 1390 1061       140   5  4.88     0.0  94.9          M      124
================================================================================
AV 66.2 50.5                               4.5 FASTST   M    M   6    MAX(MPH)
                                 MISC ---->  # 35 150               # 52  150
================================================================================
NOTES:
# LAST OF SEVERAL OCCURRENCES

COLUMN 17 PEAK WIND IN M.P.H.

PRELIMINARY LOCAL CLIMATOLOGICAL DATA (WS FORM: F-6) , PAGE 2

                                          STATION:  VAN NUYS AIRPORT CA
                                          MONTH:    FEBRUARY
                                          YEAR:     2017
                                          LATITUDE:   34 13 N
                                          LONGITUDE: 118 29 W

[TEMPERATURE DATA]      [PRECIPITATION DATA]       SYMBOLS USED IN COLUMN 16

AVERAGE MONTHLY: 58.4   TOTAL FOR MONTH:   4.88    1 = FOG OR MIST
DPTR FM NORMAL:   2.8   DPTR FM NORMAL:    2.50    2 = FOG REDUCING VISIBILITY
HIGHEST:    80 ON  9    GRTST 24HR  3.33 ON 17-18      TO 1/4 MILE OR LESS
LOWEST:     41 ON  1                               3 = THUNDER
                        SNOW, ICE PELLETS, HAIL    4 = ICE PELLETS
                        TOTAL MONTH:   0.0 INCH    5 = HAIL
                        GRTST 24HR     0.0         6 = FREEZING RAIN OR DRIZZLE
                        GRTST DEPTH:   0           7 = DUSTSTORM OR SANDSTORM:
                                                       VSBY 1/2 MILE OR LESS
                                                   8 = SMOKE OR HAZE
[NO. OF DAYS WITH]      [WEATHER - DAYS WITH]      9 = BLOWING SNOW
                                                   X = TORNADO
MAX 32 OR BELOW:   0    0.01 INCH OR MORE:  10
MAX 90 OR ABOVE:   0    0.10 INCH OR MORE:   6
MIN 32 OR BELOW:   0    0.50 INCH OR MORE:   2
MIN  0 OR BELOW:   0    1.00 INCH OR MORE:   1

[HDD (BASE 65) ]
TOTAL THIS MO.   140    CLEAR  (SCALE 0-3)   6
DPTR FM NORMAL   -61    PTCLDY (SCALE 4-7)   6
TOTAL FM JUL 1   840    CLOUDY (SCALE 8-10)  9
DPTR FM NORMAL  -198

[CDD (BASE 65) ]
TOTAL THIS MO.     5
DPTR FM NORMAL     5    [PRESSURE DATA]
TOTAL FM JAN 1     7    HIGHEST SLP M ON M
DPTR FM NORMAL     1    LOWEST  SLP 29.72 ON 19

[REMARKS]
