000
CXUS51 KBTV 280700
CF6VSF
PRELIMINARY LOCAL CLIMATOLOGICAL DATA (WS FORM: F-6)

                                          STATION:   SPRINGFIELD VT
                                          MONTH:     MARCH
                                          YEAR:      2017
                                          LATITUDE:   43 19 N
                                          LONGITUDE:  72 31 W

  TEMPERATURE IN F:       :PCPN:    SNOW:  WIND      :SUNSHINE: SKY     :PK WND
================================================================================
1   2   3   4   5  6A  6B    7    8   9   10  11  12  13   14  15   16   17  18
                                     12Z  AVG MX 2MIN
DY MAX MIN AVG DEP HDD CDD  WTR  SNW DPTH SPD SPD DIR MIN PSBL S-S WX    SPD DR
================================================================================

 1  57  35  46  19  19   0    T    M    0  1.8  9 180   M    M   9 12     12 200
 2  52  23  38  11  27   0 0.04    M    0 12.7 28 270   M    M   4 1      43 270
 3  30  11  21  -6  44   0 0.01    M    0  8.3 18 250   M    M   3 18     28 270
 4  13   4   9 -19  56   0    T    M    0 10.4 24 300   M    M   2 89     35 290
 5  27   4  16 -12  49   0 0.00  0.0    0  6.3 20 350   M    M   0 8      30  10
 6  40   3  22  -6  43   0    T    M    0  0.8  7 150   M    M   4 8      10 170
 7   M   M   M   M   M   M 0.02    M    0  3.4  7 160   M    M  10 1       M  M
 8  51  32  42  13  23   0 0.02    M    0  4.7 29 250   M    M   6 1      44 250
 9  44  29  37   8  28   0    T    M    0 15.0 35 270   M    M   5        49 280
10  32  15  24  -6  41   0    T    M    0  6.3 21 290   M    M   6 8      32 270
11  15   1   8 -22  57   0    T    M    0 11.2 24 270   M    M  10 8      35 270
12  20   2  11 -19  54   0 0.00  0.0    0  9.8 22 290   M    M   0        31 270
13  27   4  16 -14  49   0 0.00  0.0    0  2.2 14 270   M    M   1        18 340
14  25  13  19 -12  46   0 0.86    M    0  5.9 18  30   M    M   9 128    32  30
15  24  12  18 -13  47   0    T    M    0 10.6 22 280   M    M   7 8      34 270
16  31  17  24  -7  41   0    T    M    0  8.5 20 290   M    M   7 8      29 300
17  39  15  27  -5  38   0 0.00  0.0    0  5.7 20 270   M    M   3        26 280
18  38   3  21 -11  44   0 0.00  0.0    0  2.8 14 100   M    M   0        19 110
19  44  24  34   2  31   0 0.00  0.0    0  3.5 10  10   M    M   5        16 340
20  49  18  34   1  31   0 0.00  0.0    0  4.1 15 280   M    M   1        20 270
21  49  27  38   5  27   0 0.00  0.0    0  3.5 16 270   M    M   7        23 280
22  37  14  26  -8  39   0    T    M    0 10.0 26 310   M    M   3 8      36 300
23  35  13  24 -10  41   0 0.00  0.0    0  6.9 24 280   M    M   0        32 270
24  33  19  26  -8  39   0 0.08    M    0  1.6 14 180   M    M   9 168    22 220
25  38  28  33  -2  32   0 0.12    M    0  1.3  7  20   M    M   8 1      10 360
26  37  19  28  -7  37   0    T    M    0  2.9 10 170   M    M   6        14 140
27  38  32  35  -1  30   0 0.55    M    0  1.0  9 170   M    M  10 1      13 170
================================================================================
SM  925  417      1013   0  1.70     0.0 161.2          M      135
================================================================================
AV 35.6 16.0                               6.0 FASTST   M    M   5    MAX(MPH)
                                 MISC ---->  # 35 270               # 49  280
================================================================================
NOTES:
# LAST OF SEVERAL OCCURRENCES

COLUMN 17 PEAK WIND IN M.P.H.

PRELIMINARY LOCAL CLIMATOLOGICAL DATA (WS FORM: F-6) , PAGE 2

                                          STATION:  SPRINGFIELD VT
                                          MONTH:    MARCH
                                          YEAR:     2017
                                          LATITUDE:   43 19 N
                                          LONGITUDE:  72 31 W

[TEMPERATURE DATA]      [PRECIPITATION DATA]       SYMBOLS USED IN COLUMN 16

AVERAGE MONTHLY: 25.8   TOTAL FOR MONTH:   1.70    1 = FOG OR MIST
DPTR FM NORMAL:  -5.1   DPTR FM NORMAL:   -1.06    2 = FOG REDUCING VISIBILITY
HIGHEST:    57 ON  1    GRTST 24HR  0.86 ON 14-14      TO 1/4 MILE OR LESS
LOWEST:      1 ON 11                               3 = THUNDER
                        SNOW, ICE PELLETS, HAIL    4 = ICE PELLETS
                        TOTAL MONTH:   0.0 INCH    5 = HAIL
                        GRTST 24HR     0.0         6 = FREEZING RAIN OR DRIZZLE
                        GRTST DEPTH:   0           7 = DUSTSTORM OR SANDSTORM:
                                                       VSBY 1/2 MILE OR LESS
                                                   8 = SMOKE OR HAZE
[NO. OF DAYS WITH]      [WEATHER - DAYS WITH]      9 = BLOWING SNOW
                                                   X = TORNADO
MAX 32 OR BELOW:  10    0.01 INCH OR MORE:   8
MAX 90 OR ABOVE:   0    0.10 INCH OR MORE:   3
MIN 32 OR BELOW:  25    0.50 INCH OR MORE:   2
MIN  0 OR BELOW:   0    1.00 INCH OR MORE:   0

[HDD (BASE 65) ]
TOTAL THIS MO.  1013    CLEAR  (SCALE 0-3)   9
DPTR FM NORMAL    91    PTCLDY (SCALE 4-7)  11
TOTAL FM JUL 1  5890    CLOUDY (SCALE 8-10)  7
DPTR FM NORMAL  -477

[CDD (BASE 65) ]
TOTAL THIS MO.     0
DPTR FM NORMAL     0    [PRESSURE DATA]
TOTAL FM JAN 1     0    HIGHEST SLP M ON M
DPTR FM NORMAL     0    LOWEST  SLP 29.21 ON  1

[REMARKS]
