000
CXUS56 KPQR 251230
CF6VUO
PRELIMINARY LOCAL CLIMATOLOGICAL DATA (WS FORM: F-6)

                                          STATION:   VANCOUVER WA
                                          MONTH:     OCTOBER
                                          YEAR:      2014
                                          LATITUDE:   45 37 N
                                          LONGITUDE: 122 39 W

  TEMPERATURE IN F:       :PCPN:    SNOW:  WIND      :SUNSHINE: SKY     :PK WND
================================================================================
1   2   3   4   5  6A  6B    7    8   9   10  11  12  13   14  15   16   17  18
                                     12Z  AVG MX 2MIN
DY MAX MIN AVG DEP HDD CDD  WTR  SNW DPTH SPD SPD DIR MIN PSBL S-S WX    SPD DR
================================================================================

 1  68  44  56  -3   9   0 0.00  0.0    0  1.9 10 300   M    M   4 1      14 270
 2  70  45  58   0   7   0 0.00  0.0    0  2.2 12 290   M    M   1 18     15 290
 3  79  44  62   4   3   0 0.00  0.0    0  2.0  8 230   M    M   0 1      11 170
 4  81  46  64   6   1   0 0.00  0.0    0  1.4  8 250   M    M   0 1      10 310
 5  85  52  69  12   0   4 0.00  0.0    0  3.1 12 320   M    M   0        18 320
 6  84  52  68  11   0   3 0.00  0.0    0  2.7 10 330   M    M   0        16 340
 7  82  53  68  12   0   3 0.00  0.0    0  1.9  9 320   M    M   1 1      12 260
 8  75  48  62   6   3   0 0.00  0.0    0  2.4 10 310   M    M   2        13 300
 9  73  49  61   5   4   0 0.00  0.0    0  1.7  9 250   M    M   3 1      11 260
10  70  49  60   5   5   0 0.00  0.0    0  2.5 10 290   M    M   6 12     13 300
11  73  55  64   9   1   0 0.30  0.0    0  4.0 18 290   M    M   8 1      26 300
12  65  48  57   2   8   0 0.00  0.0    0  0.5  9 280   M    M   5 1      11 280
13  73  47  60   6   5   0 0.13    M    0  4.6 14 330   M    M   4 1      19 320
14  62  55  59   5   6   0 0.26  0.0    0  5.9 14 120   M    M   7 1      19 120
15  59  55  57   3   8   0 0.26  0.0    0  7.3 16 210   M    M   8 13     26 200
16  69  54  62   8   3   0 0.00  0.0    0  5.1 10 120   M    M   2        13 110
17  61  54  58   5   7   0 0.21  0.0    0  7.2 14 120   M    M   9 1      18 130
18  70  54  62   9   3   0 0.01  0.0    0  4.9 12 120   M    M   7 1      17 260
19  74  51  63  10   2   0    T  0.0    0  3.5 10 110   M    M   5 12     14 120
20  63  55  59   7   6   0 0.15  0.0    0  5.3 14 290   M    M   8 1      19 170
21  61  54  58   6   7   0 0.05  0.0    0  7.8 15 120   M    M   9        22 170
22  60  54  57   5   8   0 1.70  0.0    0  6.3 14 170   M    M  10 1      20 180
23  59  53  56   4   9   0 0.36  0.0    0  6.0 12 110   M    M   8 13     15 140
24  55  48  52   1  13   0 0.13    M    0  1.6  7 120   M    M   5 1      10 130
================================================================================
SM 1671 1219       118  10  3.56     0.0  91.8          M      112
================================================================================
AV 69.6 50.8                               3.8 FASTST   M    M   5    MAX(MPH)
                                 MISC ---->  # 18 290               # 26  300
================================================================================
NOTES:
# LAST OF SEVERAL OCCURRENCES

COLUMN 17 PEAK WIND IN M.P.H.

PRELIMINARY LOCAL CLIMATOLOGICAL DATA (WS FORM: F-6) , PAGE 2

                                          STATION:  VANCOUVER WA
                                          MONTH:    OCTOBER
                                          YEAR:     2014
                                          LATITUDE:   45 37 N
                                          LONGITUDE: 122 39 W

[TEMPERATURE DATA]      [PRECIPITATION DATA]       SYMBOLS USED IN COLUMN 16

AVERAGE MONTHLY: 60.2   TOTAL FOR MONTH:   3.56    1 = FOG OR MIST
DPTR FM NORMAL:   5.5   DPTR FM NORMAL:    1.28    2 = FOG REDUCING VISIBILITY
HIGHEST:    85 ON  5    GRTST 24HR  1.94 ON 22-23      TO 1/4 MILE OR LESS
LOWEST:     44 ON  3, 1                            3 = THUNDER
                        SNOW, ICE PELLETS, HAIL    4 = ICE PELLETS
                        TOTAL MONTH:   0.0 INCH    5 = HAIL
                        GRTST 24HR     0.0         6 = FREEZING RAIN OR DRIZZLE
                        GRTST DEPTH:   0           7 = DUSTSTORM OR SANDSTORM:
                                                       VSBY 1/2 MILE OR LESS
                                                   8 = SMOKE OR HAZE
[NO. OF DAYS WITH]      [WEATHER - DAYS WITH]      9 = BLOWING SNOW
                                                   X = TORNADO
MAX 32 OR BELOW:   0    0.01 INCH OR MORE:  11
MAX 90 OR ABOVE:   0    0.10 INCH OR MORE:   9
MIN 32 OR BELOW:   0    0.50 INCH OR MORE:   1
MIN  0 OR BELOW:   0    1.00 INCH OR MORE:   1

[HDD (BASE 65) ]
TOTAL THIS MO.   118    CLEAR  (SCALE 0-3)   9
DPTR FM NORMAL  -131    PTCLDY (SCALE 4-7)  11
TOTAL FM JUL 1   147    CLOUDY (SCALE 8-10)  4
DPTR FM NORMAL  -224

[CDD (BASE 65) ]
TOTAL THIS MO.    10
DPTR FM NORMAL    10    [PRESSURE DATA]
TOTAL FM JAN 1   531    HIGHEST SLP M ON M
DPTR FM NORMAL   158    LOWEST  SLP 29.54 ON 15

[REMARKS]
