000
CXUS56 KMTR 301000
CF6WVI
PRELIMINARY LOCAL CLIMATOLOGICAL DATA (WS FORM: F-6)

                                          STATION:   WATSONVILLE AIRPORT
                                          MONTH:     JUNE
                                          YEAR:      2015
                                          LATITUDE:   36 55 N
                                          LONGITUDE: 121 47 W

  TEMPERATURE IN F:       :PCPN:    SNOW:  WIND      :SUNSHINE: SKY     :PK WND
================================================================================
1   2   3   4   5  6A  6B    7    8   9   10  11  12  13   14  15   16   17  18
                                     12Z  AVG MX 2MIN
DY MAX MIN AVG DEP HDD CDD  WTR  SNW DPTH SPD SPD DIR MIN PSBL S-S WX    SPD DR
================================================================================

 1  72  52  62   2   3   0 0.00  0.0    0  4.9 20 240   M    M   6        24 240
 2  74  54  64   4   1   0 0.00  0.0    0  5.6 13 130   M    M   4 12     22 240
 3  70  50  60  -1   5   0 0.00  0.0    0  3.3 13  60   M    M   3        16  60
 4  63  51  57  -4   8   0 0.00  0.0    0  5.4 12 190   M    M  10 1      18 140
 5  63  53  58  -3   7   0 0.00  0.0    0  5.1 12 240   M    M  10 1      15 210
 6  66  54  60  -1   5   0 0.00  0.0    0  4.9 14 240   M    M   9 1      18 250
 7  71  54  63   2   2   0 0.00  0.0    0  3.9 12 240   M    M   7 1      41  30
 8  85  51  68   7   0   3 0.00  0.0    0  3.6 14 170   M    M   2 12     17 200
 9  77  53  65   4   0   0    T  0.0    M  4.4 17 190   M    M   5 1      22 190
10  80  57  69   8   0   4 0.01  0.0    0  4.1 13 120   M    M   3 1      15 120
11  71  55  63   1   2   0 0.00  0.0    0  4.6 12 210   M    M   6 18     16 210
12  71  54  63   1   2   0 0.00  0.0    0  4.3 13 180   M    M   6 128    17 220
13  68  54  61  -1   4   0 0.00  0.0    0  5.0 14 250   M    M   9 18     18 220
14  67  54  61  -1   4   0 0.00  0.0    0  6.0 14 200   M    M   6 18     17 200
15  69  53  61  -1   4   0 0.00  0.0    0  4.3 12 160   M    M   5 1      16 160
16  70  53  62   0   3   0 0.00  0.0    0  4.7 13 190   M    M   5 18      M  M
17  70  51  61  -1   4   0 0.00  0.0    0  5.2 13 180   M    M   9 18     17 180
18  69  51  60  -2   5   0 0.00  0.0    0  4.4 12 170   M    M   5 128    15 160
19  74  46  60  -2   5   0 0.00  0.0    0  4.6 12 150   M    M   0        20  30
20  73  48  61  -1   4   0 0.00  0.0    0  4.7 13 180   M    M   2 1      16 170
21  70  52  61  -1   4   0 0.00  0.0    0  5.7 13 190   M    M   4 1      26 120
22  71  47  59  -4   6   0 0.00  0.0    0  5.3 14 130   M    M   2 12     17 140
23  69  53  61  -2   4   0 0.00  0.0    0  5.1 13 140   M    M   4 1      21  30
24  70  53  62  -1   3   0 0.00  0.0    0  4.9 12 190   M    M   5        17 190
25  76  53  65   2   0   0 0.00  0.0    0  4.7 14 240   M    M   3 12     17 230
26  68  52  60  -3   5   0 0.00  0.0    0  6.8 16 220   M    M   8 12     23 230
27  71  58  65   2   0   0 0.00  0.0    0  7.3 16 250   M    M   6        20 250
28  70  58  64   1   1   0 0.00  0.0    0  5.8 14 240   M    M   7        19 240
29  77  57  67   4   0   2 0.00  0.0    0  4.3 12 170   M    M   4        15 170
================================================================================
SM 2065 1531        91   9  0.01     0.0 142.9          M      155
================================================================================
AV 71.2 52.8                               4.9 FASTST   M    M   5    MAX(MPH)
                                 MISC ---->  # 20 240               # 41   30
================================================================================
NOTES:
# LAST OF SEVERAL OCCURRENCES

COLUMN 17 PEAK WIND IN M.P.H.

PRELIMINARY LOCAL CLIMATOLOGICAL DATA (WS FORM: F-6) , PAGE 2

                                          STATION:  WATSONVILLE AIRPORT
                                          MONTH:    JUNE
                                          YEAR:     2015
                                          LATITUDE:   36 55 N
                                          LONGITUDE: 121 47 W

[TEMPERATURE DATA]      [PRECIPITATION DATA]       SYMBOLS USED IN COLUMN 16

AVERAGE MONTHLY: 62.0   TOTAL FOR MONTH:   0.01    1 = FOG OR MIST
DPTR FM NORMAL:   0.1   DPTR FM NORMAL:   -0.11    2 = FOG REDUCING VISIBILITY
HIGHEST:    85 ON  8    GRTST 24HR  0.01 ON 10-10      TO 1/4 MILE OR LESS
LOWEST:     46 ON 19                               3 = THUNDER
                        SNOW, ICE PELLETS, HAIL    4 = ICE PELLETS
                        TOTAL MONTH:   0.0 INCH    5 = HAIL
                        GRTST 24HR     0.0         6 = FREEZING RAIN OR DRIZZLE
                        GRTST DEPTH:   0           7 = DUSTSTORM OR SANDSTORM:
                                                       VSBY 1/2 MILE OR LESS
                                                   8 = SMOKE OR HAZE
[NO. OF DAYS WITH]      [WEATHER - DAYS WITH]      9 = BLOWING SNOW
                                                   X = TORNADO
MAX 32 OR BELOW:   0    0.01 INCH OR MORE:   1
MAX 90 OR ABOVE:   0    0.10 INCH OR MORE:   0
MIN 32 OR BELOW:   0    0.50 INCH OR MORE:   0
MIN  0 OR BELOW:   0    1.00 INCH OR MORE:   0

[HDD (BASE 65) ]
TOTAL THIS MO.    91    CLEAR  (SCALE 0-3)   6
DPTR FM NORMAL   -14    PTCLDY (SCALE 4-7)  18
TOTAL FM JUL 1  1649    CLOUDY (SCALE 8-10)  5
DPTR FM NORMAL -1290

[CDD (BASE 65) ]
TOTAL THIS MO.     9
DPTR FM NORMAL    -2    [PRESSURE DATA]
TOTAL FM JAN 1    23    HIGHEST SLP M ON M
DPTR FM NORMAL    -1    LOWEST  SLP 29.73 ON M

[REMARKS]
