000
CXUS54 KFWD 250730
CF6XBP
PRELIMINARY LOCAL CLIMATOLOGICAL DATA (WS FORM: F-6)

                                          STATION:   BRIDGEPORT
                                          MONTH:     MAY
                                          YEAR:      2015
                                          LATITUDE:   33 10 N
                                          LONGITUDE:  96 30 W

  TEMPERATURE IN F:       :PCPN:    SNOW:  WIND      :SUNSHINE: SKY     :PK WND
================================================================================
1   2   3   4   5  6A  6B    7    8   9   10  11  12  13   14  15   16   17  18
                                     12Z  AVG MX 2MIN
DY MAX MIN AVG DEP HDD CDD  WTR  SNW DPTH SPD SPD DIR MIN PSBL S-S WX    SPD DR
================================================================================

 1  79  48  64  -3   1   0 0.00  0.0    0  2.2  8  90   M    M   0         M  M
 2  81  51  66  -1   0   1 0.00  0.0    0  4.8 10 190   M    M   1 1      16 190
 3  80  61  71   4   0   6 0.00  0.0    0  8.6 14 160   M    M   0        20 140
 4  80  59  70   3   0   5 0.00  0.0    0  8.3 14 150   M    M   3        21 150
 5  75  61  68   0   0   3 0.37  0.0    0  7.9 17 150   M    M   7 3      27 140
 6  82  67  75   7   0  10    M  0.0    0 10.7 18 190   M    M   6 3      23 190
 7  81  62  72   4   0   7 1.68  0.0    0  7.9 15 230   M    M   8 3      39 130
 8  84  64  74   6   0   9    M  0.0    0  7.2 17 150   M    M   7 13     24 160
 9  83  67  75   6   0  10 0.24  0.0    0  9.9 16 150   M    M   5 13     29 170
10  74  64  69   0   0   4 0.86  0.0    0  8.2 17 170   M    M   5 3      32 160
11  71  55  63  -6   2   0 0.00  0.0    0  5.8 13  10   M    M   1        17  10
12  70  54  62  -8   3   0 0.07  0.0    0  4.0 10 110   M    M   5         M  M
13  67  61  64  -6   1   0 0.51  0.0    0  5.7  8 170   M    M   9 13      M  M
14  82  63  73   3   0   8 0.00  0.0    0  8.0 15 200   M    M   4        21 200
15  80  64  72   2   0   7 0.32  0.0    0  8.2 14 160   M    M   5 3      25 150
16  83  65  74   4   0   9 0.87  0.0    0  9.5 15 170   M    M   8 3      23 170
17  84  64  74   3   0   9 0.03  0.0    0  5.3 10 200   M    M   1 3       M  M
18  87  64  76   5   0  11 0.00  0.0    0  2.9  8 150   M    M   4 12      M  M
19  82  69  76   5   0  11 0.29  0.0    0 10.0 35  60   M    M   8 13     52  60
20  68  60  64  -8   1   0 0.00  0.0    M  9.5 12  10   M    M   9 3      17  10
21  65  54  60 -12   5   0 0.13  0.0    0  7.0 12  70   M    M  10 3      18  10
22  64  60  62 -10   3   0 0.15  0.0    0  5.4 12 110   M    M  10 13     17 110
23  82  64  73   1   0   8 0.03  0.0    0  9.4 17 160   M    M   9 13     25 160
24  80  67  74   1   0   9 0.48  0.0    0  6.2 13 170   M    M   5        17 190
================================================================================
SM 1864 1468        16 127  6.03     0.0 172.6          M      130
================================================================================
AV 77.7 61.2                               7.2 FASTST   M    M   5    MAX(MPH)
                                 MISC ---->  # 35  60                 52    M
================================================================================
NOTES:
# LAST OF SEVERAL OCCURRENCES

COLUMN 17 PEAK WIND IN M.P.H.

PRELIMINARY LOCAL CLIMATOLOGICAL DATA (WS FORM: F-6) , PAGE 2

                                          STATION:  BRIDGEPORT
                                          MONTH:    MAY
                                          YEAR:     2015
                                          LATITUDE:   33 10 N
                                          LONGITUDE:  96 30 W

[TEMPERATURE DATA]      [PRECIPITATION DATA]       SYMBOLS USED IN COLUMN 16

AVERAGE MONTHLY: 69.4   TOTAL FOR MONTH:   6.03    1 = FOG OR MIST
DPTR FM NORMAL:  -0.2   DPTR FM NORMAL:    2.14    2 = FOG REDUCING VISIBILITY
HIGHEST:    87 ON 18    GRTST 24HR  1.68 ON  7- 7      TO 1/4 MILE OR LESS
LOWEST:     48 ON  1                               3 = THUNDER
                        SNOW, ICE PELLETS, HAIL    4 = ICE PELLETS
                        TOTAL MONTH:   0.0 INCH    5 = HAIL
                        GRTST 24HR     0.0         6 = FREEZING RAIN OR DRIZZLE
                        GRTST DEPTH:   0           7 = DUSTSTORM OR SANDSTORM:
                                                       VSBY 1/2 MILE OR LESS
                                                   8 = SMOKE OR HAZE
[NO. OF DAYS WITH]      [WEATHER - DAYS WITH]      9 = BLOWING SNOW
                                                   X = TORNADO
MAX 32 OR BELOW:   0    0.01 INCH OR MORE:  14
MAX 90 OR ABOVE:   0    0.10 INCH OR MORE:  11
MIN 32 OR BELOW:   0    0.50 INCH OR MORE:   4
MIN  0 OR BELOW:   0    1.00 INCH OR MORE:   1

[HDD (BASE 65) ]
TOTAL THIS MO.    16    CLEAR  (SCALE 0-3)   6
DPTR FM NORMAL    -8    PTCLDY (SCALE 4-7)  11
TOTAL FM JUL 1  2637    CLOUDY (SCALE 8-10)  7
DPTR FM NORMAL  -324

[CDD (BASE 65) ]
TOTAL THIS MO.   127
DPTR FM NORMAL    -8    [PRESSURE DATA]
TOTAL FM JAN 1   230    HIGHEST SLP M ON M
DPTR FM NORMAL    16    LOWEST  SLP M ON M

[REMARKS]
