000
CXUS54 KTSA 160840
CF6XNA
PRELIMINARY LOCAL CLIMATOLOGICAL DATA (WS FORM: F-6)

                                          STATION:   HIGHFILL ARKANSAS
                                          MONTH:     AUGUST
                                          YEAR:      2017
                                          LATITUDE:   36 16 N
                                          LONGITUDE:  94 19 W

  TEMPERATURE IN F:       :PCPN:    SNOW:  WIND      :SUNSHINE: SKY     :PK WND
================================================================================
1   2   3   4   5  6A  6B    7    8   9   10  11  12  13   14  15   16   17  18
                                     12Z  AVG MX 2MIN
DY MAX MIN AVG DEP HDD CDD  WTR  SNW DPTH SPD SPD DIR MIN PSBL S-S WX    SPD DR
================================================================================

 1  74  65  70  -8   0   5 0.13  0.0    0  2.6 10 360   M    M   8 1      12 210
 2  88  61  75  -3   0  10 0.00  0.0    0  3.4 13 140   M    M   4 12     19  90
 3  90  66  78   0   0  13 0.53  0.0    0  4.1 20 310   M    M   3 13     33 350
 4  81  64  73  -5   0   8 0.01  0.0    0  5.8 14  50   M    M   2        19  20
 5  86  66  76  -2   0  11 0.00  0.0    0  9.9 22 180   M    M   5        26 170
 6  78  66  72  -6   0   7 1.65  0.0    0  7.2 25 150   M    M   5 13     31 140
 7  84  64  74  -4   0   9 0.00  0.0    0  6.2 10  80   M    M   6 12      M  M
 8  84  64  74  -4   0   9 0.00  0.0    0  5.5 12  50   M    M   3        20  80
 9  86  65  76  -2   0  11 0.00  0.0    0  2.8  8 150   M    M   2 1      11 150
10  88  68  78   0   0  13 0.04  0.0    0  4.1 12 200   M    M   2 1      16 230
11  85  70  78   0   0  13 0.16  0.0    0  3.9 23 270   M    M   4 13     30 260
12  81  66  74  -4   0   9 0.18  0.0    0  4.8  8  90   M    M   5 1       M  M
13  72  67  70  -8   0   5 0.42  0.0    0  4.7  8 140   M    M  10 1       M  M
14  78  69  74  -4   0   9 0.02  0.0    0  3.9 12 230   M    M   7 123    14 250
15  88  69  79   1   0  14 0.24  0.0    0  4.3 16 260   M    M   6 13     20 250
================================================================================
SM 1243  990         0 146  3.38     0.0  73.2          M       72
================================================================================
AV 82.9 66.0                               4.9 FASTST   M    M   5    MAX(MPH)
                                 MISC ---->  # 25 150               # 33  350
================================================================================
NOTES:
# LAST OF SEVERAL OCCURRENCES

COLUMN 17 PEAK WIND IN M.P.H.

PRELIMINARY LOCAL CLIMATOLOGICAL DATA (WS FORM: F-6) , PAGE 2

                                          STATION:  HIGHFILL ARKANSAS
                                          MONTH:    AUGUST
                                          YEAR:     2017
                                          LATITUDE:   36 16 N
                                          LONGITUDE:  94 19 W

[TEMPERATURE DATA]      [PRECIPITATION DATA]       SYMBOLS USED IN COLUMN 16

AVERAGE MONTHLY: 74.4   TOTAL FOR MONTH:   3.38    1 = FOG OR MIST
DPTR FM NORMAL:  -3.6   DPTR FM NORMAL:    1.69    2 = FOG REDUCING VISIBILITY
HIGHEST:    90 ON  3    GRTST 24HR  1.65 ON  6- 6      TO 1/4 MILE OR LESS
LOWEST:     61 ON  2                               3 = THUNDER
                        SNOW, ICE PELLETS, HAIL    4 = ICE PELLETS
                        TOTAL MONTH:   0.0 INCH    5 = HAIL
                        GRTST 24HR     0.0         6 = FREEZING RAIN OR DRIZZLE
                        GRTST DEPTH:   0           7 = DUSTSTORM OR SANDSTORM:
                                                       VSBY 1/2 MILE OR LESS
                                                   8 = SMOKE OR HAZE
[NO. OF DAYS WITH]      [WEATHER - DAYS WITH]      9 = BLOWING SNOW
                                                   X = TORNADO
MAX 32 OR BELOW:   0    0.01 INCH OR MORE:  10
MAX 90 OR ABOVE:   1    0.10 INCH OR MORE:   7
MIN 32 OR BELOW:   0    0.50 INCH OR MORE:   2
MIN  0 OR BELOW:   0    1.00 INCH OR MORE:   1

[HDD (BASE 65) ]
TOTAL THIS MO.     0    CLEAR  (SCALE 0-3)   4
DPTR FM NORMAL     0    PTCLDY (SCALE 4-7)   9
TOTAL FM JUL 1     0    CLOUDY (SCALE 8-10)  2
DPTR FM NORMAL     0

[CDD (BASE 65) ]
TOTAL THIS MO.   146
DPTR FM NORMAL   -49    [PRESSURE DATA]
TOTAL FM JAN 1  1071    HIGHEST SLP M ON M
DPTR FM NORMAL   167    LOWEST  SLP 29.76 ON  6

[REMARKS]
