000
CXAK56 PAYA 220914
CF6YAK

PRELIMINARY LOCAL CLIMATOLOGICAL DATA (WS FORM: F-6)

                                          STATION:   YAKUTAT
                                          MONTH:     08
                                          YEAR:      2014
                                          LATITUDE:   59 31 N
                                          LONGITUDE: 139 40 W

  TEMPERATURE IN F:       :PCPN:    SNOW:  WIND      :SUNSHINE: SKY     :PK WND
================================================================================
1   2   3   4   5  6A  6B    7     8   9   10  11  12  13   14  15   16  17  18
                                      12Z  AVG MX 2MIN
DY MAX MIN AVG DEP HDD CDD  WTR   SNW DPTH SPD SPD DIR MIN PSBL S-S WX   SPD DR
================================================================================

 1  61  41  51  -4  14   0  0.00  0.0   0  4.8 13  230   M    M   M 12    16 250
 2  62  49  56   1   9   0     T  0.0   0  2.8 10  210   M    M   M 12    14 240
 3  60  53  57   2   8   0  0.56  0.0   0  5.5 12   70   M    M   M 1     17 100
 4  62  54  58   3   7   0  0.24  0.0   0  8.4 23  130   M    M   M 1     41 120
 5  60  52  56   1   9   0  0.40  0.0   0  6.1 12   80   M    M   M 1     18  90
 6  60  52  56   1   9   0  0.99  0.0   0  5.9 10   90   M    M   M 1     14  90
 7  62  51  57   2   8   0  0.29  0.0   0  3.6  9  190   M    M   M 1     14 170
 8  60  51  56   1   9   0  0.61  0.0   0  6.9 15  120   M    M   M 1     22 140
 9  59  52  56   1   9   0  1.31  0.0   0  8.0 13   70   M    M   M       17  70
10  59  53  56   1   9   0  1.15  0.0   0  6.9 16  140   M    M   M       28 130
11  62  53  58   3   7   0  0.67  0.0   0  3.5  9  100   M    M   M       15 130
12  62  53  58   3   7   0  0.12  0.0   0  4.1 12  170   M    M   M 1     14 170
13  58  52  55   0  10   0  2.10  0.0   0  7.6 14  120   M    M   M 1     20 110
14  58  55  57   3   8   0  4.07  0.0   0 11.4 18  140   M    M   M       32 130
15  60  54  57   3   8   0  1.20  0.0   0  6.5 20  120   M    M   M 1     33 120
16  57  51  54   0  11   0  2.07  0.0   0  8.7 16  110   M    M   M 1     27 110
17  58  54  56   2   9   0  2.52  0.0   0 11.7 22  130   M    M   M 1     36 130
18  59  54  57   3   8   0  0.03  0.0   0  2.8 10  240   M    M   M 1     14 230
19  62  51  57   3   8   0  0.00  0.0   0  2.1 10  240   M    M   M       12 240
20  63  44  54   0  11   0  0.00  0.0   0  2.8  9  270   M    M   M 12    13 250
21  64  40  52  -1  13   0  0.00  0.0   0  3.5 10  280   M    M   M 1     14 290
================================================================================
SM 1268 1069       191   0 18.33 0.0    123.6           M        M
================================================================================
AV 60.4 50.9                              5.9 FASTST  PSBL  %   M    MAX(MPH)
                                 MISC ---->     23  130                 41 120
================================================================================
NOTES:
# LAST OF SEVERAL OCCURRENCES

COLUMN 17 PEAK WIND IN M.P.H.

PRELIMINARY LOCAL CLIMATOLOGICAL DATA (WS FORM: F-6) , PAGE 2

                                          STATION:   YAKUTAT
                                          MONTH:     08
                                          YEAR:      2014
                                          LATITUDE:  59 31 N
                                          LONGITUDE: 139 40 W

[TEMPERATURE DATA]      [PRECIPITATION DATA]       SYMBOLS USED IN COLUMN 16

AVERAGE MONTHLY:55.6   TOTAL FOR MONTH:18.33       1 = FOG
DPTR FM NORMAL:  1.0   DPTR FM NORMAL: 9.44       2 = FOG REDUCING VISIBILITY
HIGHEST:    64 ON 21    GRTST 24HR   4.07 ON 14        TO 1/4 MILE OR LESS
LOWEST:     40 ON 21                               3 = THUNDER
                        SNOW, ICE PELLETS, HAIL    4 = ICE PELLETS
                        TOTAL MONTH: 0.0         5 = HAIL
                        GRTST 24HR   0.0           6 = GLAZE OR RIME
                        GRTST DEPTH:    0          7 = BLOWING DUST OR SAND:
                                                       VSBY 1/2 MILE OR LESS
                                                   8 = SMOKE OR HAZE
[NO. OF DAYS WITH]      [WEATHER - DAYS WITH]      9 = BLOWING SNOW
                                                   X = TORNADO
MAX 32 OR BELOW:   0    0.01 INCH OR MORE:  16
MAX 70 OR ABOVE:   0    0.10 INCH OR MORE:  15
MIN 32 OR BELOW:   0    0.50 INCH OR MORE:  11
MIN  0 OR BELOW:   0    1.00 INCH OR MORE:   7

[HDD (BASE 65) ]
TOTAL THIS MO.   191    CLEAR  (SCALE 0-3)   M
DPTR FM NORMAL   -28    PTCLDY (SCALE 4-7)   M
SEASONAL TOTAL   504    CLOUDY (SCALE 8-10)  M
DPTR FM NORMAL   -47

[CDD (BASE 65) ]
TOTAL THIS MO.     0
DPTR FM NORMAL     0    [PRESSURE DATA]
SEASONAL TOTAL     0    HIGHEST SLP     M
DPTR FM NORMAL     0    LOWEST  SLP     M

[REMARKS]
