063
CXAK56 PAJK 271358
CF6YAK
PRELIMINARY LOCAL CLIMATOLOGICAL DATA (WS FORM: F-6)

                                          STATION:   YAKUTAT
                                          MONTH:     MARCH
                                          YEAR:      2017
                                          LATITUDE:   59 31 N
                                          LONGITUDE: 139 40 W

  TEMPERATURE IN F:       :PCPN:    SNOW:  WIND      :SUNSHINE: SKY     :PK WND
================================================================================
1   2   3   4   5  6A  6B    7    8   9   10  11  12  13   14  15   16   17  18
                                     12Z  AVG MX 2MIN
DY MAX MIN AVG DEP HDD CDD  WTR  SNW DPTH SPD SPD DIR MIN PSBL S-S WX    SPD DR
================================================================================

 1  30  25  28  -3  37   0 0.23  5.6    6 13.9 22  70   M    M   8 12     33  60
 2  33  17  25  -6  40   0 0.00  0.0   11 14.0 31  70   M    M   5 9      44  80
 3  33  14  24  -7  41   0 0.00  0.0    8 12.6 25  80   M    M   4 9      35  70
 4  28   3  16 -15  49   0 0.00  0.0    8  4.4 13 100   M    M   0        20  80
 5  25   2  14 -17  51   0 0.00  0.0    8  8.4 21  60   M    M   4        29  60
 6  20   2  11 -20  54   0 0.00  0.0    8 11.3 25  70   M    M   0 9      36  80
 7  26  -3  12 -19  53   0 0.00  0.0    8  5.1 15 100   M    M   0 8      21 130
 8  26   5  16 -15  49   0 0.00  0.0    8  6.3 15  90   M    M   1 8      21 100
 9  30   1  16 -15  49   0 0.00  0.0    8  5.9 16  80   M    M   1 8      22  90
10  34   2  18 -13  47   0 0.00  0.0    8  2.7 10 120   M    M   0 18     15 100
11  33   2  18 -13  47   0 0.00  0.0    8  5.8 22  70   M    M   0        31  70
12  33   0  17 -14  48   0 0.00  0.0    8  1.3 10  70   M    M   4        14  70
13  29  24  27  -4  38   0 0.08  1.8    8  3.6  9 160   M    M  10 18      9 160
14  34  17  26  -6  39   0 0.08  2.9   10  5.5 13 120   M    M   8 1248   22  70
15  35  26  31  -1  34   0 0.36 10.8   20 12.9 22  70   M    M  10 128    28  90
16  37  14  26  -6  39   0 0.01  1.2   19  7.3 20  80   M    M   5 18     26  90
17  42   8  25  -7  40   0 0.00  0.0   18  2.3  9 130   M    M   0 8      14 110
18  36   7  22 -10  43   0    T    T   17  2.6  8 130   M    M   1        11 140
19  35  26  31  -1  34   0 0.40  7.5   21  8.3 15 190   M    M  10 12     21 130
20  38  33  36   4  29   0 0.77    T   18  6.7 16 180   M    M  10 1      20 200
21  45  26  36   4  29   0 0.13  0.5   16  4.4 13 120   M    M   6 1      23 120
22  44  21  33   0  32   0 0.00  0.0   16  0.6  8 240   M    M   7 12     12  80
23  40  27  34   1  31   0 0.09  0.9   16  3.1  9 100   M    M  10 1      12 100
24  45  24  35   2  30   0 0.01  0.1   15  1.8  8 240   M    M   2 12     12  90
25  38  17  28  -5  37   0 0.09  0.1   14  4.3 13 150   M    M   6 1      19 150
26  43  30  37   4  28   0 0.02  0.1    0  2.3  9  70   M    M   5 1      12 100
================================================================================
SM  892  370      1048   0  2.27    31.5 157.4          M      117
================================================================================
AV 34.3 14.2                               6.1 FASTST   M    M   5    MAX(MPH)
                                 MISC ---->  # 31  70               # 44   80
================================================================================
NOTES:
# LAST OF SEVERAL OCCURRENCES

COLUMN 17 PEAK WIND IN M.P.H.

PRELIMINARY LOCAL CLIMATOLOGICAL DATA (WS FORM: F-6) , PAGE 2

                                          STATION:  YAKUTAT
                                          MONTH:    MARCH
                                          YEAR:     2017
                                          LATITUDE:   59 31 N
                                          LONGITUDE: 139 40 W

[TEMPERATURE DATA]      [PRECIPITATION DATA]       SYMBOLS USED IN COLUMN 16

AVERAGE MONTHLY: 24.3   TOTAL FOR MONTH:   2.27    1 = FOG OR MIST
DPTR FM NORMAL:  -7.4   DPTR FM NORMAL:   -7.19    2 = FOG REDUCING VISIBILITY
HIGHEST:    45 ON 24,21 GRTST 24HR  0.77 ON 20-20      TO 1/4 MILE OR LESS
LOWEST:     -3 ON  7                               3 = THUNDER
                        SNOW, ICE PELLETS, HAIL    4 = ICE PELLETS
                        TOTAL MONTH:  31.4 INCHES  5 = HAIL
                        GRTST 24HR  10.8 ON   M    6 = FREEZING RAIN OR DRIZZLE
                        GRTST DEPTH:  21 ON 19     7 = DUSTSTORM OR SANDSTORM:
                                                       VSBY 1/2 MILE OR LESS
                                                   8 = SMOKE OR HAZE
[NO. OF DAYS WITH]      [WEATHER - DAYS WITH]      9 = BLOWING SNOW
                                                   X = TORNADO
MAX 32 OR BELOW:   8    0.01 INCH OR MORE:  12
MAX 90 OR ABOVE:   0    0.10 INCH OR MORE:   5
MIN 32 OR BELOW:  25    0.50 INCH OR MORE:   1
MIN  0 OR BELOW:   2    1.00 INCH OR MORE:   0

[HDD (BASE 65) ]
TOTAL THIS MO.  1048    CLEAR  (SCALE 0-3)  10
DPTR FM NORMAL   182    PTCLDY (SCALE 4-7)  11
TOTAL FM JUL 1  6775    CLOUDY (SCALE 8-10)  5
DPTR FM NORMAL  -207

[CDD (BASE 65) ]
TOTAL THIS MO.     0
DPTR FM NORMAL     0    [PRESSURE DATA]
TOTAL FM JAN 1     0    HIGHEST SLP M ON M
DPTR FM NORMAL     0    LOWEST  SLP 29.15 ON 12

[REMARKS]
