000
CXUS56 KPDT 210532
CF6YKM
PRELIMINARY LOCAL CLIMATOLOGICAL DATA (WS FORM: F-6)

                                          STATION:   YAKIMA WA
                                          MONTH:     NOVEMBER
                                          YEAR:      2017
                                          LATITUDE:   46 34 N
                                          LONGITUDE: 120 32 W

  TEMPERATURE IN F:       :PCPN:    SNOW:  WIND      :SUNSHINE: SKY     :PK WND
================================================================================
1   2   3   4   5  6A  6B    7    8   9   10  11  12  13   14  15   16   17  18
                                     12Z  AVG MX 2MIN
DY MAX MIN AVG DEP HDD CDD  WTR  SNW DPTH SPD SPD DIR MIN PSBL S-S WX    SPD DR
================================================================================

 1  64  30  47   4  18   0 0.00    M    0  8.3 25 270   M    M   1        33 290
 2  58  25  42   0  23   0    T  0.0    0  5.2 24 200   M    M   4        33 200
 3  51  32  42   0  23   0 0.01  0.0    0  4.0 12 340   M    M   5        14 330
 4  43  28  36  -6  29   0 0.08    T    M  1.8  8 270   M    M   7 1       9 270
 5  37  34  36  -5  29   0 0.16  0.4    0  4.6 10 360   M    M  10 1      13  10
 6  45  31  38  -3  27   0 0.00  0.0    0  3.4  8  70   M    M   8        10  90
 7  41  28  35  -6  30   0 0.00  0.0    0  3.1  9 250   M    M   5 1      12 250
 8  46  34  40   0  25   0 0.07  0.0    0  8.2 15 360   M    M   7 1      19  20
 9  44  35  40   0  25   0 0.28  0.0    0  4.8 12 250   M    M   7 1      15 250
10  45  33  39  -1  26   0 0.09  0.0    0  3.3  9 270   M    M   8 1      10 270
11  46  42  44   5  21   0 0.01  0.0    0  1.5  9 230   M    M  10 1      23 220
12  48  42  45   6  20   0    T  0.0    0  1.7  6 220   M    M  10 18      8 230
13  54  43  49  11  16   0    M  0.0    0 13.5 31 210   M    M   6 1      42 210
14  55  37  46   8  19   0 0.00  0.0    0  8.8 26 200   M    M   2        31 200
15  53  37  45   7  20   0 0.03  0.0    0  5.0 17 170   M    M   8        22 170
16  53  30  42   5  23   0 0.00  0.0    0  8.4 23 190   M    M   2        29 190
17  55  27  41   4  24   0 0.00  0.0    0  8.1 26 270   M    M   0        34 270
18  52  30  41   5  24   0 0.00  0.0    0  3.3  9 140   M    M   0        12 140
19  45  25  35  -1  30   0 0.01  0.0    0  2.2 10 290   M    M   1        12 280
================================================================================
SM  935  623       452   0  0.74     0.4  99.2          M      101
================================================================================
AV 49.2 32.8                               5.2 FASTST   M    M   5    MAX(MPH)
                                 MISC ---->  # 31 210               # 42  210
================================================================================
NOTES:
# LAST OF SEVERAL OCCURRENCES

COLUMN 17 PEAK WIND IN M.P.H.

PRELIMINARY LOCAL CLIMATOLOGICAL DATA (WS FORM: F-6) , PAGE 2

                                          STATION:  YAKIMA WA
                                          MONTH:    NOVEMBER
                                          YEAR:     2017
                                          LATITUDE:   46 34 N
                                          LONGITUDE: 120 32 W

[TEMPERATURE DATA]      [PRECIPITATION DATA]       SYMBOLS USED IN COLUMN 16

AVERAGE MONTHLY: 41.0   TOTAL FOR MONTH:   0.74    1 = FOG OR MIST
DPTR FM NORMAL:   1.5   DPTR FM NORMAL:    0.13    2 = FOG REDUCING VISIBILITY
HIGHEST:    64 ON  1    GRTST 24HR  0.28 ON  9- 9      TO 1/4 MILE OR LESS
LOWEST:     25 ON 19, 2                            3 = THUNDER
                        SNOW, ICE PELLETS, HAIL    4 = ICE PELLETS
                        TOTAL MONTH:   0.4 INCH    5 = HAIL
                        GRTST 24HR   0.4 ON  5- 5  6 = FREEZING RAIN OR DRIZZLE
                        GRTST DEPTH:   0           7 = DUSTSTORM OR SANDSTORM:
                                                       VSBY 1/2 MILE OR LESS
                                                   8 = SMOKE OR HAZE
[NO. OF DAYS WITH]      [WEATHER - DAYS WITH]      9 = BLOWING SNOW
                                                   X = TORNADO
MAX 32 OR BELOW:   0    0.01 INCH OR MORE:   9
MAX 90 OR ABOVE:   0    0.10 INCH OR MORE:   2
MIN 32 OR BELOW:  10    0.50 INCH OR MORE:   0
MIN  0 OR BELOW:   0    1.00 INCH OR MORE:   0

[HDD (BASE 65) ]
TOTAL THIS MO.   452    CLEAR  (SCALE 0-3)   6
DPTR FM NORMAL   -34    PTCLDY (SCALE 4-7)   8
TOTAL FM JUL 1  1013    CLOUDY (SCALE 8-10)  5
DPTR FM NORMAL  -177

[CDD (BASE 65) ]
TOTAL THIS MO.     0
DPTR FM NORMAL     0    [PRESSURE DATA]
TOTAL FM JAN 1  1054    HIGHEST SLP 30.15 ON 11
DPTR FM NORMAL   582    LOWEST  SLP 29.51 ON 15

[REMARKS]
