000
CXUS51 KALY 011540
CLADDH

CLIMATE REPORT
NATIONAL WEATHER SERVICE ALBANY NY
1031 AM EST SUN JAN 1 2017

...................................

...THE BENNINGTON VT CLIMATE SUMMARY FOR THE YEAR OF 2016...

CLIMATE NORMAL PERIOD 1981 TO 2010
CLIMATE RECORD PERIOD 9999 TO 9999

WEATHER         OBSERVED          NORMAL  DEPART  LAST YEAR`S
                 VALUE   DATE(S)  VALUE   FROM    VALUE  DATE(S)
                                          NORMAL
................................................................
TEMPERATURE (F)
HIGHEST            92   08/14                         91  09/08
LOWEST            -17   02/14                        -19  02/24
AVG. MAXIMUM     59.5              56.5     3.0     57.9
AVG. MINIMUM     36.9              35.5     1.4     34.7
MEAN             48.2              46.0     2.2     46.3
DAYS MAX >= 90      4               1.5     2.5        3
DAYS MAX <= 32     33              46.4   -13.4       60
DAYS MIN <= 32    154             156.3    -2.3      146
DAYS MIN <= 0       5              10.8    -5.8       32

PRECIPITATION (INCHES)
TOTALS          32.63             40.70   -8.07    28.96
DAILY AVG.       0.09              0.11   -0.02     0.08
DAYS >= .01       142                                128
DAYS >= .10        76                                 68
DAYS >= .50        21                                 12
DAYS >= 1.00        3                                  3
GREATEST
 24 HR. TOTAL    1.78   02/24 TO 02/25

DEGREE_DAYS
HEATING TOTAL    6510              7236    -726     7108
 SINCE 7/1       2493              2772    -279     1343
COOLING TOTAL     488               312     176      444
 SINCE 1/1        488               313     175      444

FREEZE DATES
EARLIEST                        10/01
LATEST                          05/10
.................................................................

WIND (MPH)
AVERAGE WIND SPEED              4.9
HIGHEST WIND SPEED/DIRECTION    40/150    DATE  02/24
HIGHEST GUST SPEED/DIRECTION    59/MM     DATE   MM


WEATHER CONDITIONS. NUMBER OF DAYS WITH
THUNDERSTORM             18     MIXED PRECIP               0
HEAVY RAIN               24     RAIN                      52
LIGHT RAIN              137     FREEZING RAIN              0
LT FREEZING RAIN          2     HAIL                       0
HEAVY SNOW                5     SNOW                      15
LIGHT SNOW               47     SLEET                      0
FOG                     202     FOG W/VIS <= 1/4 MILE     45
HAZE                     90

-  INDICATES NEGATIVE NUMBERS.
R  INDICATES RECORD WAS SET OR TIED.
MM INDICATES DATA IS MISSING.
T  INDICATES TRACE AMOUNT.

$$
