000
CXUS53 KGJT 012014
CLAEEO


CLIMATE REPORT
NATIONAL WEATHER SERVICE GRAND JUNCTION CO
1233 PM MST THU JAN 1 2015

...................................

...THE MEEKER CO CLIMATE SUMMARY FOR THE YEAR OF 2014...

CLIMATE NORMAL PERIOD 1981 TO 2010
CLIMATE RECORD PERIOD 9999 TO 9999

WEATHER         OBSERVED          NORMAL  DEPART  LAST YEAR`S
                 VALUE   DATE(S)  VALUE   FROM    VALUE  DATE(S)
                                          NORMAL
................................................................
TEMPERATURE (F)
RECORD
 HIGH              MM   MM
 LOW               MM   MM
HIGHEST            95   07/23        MM      MM       95  06/28
LOWEST            -27   12/31        MM      MM      -34  01/14
AVG. MAXIMUM     60.1              58.9     1.2     56.9
AVG. MINIMUM     30.1              28.3     1.8     27.0
MEAN             45.1              43.6     1.5     41.9
DAYS MAX >= 90      9              13.4    -4.4       18
DAYS MAX <= 32     34              39.5    -5.5       61
DAYS MIN <= 32    190             205.6   -15.6      213
DAYS MIN <= 0      24              25.2    -1.2       47

PRECIPITATION (INCHES)
RECORD
 MAXIMUM           MM   MM
 MINIMUM           MM   MM
TOTALS          18.62             16.06    2.56    17.94
DAILY AVG.       0.05              0.04    0.01     0.05
DAYS >= .01       111                MM      MM      126
DAYS >= .10        55                MM      MM       51
DAYS >= .50        10                MM      MM       10
DAYS >= 1.00        0                MM      MM        0
GREATEST
 24 HR. TOTAL    1.08   MM                       12/31 TO 12/31

 STORM TOTAL       MM                                 MM

SNOWFALL (INCHES)
RECORDS
 TOTAL             MM   MM
 24 HR TOTAL       MM
 SNOW DEPTH        MM   MM
TOTALS             MM                MM      MM       MM
 LIQUID EQUIV      MM                MM      MM       MM
SINCE 7/1          MM                MM      MM       MM
 LIQUID 7/1        MM                MM      MM       MM
SNOWDEPTH AVG.     MM                MM      MM       MM
DAYS >= TRACE      MM                MM      MM       MM
DAYS >= 1.0        MM                MM      MM       MM
GREATEST
 SNOW DEPTH        MM                                 MM  MM
 24 HR TOTAL       MM                                 MM
 STORM TOTAL       MM                                 MM

DEGREE_DAYS
HEATING TOTAL    7335              7974    -639     8607
 SINCE 7/1       2884              3289    -405     3429
COOLING TOTAL     197               171      26      324
 SINCE 1/1        197               172      25      324

FREEZE DATES
RECORD
 EARLIEST     MM
 LATEST       MM
EARLIEST                        MM
LATEST                          MM
..................................................

WIND (MPH)
AVERAGE WIND SPEED              5.6
RESULTANT WIND SPEED/DIRECTION   1/212
HIGHEST WIND SPEED/DIRECTION    48/250    DATE  06/10
HIGHEST GUST SPEED/DIRECTION    63/250    DATE  06/10

SKY COVER
POSSIBLE SUNSHINE (PERCENT)   MM
AVERAGE SKY COVER           0.30
NUMBER OF DAYS FAIR          219
NUMBER OF DAYS PC             86
NUMBER OF DAYS CLOUDY         58

AVERAGE RH (PERCENT)     57

WEATHER CONDITIONS. NUMBER OF DAYS WITH
THUNDERSTORM             57     MIXED PRECIP               0
HEAVY RAIN               28     RAIN                      37
LIGHT RAIN              120     FREEZING RAIN              0
LT FREEZING RAIN          3     HAIL                       0
HEAVY SNOW               15     SNOW                      29
LIGHT SNOW               72     SLEET                      0
FOG                     101     FOG W/VIS <= 1/4 MILE     25
HAZE                     41

-  INDICATES NEGATIVE NUMBERS.
R  INDICATES RECORD WAS SET OR TIED.
MM INDICATES DATA IS MISSING.
T  INDICATES TRACE AMOUNT.

$$
