000
CXUS53 KEAX 031454
CLAIRK

CLIMATE REPORT
NATIONAL WEATHER SERVICE KANSAS CITY/PLEASANT HILL MO
851 AM CST TUE JAN 3 2017

...................................

...THE KIRKSVILLE MO CLIMATE SUMMARY FOR THE YEAR OF 2016...

CLIMATE NORMAL PERIOD 1981 TO 2010
CLIMATE RECORD PERIOD 9999 TO 9999

WEATHER         OBSERVED          NORMAL  DEPART
                 VALUE   DATE(S)  VALUE   FROM
                                          NORMAL
................................................
TEMPERATURE (F)
HIGHEST            97   06/15        95       2
LOWEST            -10   12/18        -5      -5
AVG. MAXIMUM     65.0              61.6     3.4
AVG. MINIMUM     44.4              41.4     3.0
MEAN             54.7              51.5     3.2
DAYS MAX >= 90     31              19.1    11.9
DAYS MAX <= 32     30              37.3    -7.3
DAYS MIN <= 32    104             123.0   -19.0
DAYS MIN <= 0       5               8.3    -3.3

PRECIPITATION (INCHES)
TOTALS          30.95             39.31   -8.36
DAILY AVG.       0.08              0.11   -0.03
DAYS >= .01       102             114.0   -12.0
DAYS >= .10        62              66.3    -4.3
DAYS >= .50        23              26.2    -3.2
DAYS >= 1.00        5              10.0    -5.0
GREATEST
 24 HR. TOTAL    1.36   MM

DEGREE_DAYS
HEATING TOTAL    4910              5856    -946
COOLING TOTAL    1313               940     373
.................................................

WIND (MPH)
AVERAGE WIND SPEED              8.2
HIGHEST WIND SPEED/DIRECTION    43/100    DATE  04/26
HIGHEST GUST SPEED/DIRECTION    55/100    DATE  04/26

SKY COVER
POSSIBLE SUNSHINE (PERCENT)   MM
AVERAGE SKY COVER           0.30
NUMBER OF DAYS FAIR          217
NUMBER OF DAYS PC             94
NUMBER OF DAYS CLOUDY         55

AVERAGE RH (PERCENT)     71

WEATHER CONDITIONS. NUMBER OF DAYS WITH
THUNDERSTORM             61     MIXED PRECIP               0
HEAVY RAIN               46     RAIN                      52
LIGHT RAIN              120     FREEZING RAIN              1
LT FREEZING RAIN          2     HAIL                       0
HEAVY SNOW                2     SNOW                       4
LIGHT SNOW               24     SLEET                      0
FOG                     155     FOG W/VIS <= 1/4 MILE     28
HAZE                     34

-  INDICATES NEGATIVE NUMBERS.
R  INDICATES RECORD WAS SET OR TIED.
MM INDICATES DATA IS MISSING.
T  INDICATES TRACE AMOUNT.

$$
