000
CXUS53 KEAX 021607
CLAIRK

CLIMATE REPORT
NATIONAL WEATHER SERVICE KANSAS CITY/PLEASANT HILL MO
1001 AM CST TUE JAN 2 2018

...................................

...THE KIRKSVILLE MO CLIMATE SUMMARY FOR THE YEAR OF 2017...

CLIMATE NORMAL PERIOD 1981 TO 2010
CLIMATE RECORD PERIOD 9999 TO 9999

WEATHER         OBSERVED          NORMAL  DEPART
                 VALUE   DATE(S)  VALUE   FROM
                                          NORMAL
................................................
TEMPERATURE (F)
HIGHEST            96   07/22        95       1
                        07/21
LOWEST            -10   12/31        -5      -5
AVG. MAXIMUM     65.4              61.6     3.8
AVG. MINIMUM     43.2              41.4     1.8
MEAN             54.3              51.5     2.8
DAYS MAX >= 90     31              19.1    11.9
DAYS MAX <= 32     24              37.3   -13.3
DAYS MIN <= 32    106             123.0   -17.0
DAYS MIN <= 0       7               8.3    -1.3

PRECIPITATION (INCHES)
TOTALS          32.34             39.31   -6.97
DAILY AVG.       0.09              0.11   -0.02
DAYS >= .01        87             114.0   -27.0
DAYS >= .10        53              66.3   -13.3
DAYS >= .50        27              26.2     0.8
DAYS >= 1.00        8              10.0    -2.0
GREATEST
 24 HR. TOTAL    3.20   MM

DEGREE_DAYS
HEATING TOTAL    4936              5856    -920
COOLING TOTAL    1121               940     181
.................................................

WIND (MPH)
AVERAGE WIND SPEED              8.6
HIGHEST WIND SPEED/DIRECTION    37/290    DATE  12/13
HIGHEST GUST SPEED/DIRECTION    60/260    DATE  03/06

SKY COVER
POSSIBLE SUNSHINE (PERCENT)   MM
AVERAGE SKY COVER           0.30
NUMBER OF DAYS FAIR          220
NUMBER OF DAYS PC             85
NUMBER OF DAYS CLOUDY         60

AVERAGE RH (PERCENT)     70

WEATHER CONDITIONS. NUMBER OF DAYS WITH
THUNDERSTORM             45     MIXED PRECIP               0
HEAVY RAIN               32     RAIN                      34
LIGHT RAIN               76     FREEZING RAIN              2
LT FREEZING RAIN          4     HAIL                       0
HEAVY SNOW                0     SNOW                       1
LIGHT SNOW               12     SLEET                      0
FOG                     155     FOG W/VIS <= 1/4 MILE     28
HAZE                     41

-  INDICATES NEGATIVE NUMBERS.
R  INDICATES RECORD WAS SET OR TIED.
MM INDICATES DATA IS MISSING.
T  INDICATES TRACE AMOUNT.

$$
