000
CXUS53 KILX 011557
CLALWV

CHICLALWV 000
TTAA00 KILX 011551


CLIMATE REPORT
NATIONAL WEATHER SERVICE LINCOLN IL
940 AM CST WED JAN 1 2014

...................................

...THE LAWRENCEVILLE IL AIRPORT CLIMATE SUMMARY FOR THE YEAR OF 2013...

CLIMATE NORMAL PERIOD 1981 TO 2010
CLIMATE RECORD PERIOD 9999 TO 9999

WEATHER         OBSERVED          NORMAL  DEPART  LAST YEAR`S
                 VALUE   DATE(S)  VALUE   FROM    VALUE  DATE(S)
                                          NORMAL
................................................................
TEMPERATURE (F)
RECORD
 HIGH              MM   MM
 LOW               MM   MM
HIGHEST            99   08/31        MM      MM      108  06/28
LOWEST             -4   12/12        MM      MM       -1  12/30
AVG. MAXIMUM     63.8              66.1    -2.3     69.9
AVG. MINIMUM     44.2              45.8    -1.6     47.1
MEAN             54.0              56.0    -2.0     58.5
DAYS MAX >= 90     26              37.1   -11.1       71
DAYS MAX <= 32     22              17.3     4.7        9
DAYS MIN <= 32    118              89.8    28.2       91
DAYS MIN <= 0       1               2.2    -1.2        1

PRECIPITATION (INCHES)
RECORD
 MAXIMUM           MM   MM
 MINIMUM           MM   MM
TOTALS          55.15             43.88   11.27       MM
DAILY AVG.       0.15                                 MM
DAYS >= .01       113                MM      MM       MM
DAYS >= .10        74                MM      MM       MM
DAYS >= .50        35                MM      MM       MM
DAYS >= 1.00       16                MM      MM       MM
GREATEST
 24 HR. TOTAL    3.49   MM                            MM

DEGREE_DAYS
HEATING TOTAL    5179              4680     499     3945
COOLING TOTAL    1287              1387    -100     1708

FREEZE DATES
RECORD
 EARLIEST     MM
 LATEST       MM
EARLIEST                        MM
LATEST                          MM
.................................................................

SKY COVER
POSSIBLE SUNSHINE (PERCENT)   MM



-  INDICATES NEGATIVE NUMBERS.
R  INDICATES RECORD WAS SET OR TIED.
MM INDICATES DATA IS MISSING.
T  INDICATES TRACE AMOUNT.

$$
