000
CXUS53 KGJT 011403
CLAMTJ


CLIMATE REPORT
NATIONAL WEATHER SERVICE GRAND JUNCTION CO
642 AM MST SUN JAN 1 2017

...................................

...THE MONTROSE CO CLIMATE SUMMARY FOR THE YEAR OF 2016...

CLIMATE NORMAL PERIOD 1981 TO 2010
CLIMATE RECORD PERIOD 9999 TO 9999

WEATHER         OBSERVED          NORMAL  DEPART  LAST YEAR`S
                 VALUE   DATE(S)  VALUE   FROM    VALUE  DATE(S)
                                          NORMAL
................................................................
TEMPERATURE (F)
RECORD
 HIGH              MM   MM
 LOW               MM   MM
HIGHEST            99   06/21        MM      MM       98  06/30
                        06/20                             06/21
LOWEST             -5   02/04        MM      MM      -10  12/27
AVG. MAXIMUM     64.8              63.7     1.1     65.2
AVG. MINIMUM     37.4              35.8     1.6     38.0
MEAN             51.1              49.8     1.3     51.6
DAYS MAX >= 90     40              33.1     6.9       35
DAYS MAX <= 32     23              18.4     4.6       19
DAYS MIN <= 32    144             156.5   -12.5      142
DAYS MIN <= 0       3               3.5    -0.5        4

PRECIPITATION (INCHES)
RECORD
 MAXIMUM           MM   MM
 MINIMUM           MM   MM
TOTALS           7.62             11.32   -3.70    10.25
DAILY AVG.       0.02              0.03   -0.01     0.03
DAYS >= .01        72                MM      MM       92
DAYS >= .10        24                MM      MM       40
DAYS >= .50         1                MM      MM        3
DAYS >= 1.00        0                MM      MM        0
GREATEST
 24 HR. TOTAL    0.91   MM                       12/31 TO 12/31
 STORM TOTAL       MM                                 MM

SNOWFALL (INCHES)
RECORDS
 TOTAL             MM   MM
 24 HR TOTAL       MM
 SNOW DEPTH        MM   MM
TOTALS             MM                MM      MM       MM
 LIQUID EQUIV      MM                MM      MM       MM
SINCE 7/1          MM                MM      MM       MM
 LIQUID 7/1        MM                MM      MM       MM
SNOWDEPTH AVG.     MM                MM      MM       MM
DAYS >= TRACE      MM                MM      MM       MM
DAYS >= 1.0        MM                MM      MM       MM
GREATEST
 SNOW DEPTH        MM                                 MM  MM
 24 HR TOTAL       MM                                 MM
 STORM TOTAL       MM                                 MM

DEGREE_DAYS
HEATING TOTAL    5708              6202    -494     5514
 SINCE 7/1       2155              2608    -453     2357
COOLING TOTAL     726               644      82      735
 SINCE 1/1        726               643      83      735

FREEZE DATES
RECORD
 EARLIEST     MM
 LATEST       MM
EARLIEST                        MM
LATEST                          MM
..................................................

WIND (MPH)
AVERAGE WIND SPEED              7.2
RESULTANT WIND SPEED/DIRECTION   3/158
HIGHEST WIND SPEED/DIRECTION    45/210    DATE  02/18
HIGHEST GUST SPEED/DIRECTION    59/210    DATE  10/16

SKY COVER
POSSIBLE SUNSHINE (PERCENT)   MM
AVERAGE SKY COVER           0.20
NUMBER OF DAYS FAIR          256
NUMBER OF DAYS PC             73
NUMBER OF DAYS CLOUDY         37

AVERAGE RH (PERCENT)     50

WEATHER CONDITIONS. NUMBER OF DAYS WITH
THUNDERSTORM             49     MIXED PRECIP               0
HEAVY RAIN                6     RAIN                      27
LIGHT RAIN              101     FREEZING RAIN              0
LT FREEZING RAIN          0     HAIL                       0
HEAVY SNOW                3     SNOW                      10
LIGHT SNOW               41     SLEET                      0
FOG                      55     FOG W/VIS <= 1/4 MILE      7
HAZE                     47

-  INDICATES NEGATIVE NUMBERS.
R  INDICATES RECORD WAS SET OR TIED.
MM INDICATES DATA IS MISSING.
T  INDICATES TRACE AMOUNT.

$$
