000
CXUS53 KEAX 010820
CLAOJC

STLCLMWA5 000
TTAA00 KEAX 010800


CLIMATE REPORT
NATIONAL WEATHER SERVICE KANSAS CITY/PLEASANT HILL MO
159 AM CST WED JAN 1 2014

...................................

...THE JOHNSON COUNTY EXECUTIVE KS CLIMATE SUMMARY FOR THE
YEAR OF 2013...

CLIMATE NORMAL PERIOD 1981 TO 2010
CLIMATE RECORD PERIOD 9999 TO 9999

WEATHER         OBSERVED          NORMAL  DEPART
                 VALUE   DATE(S)  VALUE   FROM
                                          NORMAL
................................................
TEMPERATURE (F)
HIGHEST            99   06/26        98       1
LOWEST              1   12/24         2      -1
AVG. MAXIMUM     63.0              64.8    -1.8
AVG. MINIMUM     43.7              45.5    -1.8
MEAN             53.4              55.2    -1.8
DAYS MAX >= 90     29              33.2    -4.2
DAYS MAX <= 32     35              22.5    12.5
DAYS MIN <= 32    126              98.5    27.5
DAYS MIN <= 0       0               3.1    -3.1

PRECIPITATION (INCHES)
TOTALS          36.54             40.04   -3.50
DAILY AVG.       0.10              0.11   -0.01
DAYS >= .01       105             100.3     4.7
DAYS >= .10        62              65.0    -3.0
DAYS >= .50        25              25.7    -0.7
DAYS >= 1.00        7              11.4    -4.4
GREATEST
 24 HR. TOTAL    4.24   MM

DEGREE_DAYS
HEATING TOTAL    5466              4935     531
COOLING TOTAL    1346              1348      -2
.................................................

WIND (MPH)
AVERAGE WIND SPEED              8.4
HIGHEST WIND SPEED/DIRECTION    49/170    DATE  06/15
HIGHEST GUST SPEED/DIRECTION    62/180    DATE  06/15

SKY COVER
POSSIBLE SUNSHINE (PERCENT)   MM
AVERAGE SKY COVER           0.30
NUMBER OF DAYS FAIR          223
NUMBER OF DAYS PC             86
NUMBER OF DAYS CLOUDY         56

AVERAGE RH (PERCENT)     68

WEATHER CONDITIONS. NUMBER OF DAYS WITH
THUNDERSTORM              0     MIXED PRECIP               1
HEAVY RAIN               34     RAIN                      46
LIGHT RAIN              101     FREEZING RAIN              0
LT FREEZING RAIN          5     HAIL                       0
HEAVY SNOW                4     SNOW                      10
LIGHT SNOW               30     SLEET                      0
FOG                     163     FOG W/VIS <= 1/4 MILE     25
HAZE                     58

-  INDICATES NEGATIVE NUMBERS.
R  INDICATES RECORD WAS SET OR TIED.
MM INDICATES DATA IS MISSING.
T  INDICATES TRACE AMOUNT.

$$
