000
CDUS41 KBTV 190529
CLI1V4


CLIMATE REPORT
NATIONAL WEATHER SERVICE BURLINGTON VT
127 AM EDT THU OCT 19 2017


...................................

...THE ST. JOHNSBURY VT CLIMATE SUMMARY FOR OCTOBER 18 2017...

CLIMATE NORMAL PERIOD 1981 TO 2010
CLIMATE RECORD PERIOD 1894 TO 2017


WEATHER ITEM   OBSERVED TIME   RECORD YEAR NORMAL DEPARTURE LAST
                VALUE   (LST)  VALUE       VALUE  FROM      YEAR
                                                  NORMAL
..................................................................
TEMPERATURE (F)
 YESTERDAY
  MAXIMUM         67        MM  82    1947  57     10       63
  MINIMUM         40        MM  18    1978  36      4       53
  AVERAGE         54                        46      8       58

PRECIPITATION (IN)
  YESTERDAY        0.00          1.14 1948   0.12  -0.12     0.01
  MONTH TO DATE    1.55                      2.30  -0.75     0.13
  SINCE SEP 1      4.76                      5.69  -0.93     1.62
  SINCE JAN 1     34.30                     31.45   2.85    29.56

DEGREE DAYS
 HEATING
  YESTERDAY       11                        19     -8        7
  MONTH TO DATE  183                       278    -95      206
  SINCE SEP 1    313                       462   -149      352
  SINCE JUL 1    404                       512   -108      379

 COOLING
  YESTERDAY        0                         0      0        0
  MONTH TO DATE    1                         0      1        0
  SINCE SEP 1     68                        34     34       49
  SINCE JAN 1    330                       432   -102      457
..................................................................


WIND (MPH)
  HIGHEST WIND SPEED    MM   HIGHEST WIND DIRECTION    MM
  HIGHEST GUST SPEED    MM   HIGHEST GUST DIRECTION    MM
  AVERAGE WIND SPEED    MM


SKY COVER
  AVERAGE SKY COVER 0.0


WEATHER CONDITIONS
 THE FOLLOWING WEATHER WAS RECORDED YESTERDAY.
  NO SIGNIFICANT WEATHER WAS OBSERVED.


RELATIVE HUMIDITY (PERCENT)
 HIGHEST    96          1000 PM
 LOWEST     34           200 PM
 AVERAGE    65

..........................................................


THE ST. JOHNSBURY VT CLIMATE NORMALS FOR TODAY
                         NORMAL    RECORD    YEAR
 MAXIMUM TEMPERATURE (F)   57        79      1968
 MINIMUM TEMPERATURE (F)   35        17      1972


SUNRISE AND SUNSET
OCTOBER 19 2017.......SUNRISE   708 AM EDT   SUNSET   557 PM EDT
OCTOBER 20 2017.......SUNRISE   710 AM EDT   SUNSET   555 PM EDT


-  INDICATES NEGATIVE NUMBERS.
R  INDICATES RECORD WAS SET OR TIED.
MM INDICATES DATA IS MISSING.
T  INDICATES TRACE AMOUNT.




$$
