000
CDUS41 KBTV 300543
CLI1V4


CLIMATE REPORT
NATIONAL WEATHER SERVICE BURLINGTON VT
143 AM EDT TUE SEP 30 2014


...................................

...THE ST. JOHNSBURY VT CLIMATE SUMMARY FOR SEPTEMBER 29 2014...

CLIMATE NORMAL PERIOD 1981 TO 2010
CLIMATE RECORD PERIOD 1894 TO 2014


WEATHER ITEM   OBSERVED TIME   RECORD YEAR NORMAL DEPARTURE LAST
                VALUE   (LST)  VALUE       VALUE  FROM      YEAR
                                                  NORMAL
..................................................................
TEMPERATURE (F)
 YESTERDAY
  MAXIMUM         73    359 PM  82    1952  65      8       72
  MINIMUM         53    359 AM  24    1947  43     10       45
  AVERAGE         63                        54      9       59

PRECIPITATION (IN)
  YESTERDAY        0.01          1.45 1907   0.13  -0.12     0.00
  MONTH TO DATE    1.43                      3.27  -1.84     3.65
  SINCE SEP 1      1.43                      3.27  -1.84     3.65
  SINCE JAN 1     28.87                     29.03  -0.16    28.62

DEGREE DAYS
 HEATING
  YESTERDAY        2                        11     -9        6
  MONTH TO DATE  223                       174     49      240
  SINCE SEP 1    223                       174     49      240
  SINCE JUL 1    280                       224     56      300

 COOLING
  YESTERDAY        0                         0      0        0
  MONTH TO DATE   28                        33     -5       40
  SINCE SEP 1     28                        33     -5       40
  SINCE JAN 1    247                       431   -184      407
..................................................................


WIND (MPH)
  HIGHEST WIND SPEED    MM   HIGHEST WIND DIRECTION    MM
  HIGHEST GUST SPEED    MM   HIGHEST GUST DIRECTION    MM
  AVERAGE WIND SPEED    MM


SKY COVER
  AVERAGE SKY COVER 0.0


WEATHER CONDITIONS
 THE FOLLOWING WEATHER WAS RECORDED YESTERDAY.
  NO SIGNIFICANT WEATHER WAS OBSERVED.


RELATIVE HUMIDITY (PERCENT)
 HIGHEST   100           100 AM
 LOWEST     57          1100 AM
 AVERAGE    79

..........................................................


THE ST. JOHNSBURY VT CLIMATE NORMALS FOR TODAY
                         NORMAL    RECORD    YEAR
 MAXIMUM TEMPERATURE (F)   65        85      1927
 MINIMUM TEMPERATURE (F)   43        22      1941


SUNRISE AND SUNSET
SEPTEMBER 30 2014.....SUNRISE   645 AM EDT   SUNSET   631 PM EDT
OCTOBER  1 2014.......SUNRISE   646 AM EDT   SUNSET   629 PM EDT


-  INDICATES NEGATIVE NUMBERS.
R  INDICATES RECORD WAS SET OR TIED.
MM INDICATES DATA IS MISSING.
T  INDICATES TRACE AMOUNT.




$$
