000
CDUS41 KBTV 250527
CLI1V4


CLIMATE REPORT
NATIONAL WEATHER SERVICE BURLINGTON VT
125 AM EDT THU AUG 25 2016


...................................

...THE ST. JOHNSBURY VT CLIMATE SUMMARY FOR AUGUST 24 2016...

CLIMATE NORMAL PERIOD 1981 TO 2010
CLIMATE RECORD PERIOD 1894 TO 2016


WEATHER ITEM   OBSERVED TIME   RECORD YEAR NORMAL DEPARTURE LAST
                VALUE   (LST)  VALUE       VALUE  FROM      YEAR
                                                  NORMAL
..................................................................
TEMPERATURE (F)
 YESTERDAY
  MAXIMUM         84        MM  97    1909  78      6       83
  MINIMUM         54        MM  37    1987  56     -2       64
  AVERAGE         69                        67      2       74

PRECIPITATION (IN)
  YESTERDAY        0.00          2.58 1933   0.11  -0.11     0.00
  MONTH TO DATE    5.31                      3.49   1.82     2.14
  SINCE JUN 1     15.13                     11.62   3.51    15.52
  SINCE JAN 1     27.71                     25.03   2.68    26.89

DEGREE DAYS
 HEATING
  YESTERDAY        0                         1     -1        0
  MONTH TO DATE   10                        23    -13        5
  SINCE JUN 1    117                       110      7      143
  SINCE JUL 1     26                        38    -12       34

 COOLING
  YESTERDAY        4                         3      1        9
  MONTH TO DATE  120                       101     19      125
  SINCE JUN 1    339                       360    -21      299
  SINCE JAN 1    382                       378      4      337
..................................................................


WIND (MPH)
  HIGHEST WIND SPEED    MM   HIGHEST WIND DIRECTION    MM
  HIGHEST GUST SPEED    MM   HIGHEST GUST DIRECTION    MM
  AVERAGE WIND SPEED    MM


SKY COVER
  AVERAGE SKY COVER 0.0


WEATHER CONDITIONS
 THE FOLLOWING WEATHER WAS RECORDED YESTERDAY.
  NO SIGNIFICANT WEATHER WAS OBSERVED.


RELATIVE HUMIDITY (PERCENT)
 HIGHEST   100           700 AM
 LOWEST     43           100 PM
 AVERAGE    72

..........................................................


THE ST. JOHNSBURY VT CLIMATE NORMALS FOR TODAY
                         NORMAL    RECORD    YEAR
 MAXIMUM TEMPERATURE (F)   78        99      1909
 MINIMUM TEMPERATURE (F)   56        35      1987


SUNRISE AND SUNSET
AUGUST 25 2016........SUNRISE   603 AM EDT   SUNSET   736 PM EDT
AUGUST 26 2016........SUNRISE   604 AM EDT   SUNSET   734 PM EDT


-  INDICATES NEGATIVE NUMBERS.
R  INDICATES RECORD WAS SET OR TIED.
MM INDICATES DATA IS MISSING.
T  INDICATES TRACE AMOUNT.




$$
