000
CDUS41 KBTV 190538
CLI1V4


CLIMATE REPORT
NATIONAL WEATHER SERVICE BURLINGTON VT
1236 AM EST SUN FEB 19 2017


...................................

...THE ST. JOHNSBURY VT CLIMATE SUMMARY FOR FEBRUARY 18 2017...

CLIMATE NORMAL PERIOD 1981 TO 2010
CLIMATE RECORD PERIOD 1894 TO 2017


WEATHER ITEM   OBSERVED TIME   RECORD YEAR NORMAL DEPARTURE LAST
                VALUE   (LST)  VALUE       VALUE  FROM      YEAR
                                                  NORMAL
..................................................................
TEMPERATURE (F)
 YESTERDAY
  MAXIMUM         47        MM  59    1981  32     15       27
  MINIMUM          6        MM -31    1979   8     -2        9
  AVERAGE         27                        20      7       18

PRECIPITATION (IN)
  YESTERDAY        0.00          1.27 1952   0.07  -0.07     0.00
  MONTH TO DATE    2.86                      1.43   1.43     1.18
  SINCE DEC 1      8.29                      7.02   1.27     7.27
  SINCE JAN 1      4.72                      3.94   0.78     2.37

DEGREE DAYS
 HEATING
  YESTERDAY       38                        45     -7       47
  MONTH TO DATE  812                       843    -31      769
  SINCE DEC 1   3262                      3636   -374     3017
  SINCE JUL 1   4722                      5292   -570     4494

 COOLING
  YESTERDAY        0                         0      0        0
  MONTH TO DATE    0                         0      0        0
  SINCE DEC 1      0                         0      0        0
  SINCE JAN 1      0                         0      0        0
..................................................................


WIND (MPH)
  HIGHEST WIND SPEED    MM   HIGHEST WIND DIRECTION    MM
  HIGHEST GUST SPEED    MM   HIGHEST GUST DIRECTION    MM
  AVERAGE WIND SPEED    MM


SKY COVER
  AVERAGE SKY COVER 0.0


WEATHER CONDITIONS
 THE FOLLOWING WEATHER WAS RECORDED YESTERDAY.
  NO SIGNIFICANT WEATHER WAS OBSERVED.


RELATIVE HUMIDITY (PERCENT)
 HIGHEST    92          1000 PM
 LOWEST     43           200 PM
 AVERAGE    68

..........................................................


THE ST. JOHNSBURY VT CLIMATE NORMALS FOR TODAY
                         NORMAL    RECORD    YEAR
 MAXIMUM TEMPERATURE (F)   32        59      1981
 MINIMUM TEMPERATURE (F)    9       -22      1944


SUNRISE AND SUNSET
FEBRUARY 19 2017......SUNRISE   641 AM EST   SUNSET   523 PM EST
FEBRUARY 20 2017......SUNRISE   640 AM EST   SUNSET   524 PM EST


-  INDICATES NEGATIVE NUMBERS.
R  INDICATES RECORD WAS SET OR TIED.
MM INDICATES DATA IS MISSING.
T  INDICATES TRACE AMOUNT.




$$
