000
CDUS41 KBTV 280523
CLI1V4


CLIMATE REPORT
NATIONAL WEATHER SERVICE BURLINGTON VT
121 AM EDT WED SEP 28 2016


...................................

...THE ST. JOHNSBURY VT CLIMATE SUMMARY FOR SEPTEMBER 27 2016...

CLIMATE NORMAL PERIOD 1981 TO 2010
CLIMATE RECORD PERIOD 1894 TO 2016


WEATHER ITEM   OBSERVED TIME   RECORD YEAR NORMAL DEPARTURE LAST
                VALUE   (LST)  VALUE       VALUE  FROM      YEAR
                                                  NORMAL
..................................................................
TEMPERATURE (F)
 YESTERDAY
  MAXIMUM         70        MM  84    1933  66      4       70
  MINIMUM         48        MM  22    1947  44      4       35
  AVERAGE         59                        55      4       53

PRECIPITATION (IN)
  YESTERDAY        0.12          1.86 2002   0.12   0.00     0.01
  MONTH TO DATE    1.48                      3.01  -1.53     2.21
  SINCE SEP 1      1.48                      3.01  -1.53     2.21
  SINCE JAN 1     29.42                     28.77   0.65    30.70

DEGREE DAYS
 HEATING
  YESTERDAY        6                        10     -4       12
  MONTH TO DATE  115                       152    -37       85
  SINCE SEP 1    115                       152    -37       85
  SINCE JUL 1    142                       202    -60      121

 COOLING
  YESTERDAY        0                         0      0        0
  MONTH TO DATE   49                        33     16       79
  SINCE SEP 1     49                        33     16       79
  SINCE JAN 1    457                       431     26      437
..................................................................


WIND (MPH)
  HIGHEST WIND SPEED    MM   HIGHEST WIND DIRECTION    MM
  HIGHEST GUST SPEED    MM   HIGHEST GUST DIRECTION    MM
  AVERAGE WIND SPEED    MM


SKY COVER
  AVERAGE SKY COVER 0.0


WEATHER CONDITIONS
 THE FOLLOWING WEATHER WAS RECORDED YESTERDAY.
  NO SIGNIFICANT WEATHER WAS OBSERVED.


RELATIVE HUMIDITY (PERCENT)
 HIGHEST   100           400 AM
 LOWEST     44           300 PM
 AVERAGE    72

..........................................................


THE ST. JOHNSBURY VT CLIMATE NORMALS FOR TODAY
                         NORMAL    RECORD    YEAR
 MAXIMUM TEMPERATURE (F)   66        83      1908
 MINIMUM TEMPERATURE (F)   44        22      1947


SUNRISE AND SUNSET
SEPTEMBER 28 2016.....SUNRISE   643 AM EDT   SUNSET   633 PM EDT
SEPTEMBER 29 2016.....SUNRISE   644 AM EDT   SUNSET   632 PM EDT


-  INDICATES NEGATIVE NUMBERS.
R  INDICATES RECORD WAS SET OR TIED.
MM INDICATES DATA IS MISSING.
T  INDICATES TRACE AMOUNT.




$$
