000
CDUS41 KBTV 290522
CLI1V4


CLIMATE REPORT
NATIONAL WEATHER SERVICE BURLINGTON VT
121 AM EDT TUE JUL 29 2014


...................................

...THE ST. JOHNSBURY VT CLIMATE SUMMARY FOR JULY 28 2014...

CLIMATE NORMAL PERIOD 1981 TO 2010
CLIMATE RECORD PERIOD 1894 TO 2014


WEATHER ITEM   OBSERVED TIME   RECORD YEAR NORMAL DEPARTURE LAST
                VALUE   (LST)  VALUE       VALUE  FROM      YEAR
                                                  NORMAL
..................................................................
TEMPERATURE (F)
 YESTERDAY
  MAXIMUM         70        MM  99    1909  81    -11       77
  MINIMUM         60        MM  40    1903  59      1       57
  AVERAGE         65                        70     -5       67

PRECIPITATION (IN)
  YESTERDAY        0.96          4.99 1913   0.15   0.81     0.05
  MONTH TO DATE    6.68                      3.68   3.00     5.38
  SINCE JUN 1      9.95                      7.69   2.26     9.85
  SINCE JAN 1     25.65                     21.10   4.55    22.23

DEGREE DAYS
 HEATING
  YESTERDAY        0                         0      0        0
  MONTH TO DATE    8                        10     -2        9
  SINCE JUN 1     77                        82     -5      122
  SINCE JUL 1      8                        10     -2        9

 COOLING
  YESTERDAY        0                         5     -5        2
  MONTH TO DATE  111                       155    -44      183
  SINCE JUN 1    158                       245    -87      263
  SINCE JAN 1    162                       263   -101      279
..................................................................


WIND (MPH)
  HIGHEST WIND SPEED    MM   HIGHEST WIND DIRECTION    MM
  HIGHEST GUST SPEED    MM   HIGHEST GUST DIRECTION    MM
  AVERAGE WIND SPEED    MM


SKY COVER
  AVERAGE SKY COVER 0.0


WEATHER CONDITIONS
 THE FOLLOWING WEATHER WAS RECORDED YESTERDAY.
  NO SIGNIFICANT WEATHER WAS OBSERVED.


RELATIVE HUMIDITY (PERCENT)
 HIGHEST   100           100 AM
 LOWEST     78           300 PM
 AVERAGE    89

..........................................................


THE ST. JOHNSBURY VT CLIMATE NORMALS FOR TODAY
                         NORMAL    RECORD    YEAR
 MAXIMUM TEMPERATURE (F)   81        97      1959
 MINIMUM TEMPERATURE (F)   59        42      1987


SUNRISE AND SUNSET
JULY 29 2014..........SUNRISE   532 AM EDT   SUNSET   817 PM EDT
JULY 30 2014..........SUNRISE   533 AM EDT   SUNSET   815 PM EDT


-  INDICATES NEGATIVE NUMBERS.
R  INDICATES RECORD WAS SET OR TIED.
MM INDICATES DATA IS MISSING.
T  INDICATES TRACE AMOUNT.




$$
