000
CDUS43 KUNR 200836
CLI2WX


CLIMATE REPORT
NATIONAL WEATHER SERVICE RAPID CITY SD
234 AM MDT SUN APR 20 2014


...................................

...THE BUFFALO SD CLIMATE SUMMARY FOR APRIL 19 2014...

CLIMATE NORMAL PERIOD 1981 TO 2010
CLIMATE RECORD PERIOD 9999 TO 9999


WEATHER ITEM   OBSERVED TIME   RECORD YEAR NORMAL DEPARTURE LAST
                VALUE   (LST)  VALUE       VALUE  FROM      YEAR
                                                  NORMAL
..................................................................
TEMPERATURE (F)
 YESTERDAY
  MAXIMUM         65    326 PM              57      8       44
  MINIMUM         32    500 AM              33     -1       27
  AVERAGE         49                        45      4       36

PRECIPITATION (IN)
  YESTERDAY        0.00         MM      MM   0.05  -0.05     0.00
  MONTH TO DATE    0.27                      0.84  -0.57     0.90
  SINCE MAR 1      1.15                      1.61  -0.46     1.23
  SINCE JAN 1      1.73                      2.18  -0.45     1.38

DEGREE DAYS
 HEATING
  YESTERDAY       16                        20     -4       29
  MONTH TO DATE  501                       449     52      590
  SINCE MAR 1   1610                      1455    155     1649
  SINCE JUL 1   7667                      7252    415     6986

 COOLING
  YESTERDAY        0                         0      0        0
  MONTH TO DATE    0                         0      0        0
  SINCE MAR 1      0                         0      0        0
  SINCE JAN 1      0                         0      0        0
..................................................................


WIND (MPH)
  HIGHEST WIND SPEED    31   HIGHEST WIND DIRECTION     W (290)
  HIGHEST GUST SPEED    38   HIGHEST GUST DIRECTION     W (290)
  AVERAGE WIND SPEED    13.3




RELATIVE HUMIDITY (PERCENT)
 HIGHEST    75           400 AM
 LOWEST     17           600 PM
 AVERAGE    46

..........................................................




SUNRISE AND SUNSET
APRIL 20 2014.........SUNRISE   600 AM MDT   SUNSET   747 PM MDT
APRIL 21 2014.........SUNRISE   558 AM MDT   SUNSET   748 PM MDT


-  INDICATES NEGATIVE NUMBERS.
R  INDICATES RECORD WAS SET OR TIED.
MM INDICATES DATA IS MISSING.
T  INDICATES TRACE AMOUNT.




$$
