000
CDUS43 KUNR 190834
CLI2WX


CLIMATE REPORT
NATIONAL WEATHER SERVICE RAPID CITY SD
232 AM MDT FRI SEP 19 2014


...................................

...THE BUFFALO SD CLIMATE SUMMARY FOR SEPTEMBER 18 2014...

CLIMATE NORMAL PERIOD 1981 TO 2010
CLIMATE RECORD PERIOD 9999 TO 9999


WEATHER ITEM   OBSERVED TIME   RECORD YEAR NORMAL DEPARTURE LAST
                VALUE   (LST)  VALUE       VALUE  FROM      YEAR
                                                  NORMAL
..................................................................
TEMPERATURE (F)
 YESTERDAY
  MAXIMUM         84    247 PM              71     13       80
  MINIMUM         52    624 AM              43      9       51
  AVERAGE         68                        57     11       66

PRECIPITATION (IN)
  YESTERDAY        0.00         MM      MM   0.04  -0.04     0.00
  MONTH TO DATE    0.33                      0.76  -0.43     1.84
  SINCE SEP 1      0.33                      0.76  -0.43     1.84
  SINCE JAN 1     14.70                     12.90   1.80    11.32

DEGREE DAYS
 HEATING
  YESTERDAY        0                         9     -9        0
  MONTH TO DATE  176                       102     74       10
  SINCE SEP 1    176                       102     74       10
  SINCE JUL 1    227                       154     73       22

 COOLING
  YESTERDAY        3                         1      2        1
  MONTH TO DATE   12                        38    -26       96
  SINCE SEP 1     12                        38    -26       96
  SINCE JAN 1    377                       509   -132      583
..................................................................


WIND (MPH)
  HIGHEST WIND SPEED    33   HIGHEST WIND DIRECTION     W (290)
  HIGHEST GUST SPEED    45   HIGHEST GUST DIRECTION    NW (300)
  AVERAGE WIND SPEED    10.2




RELATIVE HUMIDITY (PERCENT)
 HIGHEST    89           500 AM
 LOWEST     42           100 PM
 AVERAGE    66

..........................................................




SUNRISE AND SUNSET
SEPTEMBER 19 2014.....SUNRISE   637 AM MDT   SUNSET   657 PM MDT
SEPTEMBER 20 2014.....SUNRISE   639 AM MDT   SUNSET   656 PM MDT


-  INDICATES NEGATIVE NUMBERS.
R  INDICATES RECORD WAS SET OR TIED.
MM INDICATES DATA IS MISSING.
T  INDICATES TRACE AMOUNT.




$$
