000
CDUS43 KUNR 020837
CLI2WX


CLIMATE REPORT
NATIONAL WEATHER SERVICE RAPID CITY SD
134 AM MST MON MAR 2 2015


...................................

...THE BUFFALO SD CLIMATE SUMMARY FOR MARCH 1 2015...

CLIMATE NORMAL PERIOD 1981 TO 2010
CLIMATE RECORD PERIOD 9999 TO 9999


WEATHER ITEM   OBSERVED TIME   NORMAL DEPARTURE LAST
                VALUE   (LST)  VALUE  FROM      YEAR
                                      NORMAL
......................................................
TEMPERATURE (F)
 YESTERDAY
  MAXIMUM         26    353 PM  38    -12       -2
  MINIMUM          7    307 AM  17    -10      -15
  AVERAGE         17            27    -10       -8

PRECIPITATION (IN)
  YESTERDAY        0.00          0.01  -0.01     0.11
  MONTH TO DATE    0.00          0.01  -0.01     0.11
  SINCE MAR 1      0.00          0.01  -0.01     0.11
  SINCE JAN 1      0.47          0.58  -0.11     0.69

DEGREE DAYS
 HEATING
  YESTERDAY       48            38     10       73
  MONTH TO DATE   48            38     10       73
  SINCE MAR 1     48            38     10       73
  SINCE JUL 1   5506          5835   -329     6130

 COOLING
  YESTERDAY        0             0      0        0
  MONTH TO DATE    0             0      0        0
  SINCE MAR 1      0             0      0        0
  SINCE JAN 1      0             0      0        0
......................................................


WIND (MPH)
  HIGHEST WIND SPEED    29   HIGHEST WIND DIRECTION    NW (310)
  HIGHEST GUST SPEED    35   HIGHEST GUST DIRECTION    NW (320)
  AVERAGE WIND SPEED    12.7




RELATIVE HUMIDITY (PERCENT)
 HIGHEST    83          1200 AM
 LOWEST     50           400 PM
 AVERAGE    67

..........................................................




SUNRISE AND SUNSET
MARCH  2 2015.........SUNRISE   631 AM MST   SUNSET   542 PM MST
MARCH  3 2015.........SUNRISE   629 AM MST   SUNSET   544 PM MST


-  INDICATES NEGATIVE NUMBERS.
R  INDICATES RECORD WAS SET OR TIED.
MM INDICATES DATA IS MISSING.
T  INDICATES TRACE AMOUNT.




$$
