000
CDUS43 KABR 271031
CLI8D3


CLIMATE REPORT
NATIONAL WEATHER SERVICE ABERDEEN SD
530 AM CDT TUE SEP 27 2016


...................................

...THE SISSETON SD CLIMATE SUMMARY FOR SEPTEMBER 26 2016...

CLIMATE NORMAL PERIOD 1981 TO 2010
CLIMATE RECORD PERIOD 1900 TO 2016


WEATHER ITEM   OBSERVED TIME   RECORD YEAR NORMAL DEPARTURE LAST
                VALUE   (LST)  VALUE       VALUE  FROM      YEAR
                                                  NORMAL
..................................................................
TEMPERATURE (F)
 YESTERDAY
  MAXIMUM         70    326 PM  92    1974  68      2       83
  MINIMUM         49    508 AM  22    1965  43      6       55
  AVERAGE         60                        55      5       69

PRECIPITATION (IN)
  YESTERDAY        0.00          0.81 1942   0.09  -0.09     0.00
  MONTH TO DATE    2.20                      2.19   0.01     0.34
  SINCE SEP 1      2.20                      2.19   0.01     0.34
  SINCE JAN 1     17.64                     18.93  -1.29    14.73

DEGREE DAYS
 HEATING
  YESTERDAY        5                        10     -5        0
  MONTH TO DATE   70                       158    -88       66
  SINCE SEP 1     70                       158    -88       66
  SINCE JUL 1     97                       201   -104      124

 COOLING
  YESTERDAY        0                         0      0        4
  MONTH TO DATE   44                        44      0      109
  SINCE SEP 1     44                        44      0      109
  SINCE JAN 1    625                       523    102      610
..................................................................


WIND (MPH)
  HIGHEST WIND SPEED    30   HIGHEST WIND DIRECTION    NW (310)
  HIGHEST GUST SPEED    39   HIGHEST GUST DIRECTION    NW (310)
  AVERAGE WIND SPEED    17.1


SKY COVER
  POSSIBLE SUNSHINE  MM
  AVERAGE SKY COVER 0.0


WEATHER CONDITIONS
 THE FOLLOWING WEATHER WAS RECORDED YESTERDAY.
  NO SIGNIFICANT WEATHER WAS OBSERVED.


RELATIVE HUMIDITY (PERCENT)
 HIGHEST    56           400 AM
 LOWEST     21           500 PM
 AVERAGE    39

..........................................................


THE SISSETON SD CLIMATE NORMALS FOR TODAY
                         NORMAL    RECORD    YEAR
 MAXIMUM TEMPERATURE (F)   67        96      1952
 MINIMUM TEMPERATURE (F)   42        24      1942


SUNRISE AND SUNSET
SEPTEMBER 27 2016.....SUNRISE   722 AM CDT   SUNSET   715 PM CDT
SEPTEMBER 28 2016.....SUNRISE   723 AM CDT   SUNSET   713 PM CDT


-  INDICATES NEGATIVE NUMBERS.
R  INDICATES RECORD WAS SET OR TIED.
MM INDICATES DATA IS MISSING.
T  INDICATES TRACE AMOUNT.




$$
