375
CDUS43 KABR 191032
CLI8D3


CLIMATE REPORT
NATIONAL WEATHER SERVICE ABERDEEN SD
531 AM CDT THU OCT 19 2017


...................................

...THE SISSETON SD CLIMATE SUMMARY FOR OCTOBER 18 2017...

CLIMATE NORMAL PERIOD 1981 TO 2010
CLIMATE RECORD PERIOD 1900 TO 2017


WEATHER ITEM   OBSERVED TIME   RECORD YEAR NORMAL DEPARTURE LAST
                VALUE   (LST)  VALUE       VALUE  FROM      YEAR
                                                  NORMAL
..................................................................
TEMPERATURE (F)
 YESTERDAY
  MAXIMUM         65   1142 AM  84    1953  56      9       66
  MINIMUM         44    736 PM  14    1972  35      9       42
  AVERAGE         55                        46      9       54

PRECIPITATION (IN)
  YESTERDAY        0.00          1.11 2012   0.07  -0.07     0.00
  MONTH TO DATE    1.48                      1.45   0.03     0.86
  SINCE SEP 1      5.69                      3.99   1.70     3.06
  SINCE JAN 1     18.41                     20.73  -2.32    18.50

SNOWFALL (IN)
  YESTERDAY        0.0
  MONTH TO DATE    0.0
  SINCE OCT 1      0.0
  SINCE JUL 1      0.0
  SNOW DEPTH       0

DEGREE DAYS
 HEATING
  YESTERDAY       10                        19     -9       11
  MONTH TO DATE  237                       287    -50      229
  SINCE SEP 1    376                       489   -113      347
  SINCE JUL 1    390                       532   -142      374

 COOLING
  YESTERDAY        0                         0      0        0
  MONTH TO DATE    0                         0      0        0
  SINCE SEP 1     81                        44     37       44
  SINCE JAN 1    549                       523     26      625
..................................................................


WIND (MPH)
  HIGHEST WIND SPEED    32   HIGHEST WIND DIRECTION    NW (320)
  HIGHEST GUST SPEED    40   HIGHEST GUST DIRECTION     N (340)
  AVERAGE WIND SPEED    15.1


SKY COVER
  POSSIBLE SUNSHINE  MM
  AVERAGE SKY COVER 0.0


WEATHER CONDITIONS
 THE FOLLOWING WEATHER WAS RECORDED YESTERDAY.
  NO SIGNIFICANT WEATHER WAS OBSERVED.


RELATIVE HUMIDITY (PERCENT)
 HIGHEST    58           800 PM
 LOWEST     19          1200 PM
 AVERAGE    39

..........................................................


THE SISSETON SD CLIMATE NORMALS FOR TODAY
                         NORMAL    RECORD    YEAR
 MAXIMUM TEMPERATURE (F)   56        88      2003
 MINIMUM TEMPERATURE (F)   35        12      1972


SUNRISE AND SUNSET
OCTOBER 19 2017.......SUNRISE   750 AM CDT   SUNSET   635 PM CDT
OCTOBER 20 2017.......SUNRISE   752 AM CDT   SUNSET   633 PM CDT


-  INDICATES NEGATIVE NUMBERS.
R  INDICATES RECORD WAS SET OR TIED.
MM INDICATES DATA IS MISSING.
T  INDICATES TRACE AMOUNT.




$$
