000
CDUS43 KABR 091453
CLI8D3


CLIMATE REPORT
NATIONAL WEATHER SERVICE ABERDEEN SD
853 AM CST TUE FEB 9 2016


...................................

...THE SISSETON SD CLIMATE SUMMARY FOR FEBRUARY 8 2016...

CLIMATE NORMAL PERIOD 1981 TO 2010
CLIMATE RECORD PERIOD 1900 TO 2016


WEATHER ITEM   OBSERVED TIME   RECORD YEAR NORMAL DEPARTURE LAST
                VALUE   (LST)  VALUE       VALUE  FROM      YEAR
                                                  NORMAL
..................................................................
TEMPERATURE (F)
 YESTERDAY
  MAXIMUM         21    310 PM  53    2000  26     -5       32
  MINIMUM          7   1159 PM -28    1933   6      1       18
  AVERAGE         14                        16     -2       25

PRECIPITATION (IN)
  YESTERDAY        0.01          0.40 2010   0.02  -0.01     0.00
  MONTH TO DATE    0.14                      0.09   0.05     0.13
  SINCE DEC 1      1.49                      0.91   0.58     1.20
  SINCE JAN 1      0.42                      0.52  -0.10     0.60

SNOWFALL (IN)
  YESTERDAY        T
  MONTH TO DATE    1.4
  SINCE OCT 1     20.3
  SINCE JUL 1     20.3
  SNOW DEPTH       0

DEGREE DAYS
 HEATING
  YESTERDAY       51                        49      2       40
  MONTH TO DATE  334                       400    -66      417
  SINCE DEC 1   3071                      3495   -424     3175
  SINCE JUL 1   4467                      5346   -879     5155

 COOLING
  YESTERDAY        0                         0      0        0
  MONTH TO DATE    0                         0      0        0
  SINCE DEC 1      0                         0      0        0
  SINCE JAN 1      0                         0      0        0
..................................................................


WIND (MPH)
  HIGHEST WIND SPEED    37   HIGHEST WIND DIRECTION     N (10)
  HIGHEST GUST SPEED    47   HIGHEST GUST DIRECTION     N (360)
  AVERAGE WIND SPEED    24.7


SKY COVER
  POSSIBLE SUNSHINE  MM
  AVERAGE SKY COVER 0.0


WEATHER CONDITIONS
 THE FOLLOWING WEATHER WAS RECORDED YESTERDAY.
  LIGHT SNOW


RELATIVE HUMIDITY (PERCENT)
 HIGHEST    92           800 PM
 LOWEST     73           100 PM
 AVERAGE    83

..........................................................


THE SISSETON SD CLIMATE NORMALS FOR TODAY
                         NORMAL    RECORD    YEAR
 MAXIMUM TEMPERATURE (F)   26        51      1987
 MINIMUM TEMPERATURE (F)    6       -33      1994


SUNRISE AND SUNSET
FEBRUARY  9 2016......SUNRISE   740 AM CST   SUNSET   545 PM CST
FEBRUARY 10 2016......SUNRISE   738 AM CST   SUNSET   547 PM CST


-  INDICATES NEGATIVE NUMBERS.
R  INDICATES RECORD WAS SET OR TIED.
MM INDICATES DATA IS MISSING.
T  INDICATES TRACE AMOUNT.




$$
