000
CDUS43 KABR 231035
CLI8D3


CLIMATE REPORT
NATIONAL WEATHER SERVICE ABERDEEN SD
535 AM CDT TUE MAY 23 2017


...................................

...THE SISSETON SD CLIMATE SUMMARY FOR MAY 22 2017...

CLIMATE NORMAL PERIOD 1981 TO 2010
CLIMATE RECORD PERIOD 1900 TO 2017


WEATHER ITEM   OBSERVED TIME   RECORD YEAR NORMAL DEPARTURE LAST
                VALUE   (LST)  VALUE       VALUE  FROM      YEAR
                                                  NORMAL
..................................................................
TEMPERATURE (F)
 YESTERDAY
  MAXIMUM         63    340 PM  92    1964  71     -8       85
  MINIMUM         38    510 AM  27    1963  47     -9       56
  AVERAGE         51                        59     -8       71

PRECIPITATION (IN)
  YESTERDAY        0.03          1.55 1988   0.09  -0.06     0.00
  MONTH TO DATE    1.05                      1.94  -0.89     0.26
  SINCE MAR 1      2.88                      5.34  -2.46     3.26
  SINCE JAN 1      4.08                      6.20  -2.12     4.43

DEGREE DAYS
 HEATING
  YESTERDAY       14                         7      7        0
  MONTH TO DATE  174                       213    -39      198
  SINCE MAR 1   1824                      1913    -89     1608
  SINCE JUL 1   7088                      8172  -1084     6909

 COOLING
  YESTERDAY        0                         1     -1        6
  MONTH TO DATE   16                        13      3       13
  SINCE MAR 1     16                        14      2       13
  SINCE JAN 1     16                        14      2       13
..................................................................


WIND (MPH)
  HIGHEST WIND SPEED    24   HIGHEST WIND DIRECTION     N (10)
  HIGHEST GUST SPEED    27   HIGHEST GUST DIRECTION     N (360)
  AVERAGE WIND SPEED    10.4


SKY COVER
  POSSIBLE SUNSHINE  MM
  AVERAGE SKY COVER 0.0


WEATHER CONDITIONS
 THE FOLLOWING WEATHER WAS RECORDED YESTERDAY.
  LIGHT RAIN


RELATIVE HUMIDITY (PERCENT)
 HIGHEST    93           600 AM
 LOWEST     48           300 PM
 AVERAGE    71

..........................................................


THE SISSETON SD CLIMATE NORMALS FOR TODAY
                         NORMAL    RECORD    YEAR
 MAXIMUM TEMPERATURE (F)   72        89      2006
 MINIMUM TEMPERATURE (F)   48        30      2002


SUNRISE AND SUNSET
MAY 23 2017...........SUNRISE   548 AM CDT   SUNSET   902 PM CDT
MAY 24 2017...........SUNRISE   547 AM CDT   SUNSET   903 PM CDT


-  INDICATES NEGATIVE NUMBERS.
R  INDICATES RECORD WAS SET OR TIED.
MM INDICATES DATA IS MISSING.
T  INDICATES TRACE AMOUNT.




$$
