000
CDUS43 KABR 290908
CLI8D3


CLIMATE REPORT
NATIONAL WEATHER SERVICE ABERDEEN SD
407 AM CDT WED JUL 29 2015


...................................

...THE SISSETON SD CLIMATE SUMMARY FOR JULY 28 2015...

CLIMATE NORMAL PERIOD 1981 TO 2010
CLIMATE RECORD PERIOD 1900 TO 2015


WEATHER ITEM   OBSERVED TIME   RECORD YEAR NORMAL DEPARTURE LAST
                VALUE   (LST)  VALUE       VALUE  FROM      YEAR
                                                  NORMAL
..................................................................
TEMPERATURE (F)
 YESTERDAY
  MAXIMUM         79    537 PM 105    1975  83     -4       73
  MINIMUM         66   1147 PM  42    2013  60      6       53
  AVERAGE         73                        72      1       63

PRECIPITATION (IN)
  YESTERDAY        1.14          1.60 1942   0.11   1.03     0.00
  MONTH TO DATE    3.17                      3.27  -0.10     1.74
  SINCE JUN 1      4.55                      7.01  -2.46    10.41
  SINCE JAN 1     12.20                     13.99  -1.79    18.78

DEGREE DAYS
 HEATING
  YESTERDAY        0                         0      0        2
  MONTH TO DATE   13                         3     10       19
  SINCE JUN 1     27                        65    -38       54
  SINCE JUL 1     13                         3     10       19

 COOLING
  YESTERDAY        8                         7      1        0
  MONTH TO DATE  188                       185      3      127
  SINCE JUN 1    312                       279     33      215
  SINCE JAN 1    329                       302     27      276
..................................................................


WIND (MPH)
  HIGHEST WIND SPEED    28   HIGHEST WIND DIRECTION     W (280)
  HIGHEST GUST SPEED    39   HIGHEST GUST DIRECTION     W (280)
  AVERAGE WIND SPEED    15.2


SKY COVER
  POSSIBLE SUNSHINE  MM
  AVERAGE SKY COVER 0.0


WEATHER CONDITIONS
 THE FOLLOWING WEATHER WAS RECORDED YESTERDAY.
  NO SIGNIFICANT WEATHER WAS OBSERVED.


RELATIVE HUMIDITY (PERCENT)
 HIGHEST   100           400 AM
 LOWEST     39           500 PM
 AVERAGE    70

..........................................................


THE SISSETON SD CLIMATE NORMALS FOR TODAY
                         NORMAL    RECORD    YEAR
 MAXIMUM TEMPERATURE (F)   83       103      1975
 MINIMUM TEMPERATURE (F)   60        40      1952


SUNRISE AND SUNSET
JULY 29 2015..........SUNRISE   608 AM CDT   SUNSET   901 PM CDT
JULY 30 2015..........SUNRISE   609 AM CDT   SUNSET   859 PM CDT


-  INDICATES NEGATIVE NUMBERS.
R  INDICATES RECORD WAS SET OR TIED.
MM INDICATES DATA IS MISSING.
T  INDICATES TRACE AMOUNT.




$$
