000
CDUS43 KABR 271052
CLI8D3


CLIMATE REPORT
NATIONAL WEATHER SERVICE ABERDEEN SD
551 AM CDT WED JUL 27 2016


...................................

...THE SISSETON SD CLIMATE SUMMARY FOR JULY 26 2016...

CLIMATE NORMAL PERIOD 1981 TO 2010
CLIMATE RECORD PERIOD 1900 TO 2016


WEATHER ITEM   OBSERVED TIME   RECORD YEAR NORMAL DEPARTURE LAST
                VALUE   (LST)  VALUE       VALUE  FROM      YEAR
                                                  NORMAL
..................................................................
TEMPERATURE (F)
 YESTERDAY
  MAXIMUM         83   1139 AM 104    1976  83      0       83
  MINIMUM         67   1159 PM  48    1937  60      7       58
  AVERAGE         75                        72      3       71

PRECIPITATION (IN)
  YESTERDAY        0.05          1.48 1972   0.10  -0.05     0.00
  MONTH TO DATE    4.79                      3.06   1.73     2.03
  SINCE JUN 1      5.91                      6.80  -0.89     3.41
  SINCE JAN 1     10.95                     13.78  -2.83    11.06

DEGREE DAYS
 HEATING
  YESTERDAY        0                         0      0        0
  MONTH TO DATE   13                         3     10       13
  SINCE JUN 1     40                        65    -25       27
  SINCE JUL 1     13                         3     10       13

 COOLING
  YESTERDAY       10                         7      3        6
  MONTH TO DATE  177                       171      6      170
  SINCE JUN 1    344                       265     79      294
  SINCE JAN 1    381                       288     93      311
..................................................................


WIND (MPH)
  HIGHEST WIND SPEED    29   HIGHEST WIND DIRECTION     W (250)
  HIGHEST GUST SPEED    39   HIGHEST GUST DIRECTION    SW (240)
  AVERAGE WIND SPEED    11.4


SKY COVER
  POSSIBLE SUNSHINE  MM
  AVERAGE SKY COVER 0.0


WEATHER CONDITIONS
 THE FOLLOWING WEATHER WAS RECORDED YESTERDAY.
  NO SIGNIFICANT WEATHER WAS OBSERVED.


RELATIVE HUMIDITY (PERCENT)
 HIGHEST   100           800 PM
 LOWEST     43          1200 PM
 AVERAGE    72

..........................................................


THE SISSETON SD CLIMATE NORMALS FOR TODAY
                         NORMAL    RECORD    YEAR
 MAXIMUM TEMPERATURE (F)   83       103      1959
 MINIMUM TEMPERATURE (F)   60        46      2013


SUNRISE AND SUNSET
JULY 27 2016..........SUNRISE   606 AM CDT   SUNSET   902 PM CDT
JULY 28 2016..........SUNRISE   607 AM CDT   SUNSET   901 PM CDT


-  INDICATES NEGATIVE NUMBERS.
R  INDICATES RECORD WAS SET OR TIED.
MM INDICATES DATA IS MISSING.
T  INDICATES TRACE AMOUNT.




$$
