000
CDUS46 KMFR 010838
CLIAAT


CLIMATE REPORT
NATIONAL WEATHER SERVICE MEDFORD, OR
137 AM PDT SAT AUG 1 2015


...................................

...THE ALTURAS CA CLIMATE SUMMARY FOR JULY 31 2015...

CLIMATE NORMAL PERIOD 1981 TO 2010
CLIMATE RECORD PERIOD 1905 TO 2015


WEATHER ITEM   OBSERVED TIME   RECORD YEAR NORMAL DEPARTURE LAST
                VALUE   (LST)  VALUE       VALUE  FROM      YEAR
                                                  NORMAL
..................................................................
TEMPERATURE (F)
 YESTERDAY
  MAXIMUM         99    131 PM 104    1988  90      9       95
  MINIMUM         49    429 AM  31    1975  45      4       50
  AVERAGE         74                        67      7       73

PRECIPITATION (IN)
  YESTERDAY        0.00          0.15 1952   0.02  -0.02     0.00
  MONTH TO DATE    1.17                      0.34   0.83     0.41
  SINCE OCT 1     11.08                     13.29  -2.21     6.45
  SINCE JAN 1      6.57                      8.78  -2.21     5.82

SNOWFALL (IN)
  YESTERDAY       MM                        MM     MM       MM
  MONTH TO DATE   MM                        MM     MM       MM
  SINCE JUL 1     MM                        MM     MM       MM
  SNOW DEPTH      MM

DEGREE DAYS
 HEATING
  YESTERDAY        0                         1     -1        0
  MONTH TO DATE   23                        41    -18        6
  SINCE JUN 1     53                       221   -168       95
  SINCE JUL 1     23                        41    -18        6

 COOLING
  YESTERDAY        9                         3      6        8
  MONTH TO DATE  131                        84     47      253
  SINCE JUN 1    234                        95    139      273
  SINCE JAN 1    234                        95    139      273
..................................................................


WIND (MPH)
  HIGHEST WIND SPEED    24   HIGHEST WIND DIRECTION     W (250)
  HIGHEST GUST SPEED    29   HIGHEST GUST DIRECTION     W (260)
  AVERAGE WIND SPEED     3.8


SKY COVER
  POSSIBLE SUNSHINE  MM
  AVERAGE SKY COVER 0.0


WEATHER CONDITIONS
 THE FOLLOWING WEATHER WAS RECORDED YESTERDAY.
  NO SIGNIFICANT WEATHER WAS OBSERVED.


RELATIVE HUMIDITY (PERCENT)
 HIGHEST    63           400 AM
 LOWEST      8           100 PM
 AVERAGE    36

..........................................................


THE ALTURAS CA CLIMATE NORMALS FOR TODAY
                         NORMAL    RECORD    YEAR
 MAXIMUM TEMPERATURE (F)   90       100      1908
 MINIMUM TEMPERATURE (F)   45        33      1937


SUNRISE AND SUNSET
AUGUST  1 2015........SUNRISE   557 AM PDT   SUNSET   820 PM PDT
AUGUST  2 2015........SUNRISE   558 AM PDT   SUNSET   819 PM PDT


-  INDICATES NEGATIVE NUMBERS.
R  INDICATES RECORD WAS SET OR TIED.
MM INDICATES DATA IS MISSING.
T  INDICATES TRACE AMOUNT.




$$
