000
CDUS46 KMFR 240838
CLIAAT


CLIMATE REPORT
NATIONAL WEATHER SERVICE MEDFORD, OR
1238 AM PST TUE JAN 24 2017


...................................

...THE ALTURAS CA CLIMATE SUMMARY FOR JANUARY 23 2017...

CLIMATE NORMAL PERIOD 1981 TO 2010
CLIMATE RECORD PERIOD 1905 TO 2017


WEATHER ITEM   OBSERVED TIME   RECORD YEAR NORMAL DEPARTURE LAST
                VALUE   (LST)  VALUE       VALUE  FROM      YEAR
                                                  NORMAL
..................................................................
TEMPERATURE (F)
 YESTERDAY
  MAXIMUM         34    306 PM  67    2013  42     -8       44
  MINIMUM         20    942 PM -21    1962  18      2       33
  AVERAGE         27                        30     -3       39

PRECIPITATION (IN)
  YESTERDAY        0.02          0.65 1943   0.04  -0.02     0.15
  MONTH TO DATE    3.21                      1.31   1.90     1.08
  SINCE OCT 1      6.96                      5.82   1.14     7.06
  SINCE JAN 1      3.21                      1.31   1.90     1.08

SNOWFALL (IN)
  YESTERDAY       MM                        MM     MM       MM
  MONTH TO DATE   MM                        MM     MM       MM
  SINCE JUL 1     MM                        MM     MM       MM
  SNOW DEPTH      MM

DEGREE DAYS
 HEATING
  YESTERDAY       38                        35      3       26
  MONTH TO DATE  915                       817     98      761
  SINCE DEC 1   2074                      1917    157     1870
  SINCE JUL 1   3582                      3727   -145     3397

 COOLING
  YESTERDAY        0                         0      0        0
  MONTH TO DATE    0                         0      0        0
  SINCE DEC 1      0                         0      0        0
  SINCE JAN 1      0                         0      0        0
..................................................................


WIND (MPH)
  HIGHEST WIND SPEED     9   HIGHEST WIND DIRECTION     S (180)
  HIGHEST GUST SPEED    11   HIGHEST GUST DIRECTION    NW (300)
  AVERAGE WIND SPEED     1.7


SKY COVER
  POSSIBLE SUNSHINE  MM
  AVERAGE SKY COVER 0.7


WEATHER CONDITIONS
 THE FOLLOWING WEATHER WAS RECORDED YESTERDAY.
  LIGHT SNOW
  FOG


RELATIVE HUMIDITY (PERCENT)
 HIGHEST   100          1200 AM
 LOWEST     69           100 PM
 AVERAGE    85

..........................................................


THE ALTURAS CA CLIMATE NORMALS FOR TODAY
                         NORMAL    RECORD    YEAR
 MAXIMUM TEMPERATURE (F)   42        61      1959
 MINIMUM TEMPERATURE (F)   19       -15      1962


SUNRISE AND SUNSET
JANUARY 24 2017.......SUNRISE   721 AM PST   SUNSET   509 PM PST
JANUARY 25 2017.......SUNRISE   720 AM PST   SUNSET   510 PM PST


-  INDICATES NEGATIVE NUMBERS.
R  INDICATES RECORD WAS SET OR TIED.
MM INDICATES DATA IS MISSING.
T  INDICATES TRACE AMOUNT.




$$
