000
CDUS46 KMFR 220843
CLIAAT


CLIMATE REPORT
NATIONAL WEATHER SERVICE MEDFORD, OR
1243 AM PST SAT NOV 22 2014


...................................

...THE ALTURAS CA CLIMATE SUMMARY FOR NOVEMBER 21 2014...

CLIMATE NORMAL PERIOD 1981 TO 2010
CLIMATE RECORD PERIOD 1905 TO 2014


WEATHER ITEM   OBSERVED TIME   RECORD YEAR NORMAL DEPARTURE LAST
                VALUE   (LST)  VALUE       VALUE  FROM      YEAR
                                                  NORMAL
..................................................................
TEMPERATURE (F)
 YESTERDAY
  MAXIMUM         45    106 PM  72    1936  46     -1       39
  MINIMUM         33    727 AM   3    1985  22     11       20
  AVERAGE         39                        34      5       30

PRECIPITATION (IN)
  YESTERDAY        0.09          0.64 2001   0.06   0.03     0.00
  MONTH TO DATE    0.44                      1.28  -0.84     0.29
  SINCE SEP 1      2.25                      2.81  -0.56     0.97
  SINCE JAN 1      8.53                     11.95  -3.42     6.12

SNOWFALL (IN)
  YESTERDAY       MM                        MM     MM       MM
  MONTH TO DATE   MM                        MM     MM       MM
  SINCE JUL 1     MM                        MM     MM        0.0
  SNOW DEPTH      MM

DEGREE DAYS
 HEATING
  YESTERDAY       26                        31     -5       35
  MONTH TO DATE  504                       576    -72      534
  SINCE SEP 1   1025                      1408   -383     1419
  SINCE JUL 1   1050                      1519   -469     1489

 COOLING
  YESTERDAY        0                         0      0        0
  MONTH TO DATE    0                         0      0        0
  SINCE SEP 1     12                         5      7       25
  SINCE JAN 1    380                       156    224      280
..................................................................


WIND (MPH)
  HIGHEST WIND SPEED    15   HIGHEST WIND DIRECTION     W (270)
  HIGHEST GUST SPEED    20   HIGHEST GUST DIRECTION     W (270)
  AVERAGE WIND SPEED     5.9


SKY COVER
  POSSIBLE SUNSHINE  MM
  AVERAGE SKY COVER 0.9


WEATHER CONDITIONS
 THE FOLLOWING WEATHER WAS RECORDED YESTERDAY.
  LIGHT RAIN
  FOG
  FOG W/VISIBILITY <= 1/4 MILE


RELATIVE HUMIDITY (PERCENT)
 HIGHEST   100           600 AM
 LOWEST     65          1200 PM
 AVERAGE    83

..........................................................


THE ALTURAS CA CLIMATE NORMALS FOR TODAY
                         NORMAL    RECORD    YEAR
 MAXIMUM TEMPERATURE (F)   46        71      1954
 MINIMUM TEMPERATURE (F)   22         1      1985


SUNRISE AND SUNSET
NOVEMBER 22 2014......SUNRISE   659 AM PST   SUNSET   437 PM PST
NOVEMBER 23 2014......SUNRISE   700 AM PST   SUNSET   437 PM PST


-  INDICATES NEGATIVE NUMBERS.
R  INDICATES RECORD WAS SET OR TIED.
MM INDICATES DATA IS MISSING.
T  INDICATES TRACE AMOUNT.




$$
