000
CDUS46 KMFR 200841
CLIAAT


CLIMATE REPORT
NATIONAL WEATHER SERVICE MEDFORD, OR
140 AM PDT FRI OCT 20 2017


...................................

...THE ALTURAS CA CLIMATE SUMMARY FOR OCTOBER 19 2017...

CLIMATE NORMAL PERIOD 1981 TO 2010
CLIMATE RECORD PERIOD 1905 TO 2017


WEATHER ITEM   OBSERVED TIME   RECORD YEAR NORMAL DEPARTURE LAST
                VALUE   (LST)  VALUE       VALUE  FROM      YEAR
                                                  NORMAL
..................................................................
TEMPERATURE (F)
 YESTERDAY
  MAXIMUM         64    328 PM  84    1961  64      0       61
  MINIMUM         24    606 AM  10    1905  28     -4       23
  AVERAGE         44                        46     -2       42

PRECIPITATION (IN)
  YESTERDAY        0.34          0.66 2007   0.04   0.30     0.00
  MONTH TO DATE    0.34                      0.49  -0.15     1.11
  SINCE OCT 1      0.34                      0.49  -0.15     1.11
  SINCE JAN 1     12.53                     10.15   2.38     8.58

SNOWFALL (IN)
  YESTERDAY       MM                        MM     MM       MM
  MONTH TO DATE   MM                        MM     MM       MM
  SINCE JUL 1     MM                        MM     MM       MM
  SNOW DEPTH      MM

DEGREE DAYS
 HEATING
  YESTERDAY       21                        19      2       23
  MONTH TO DATE  387                       309     78      330
  SINCE SEP 1    630                       575     55      558
  SINCE JUL 1    631                       686    -55      615

 COOLING
  YESTERDAY        0                         0      0        0
  MONTH TO DATE    0                         0      0        0
  SINCE SEP 1     75                         5     70        0
  SINCE JAN 1    516                       156    360      254
..................................................................


WIND (MPH)
  HIGHEST WIND SPEED    32   HIGHEST WIND DIRECTION    NW (310)
  HIGHEST GUST SPEED    43   HIGHEST GUST DIRECTION    NW (310)
  AVERAGE WIND SPEED     9.0


SKY COVER
  POSSIBLE SUNSHINE  MM
  AVERAGE SKY COVER 0.5


WEATHER CONDITIONS
 THE FOLLOWING WEATHER WAS RECORDED YESTERDAY.
  RAIN
  LIGHT SNOW
  FOG


RELATIVE HUMIDITY (PERCENT)
 HIGHEST    69           300 AM
 LOWEST     24           900 AM
 AVERAGE    47

..........................................................


THE ALTURAS CA CLIMATE NORMALS FOR TODAY
                         NORMAL    RECORD    YEAR
 MAXIMUM TEMPERATURE (F)   63        85      1915
                                             1964
 MINIMUM TEMPERATURE (F)   28        11      1996


SUNRISE AND SUNSET
OCTOBER 20 2017.......SUNRISE   720 AM PDT   SUNSET   613 PM PDT
OCTOBER 21 2017.......SUNRISE   721 AM PDT   SUNSET   612 PM PDT


-  INDICATES NEGATIVE NUMBERS.
R  INDICATES RECORD WAS SET OR TIED.
MM INDICATES DATA IS MISSING.
T  INDICATES TRACE AMOUNT.




$$
