000
CDUS46 KMFR 250055
CLIAAT


CLIMATE REPORT
NATIONAL WEATHER SERVICE MEDFORD, OR
455 PM PST MON NOV 24 2014


...................................

...THE ALTURAS CA CLIMATE SUMMARY FOR NOVEMBER 24 2014...
VALID TODAY AS OF 0400 PM LOCAL TIME.

CLIMATE NORMAL PERIOD 1981 TO 2010
CLIMATE RECORD PERIOD 1905 TO 2014


WEATHER ITEM   OBSERVED TIME   RECORD YEAR NORMAL DEPARTURE LAST
                VALUE   (LST)  VALUE       VALUE  FROM      YEAR
                                                  NORMAL
..................................................................
TEMPERATURE (F)
 TODAY
  MAXIMUM         51    359 PM  70    1914  45      6       50
  MINIMUM         20    632 AM  -4    1993  21     -1        6
  AVERAGE         36                        33      3       28

PRECIPITATION (IN)
  TODAY            0.00          0.69 1953   0.06  -0.06     0.00
  MONTH TO DATE    0.65                      1.46  -0.81     0.29
  SINCE SEP 1      2.46                      2.99  -0.53     0.97
  SINCE JAN 1      8.74                     12.13  -3.39     6.12

SNOWFALL (IN)
  TODAY           MM                        MM     MM       MM
  MONTH TO DATE   MM                        MM     MM       MM
  SINCE JUL 1     MM                        MM     MM        0.0
  SNOW DEPTH      MM

DEGREE DAYS
 HEATING
  TODAY           29                        32     -3       37
  MONTH TO DATE  591                       671    -80      629
  SINCE SEP 1   1112                      1503   -391     1514
  SINCE JUL 1   1137                      1614   -477     1584

 COOLING
  TODAY            0                         0      0        0
  MONTH TO DATE    0                         0      0        0
  SINCE SEP 1     12                         5      7       25
  SINCE JAN 1    380                       156    224      280
..................................................................


WIND (MPH)
  HIGHEST WIND SPEED     6   HIGHEST WIND DIRECTION    NE (50)
  HIGHEST GUST SPEED     7   HIGHEST GUST DIRECTION    NE (60)
  AVERAGE WIND SPEED     0.5


SKY COVER
  POSSIBLE SUNSHINE  MM
  AVERAGE SKY COVER 0.0


WEATHER CONDITIONS
 THE FOLLOWING WEATHER WAS RECORDED TODAY.
  FOG


RELATIVE HUMIDITY (PERCENT)
 HIGHEST    96           400 AM
 LOWEST     38           300 PM
 AVERAGE    67

..........................................................


THE ALTURAS CA CLIMATE NORMALS FOR TOMORROW
                         NORMAL    RECORD    YEAR
 MAXIMUM TEMPERATURE (F)   45        71      1950
 MINIMUM TEMPERATURE (F)   21        -5      2010
                                             1993


SUNRISE AND SUNSET
NOVEMBER 24 2014......SUNRISE   702 AM PST   SUNSET   436 PM PST
NOVEMBER 25 2014......SUNRISE   703 AM PST   SUNSET   436 PM PST


-  INDICATES NEGATIVE NUMBERS.
R  INDICATES RECORD WAS SET OR TIED.
MM INDICATES DATA IS MISSING.
T  INDICATES TRACE AMOUNT.




$$
