000
CDUS46 KMFR 270835
CLIAAT


CLIMATE REPORT
NATIONAL WEATHER SERVICE MEDFORD, OR
135 AM PDT TUE JUN 27 2017


...................................

...THE ALTURAS CA CLIMATE SUMMARY FOR JUNE 26 2017...

CLIMATE NORMAL PERIOD 1981 TO 2010
CLIMATE RECORD PERIOD 1905 TO 2017


WEATHER ITEM   OBSERVED TIME   RECORD YEAR NORMAL DEPARTURE LAST
                VALUE   (LST)  VALUE       VALUE  FROM      YEAR
                                                  NORMAL
..................................................................
TEMPERATURE (F)
 YESTERDAY
  MAXIMUM         90        MM 101    2015  82      8       91
  MINIMUM         51        MM  27    1974  43      8       40
  AVERAGE         71                        62      9       66

PRECIPITATION (IN)
  YESTERDAY        0.00          0.78 1971   0.01  -0.01     0.00
  MONTH TO DATE    1.16                      0.87   0.29     0.56
  SINCE OCT 1     14.28                     12.92   1.36    13.37
  SINCE JAN 1     10.53                      8.41   2.12     7.39

SNOWFALL (IN)
  YESTERDAY       MM                        MM     MM       MM
  MONTH TO DATE   MM                        MM     MM       MM
  SINCE JUL 1     MM                        MM     MM       MM
  SNOW DEPTH      MM

DEGREE DAYS
 HEATING
  YESTERDAY        0                         3     -3        0
  MONTH TO DATE  109                       168    -59      118
  SINCE JUN 1    109                       168    -59      118
  SINCE JUL 1   6354                      6925   -571     5993

 COOLING
  YESTERDAY        6                         1      5        1
  MONTH TO DATE   79                         5     74       24
  SINCE JUN 1     79                         5     74       24
  SINCE JAN 1     79                         5     74       24
..................................................................


WIND (MPH)
  HIGHEST WIND SPEED    24   HIGHEST WIND DIRECTION     W (260)
  HIGHEST GUST SPEED    39   HIGHEST GUST DIRECTION    SW (240)
  AVERAGE WIND SPEED     8.5


SKY COVER
  POSSIBLE SUNSHINE  MM
  AVERAGE SKY COVER 0.0


WEATHER CONDITIONS
 THE FOLLOWING WEATHER WAS RECORDED YESTERDAY.
  NO SIGNIFICANT WEATHER WAS OBSERVED.


RELATIVE HUMIDITY (PERCENT)
 HIGHEST    89           500 AM
 LOWEST     13          1100 AM
 AVERAGE    51

..........................................................


THE ALTURAS CA CLIMATE NORMALS FOR TODAY
                         NORMAL    RECORD    YEAR
 MAXIMUM TEMPERATURE (F)   82        99      2015
                                             1956
 MINIMUM TEMPERATURE (F)   43        30      1980


SUNRISE AND SUNSET
JUNE 27 2017..........SUNRISE   531 AM PDT   SUNSET   840 PM PDT
JUNE 28 2017..........SUNRISE   531 AM PDT   SUNSET   840 PM PDT


-  INDICATES NEGATIVE NUMBERS.
R  INDICATES RECORD WAS SET OR TIED.
MM INDICATES DATA IS MISSING.
T  INDICATES TRACE AMOUNT.




$$
