000
CDUS46 KMFR 020837
CLIAAT


CLIMATE REPORT
NATIONAL WEATHER SERVICE MEDFORD, OR
137 AM PDT MON MAY 2 2016


...................................

...THE ALTURAS CA CLIMATE SUMMARY FOR MAY 1 2016...

CLIMATE NORMAL PERIOD 1981 TO 2010
CLIMATE RECORD PERIOD 1905 TO 2016


WEATHER ITEM   OBSERVED TIME   RECORD YEAR NORMAL DEPARTURE LAST
                VALUE   (LST)  VALUE       VALUE  FROM      YEAR
                                                  NORMAL
..................................................................
TEMPERATURE (F)
 YESTERDAY
  MAXIMUM         69    403 PM  85    1981  63      6       81
  MINIMUM         34    526 AM  17    2008  32      2       26
  AVERAGE         52                        48      4       54

PRECIPITATION (IN)
  YESTERDAY        T             0.89 1983   0.05  -0.05     0.00
  MONTH TO DATE    T                         0.05  -0.05     0.00
  SINCE OCT 1     11.64                     10.74   0.90     6.72
  SINCE JAN 1      5.66                      6.23  -0.57     2.21

SNOWFALL (IN)
  YESTERDAY       MM                        MM     MM       MM
  MONTH TO DATE   MM                        MM     MM       MM
  SINCE JUL 1     MM                        MM     MM       MM
  SNOW DEPTH      MM

DEGREE DAYS
 HEATING
  YESTERDAY       13                        17     -4       11
  MONTH TO DATE   13                        17     -4       11
  SINCE MAR 1   1157                      1494   -337     1237
  SINCE JUL 1   5544                      6361   -817     4864

 COOLING
  YESTERDAY        0                         0      0        0
  MONTH TO DATE    0                         0      0        0
  SINCE MAR 1      0                         0      0        0
  SINCE JAN 1      0                         0      0        0
..................................................................


WIND (MPH)
  HIGHEST WIND SPEED    17   HIGHEST WIND DIRECTION     E (100)
  HIGHEST GUST SPEED    24   HIGHEST GUST DIRECTION     E (80)
  AVERAGE WIND SPEED     5.9


SKY COVER
  POSSIBLE SUNSHINE  MM
  AVERAGE SKY COVER 0.2


WEATHER CONDITIONS
 THE FOLLOWING WEATHER WAS RECORDED YESTERDAY.
  NO SIGNIFICANT WEATHER WAS OBSERVED.


RELATIVE HUMIDITY (PERCENT)
 HIGHEST    82           500 AM
 LOWEST     28           200 PM
 AVERAGE    55

..........................................................


THE ALTURAS CA CLIMATE NORMALS FOR TODAY
                         NORMAL    RECORD    YEAR
 MAXIMUM TEMPERATURE (F)   63        88      1947
 MINIMUM TEMPERATURE (F)   33        20      1964


SUNRISE AND SUNSET
MAY  2 2016...........SUNRISE   557 AM PDT   SUNSET   802 PM PDT
MAY  3 2016...........SUNRISE   556 AM PDT   SUNSET   803 PM PDT


-  INDICATES NEGATIVE NUMBERS.
R  INDICATES RECORD WAS SET OR TIED.
MM INDICATES DATA IS MISSING.
T  INDICATES TRACE AMOUNT.




$$
