000
CDUS41 KPHI 250630
CLIABE


CLIMATE REPORT
NATIONAL WEATHER SERVICE MOUNT HOLLY NJ
127 AM EST THU DEC 25 2014


...................................

...THE ALLENTOWN PA CLIMATE SUMMARY FOR DECEMBER 24 2014...

CLIMATE NORMAL PERIOD 1981 TO 2010
CLIMATE RECORD PERIOD 1922 TO 2014


WEATHER ITEM   OBSERVED TIME   RECORD YEAR NORMAL DEPARTURE LAST
                VALUE   (LST)  VALUE       VALUE  FROM      YEAR
                                                  NORMAL
..................................................................
TEMPERATURE (F)
 YESTERDAY
  MAXIMUM         61   1157 PM  62    1990  38     23       37
  MINIMUM         44    648 AM  -5    1989  22     22       23
  AVERAGE         53                        30     23       30

PRECIPITATION (IN)
  YESTERDAY        0.86          1.48 2008   0.11   0.75      T
  MONTH TO DATE    3.58                      2.89   0.69     3.16
  SINCE DEC 1      3.58                      2.89   0.69     3.16
  SINCE JAN 1     44.65                     44.66  -0.01    45.07

SNOWFALL (IN)
  YESTERDAY        0.0          13.5  1912   0.2   -0.2       T
  MONTH TO DATE    0.6                       3.6   -3.0     13.1
  SINCE DEC 1      0.6                       3.6   -3.0     13.1
  SINCE JUL 1      6.3                       4.3    2.0     13.1
  SNOW DEPTH       0

DEGREE DAYS
 HEATING
  YESTERDAY       12                        35    -23       35
  MONTH TO DATE  665                       763    -98      777
  SINCE DEC 1    665                       763    -98      777
  SINCE JUL 1   1800                      1943   -143     1936

 COOLING
  YESTERDAY        0                         0      0        0
  MONTH TO DATE    0                         0      0        0
  SINCE DEC 1      0                         0      0        0
  SINCE JAN 1    807                       757     50      927
..................................................................


WIND (MPH)
  HIGHEST WIND SPEED    14   HIGHEST WIND DIRECTION    SW (210)
  HIGHEST GUST SPEED    17   HIGHEST GUST DIRECTION     S (190)
  AVERAGE WIND SPEED     5.5


SKY COVER
  POSSIBLE SUNSHINE  MM
  AVERAGE SKY COVER 1.0


WEATHER CONDITIONS
 THE FOLLOWING WEATHER WAS RECORDED YESTERDAY.
  HEAVY RAIN
  RAIN
  LIGHT RAIN
  FOG
  FOG W/VISIBILITY <= 1/4 MILE


RELATIVE HUMIDITY (PERCENT)
 HIGHEST    93           900 AM
 LOWEST     86           800 AM
 AVERAGE    90

..........................................................


THE ALLENTOWN PA CLIMATE NORMALS FOR TODAY
                         NORMAL    RECORD    YEAR
 MAXIMUM TEMPERATURE (F)   38        65      1964
 MINIMUM TEMPERATURE (F)   22        -2      1983


SUNRISE AND SUNSET
DECEMBER 25 2014......SUNRISE   724 AM EST   SUNSET   440 PM EST
DECEMBER 26 2014......SUNRISE   724 AM EST   SUNSET   441 PM EST


-  INDICATES NEGATIVE NUMBERS.
R  INDICATES RECORD WAS SET OR TIED.
MM INDICATES DATA IS MISSING.
T  INDICATES TRACE AMOUNT.




$$
