000
CDUS41 KPHI 290628
CLIABE


CLIMATE REPORT
NATIONAL WEATHER SERVICE MOUNT HOLLY NJ
227 AM EDT WED JUL 29 2015


...................................

...THE ALLENTOWN PA CLIMATE SUMMARY FOR JULY 28 2015...

CLIMATE NORMAL PERIOD 1981 TO 2010
CLIMATE RECORD PERIOD 1922 TO 2015


WEATHER ITEM   OBSERVED TIME   RECORD YEAR NORMAL DEPARTURE LAST
                VALUE   (LST)  VALUE       VALUE  FROM      YEAR
                                                  NORMAL
..................................................................
TEMPERATURE (F)
 YESTERDAY
  MAXIMUM         92    315 PM  97    1949  84      8       81
                                      1941
  MINIMUM         67    425 AM  52    1962  63      4       63
  AVERAGE         80                        74      6       72

PRECIPITATION (IN)
  YESTERDAY        0.00          3.00 1969   0.16  -0.16      T
  MONTH TO DATE    4.08                      4.48  -0.40     4.32
  SINCE JUN 1     11.67                      8.79   2.88     9.72
  SINCE JAN 1     23.28                     25.61  -2.33    32.02

SNOWFALL (IN)
  YESTERDAY        0.0           0.0  2002   0.0    0.0      0.0
                                      2001
  MONTH TO DATE    0.0                       0.0    0.0      0.0
  SINCE JUN 1      0.0                       0.0    0.0      0.0
  SINCE JUL 1      0.0                       0.0    0.0      0.0
  SNOW DEPTH       0

DEGREE DAYS
 HEATING
  YESTERDAY        0                         0      0        0
  MONTH TO DATE    0                         0      0        0
  SINCE JUN 1     21                        33    -12        4
  SINCE JUL 1      0                         0      0        0

 COOLING
  YESTERDAY       15                         9      6        7
  MONTH TO DATE  270                       244     26      273
  SINCE JUN 1    469                       399     70      455
  SINCE JAN 1    602                       444    158      494
..................................................................


WIND (MPH)
  HIGHEST WIND SPEED     8   HIGHEST WIND DIRECTION     N (340)
  HIGHEST GUST SPEED    21   HIGHEST GUST DIRECTION    SW (240)
  AVERAGE WIND SPEED     1.6


SKY COVER
  POSSIBLE SUNSHINE  MM
  AVERAGE SKY COVER 0.0


WEATHER CONDITIONS
 THE FOLLOWING WEATHER WAS RECORDED YESTERDAY.
  FOG
  HAZE


RELATIVE HUMIDITY (PERCENT)
 HIGHEST    97           300 AM
 LOWEST     38           300 PM
 AVERAGE    68

..........................................................


THE ALLENTOWN PA CLIMATE NORMALS FOR TODAY
                         NORMAL    RECORD    YEAR
 MAXIMUM TEMPERATURE (F)   84        96      1954
 MINIMUM TEMPERATURE (F)   63        53      1928


SUNRISE AND SUNSET
JULY 29 2015..........SUNRISE   555 AM EDT   SUNSET   820 PM EDT
JULY 30 2015..........SUNRISE   556 AM EDT   SUNSET   819 PM EDT


-  INDICATES NEGATIVE NUMBERS.
R  INDICATES RECORD WAS SET OR TIED.
MM INDICATES DATA IS MISSING.
T  INDICATES TRACE AMOUNT.




$$
