000
CDUS41 KPHI 010627
CLIABE


CLIMATE REPORT
NATIONAL WEATHER SERVICE MOUNT HOLLY NJ
226 AM EDT WED JUL 1 2015


...................................

...THE ALLENTOWN PA CLIMATE SUMMARY FOR JUNE 30 2015...

CLIMATE NORMAL PERIOD 1981 TO 2010
CLIMATE RECORD PERIOD 1922 TO 2015


WEATHER ITEM   OBSERVED TIME   RECORD YEAR NORMAL DEPARTURE LAST
                VALUE   (LST)  VALUE       VALUE  FROM      YEAR
                                                  NORMAL
..................................................................
TEMPERATURE (F)
 YESTERDAY
  MAXIMUM         78    523 PM  97    1964  83     -5       86
  MINIMUM         61    241 AM  48    1988  62     -1       67
  AVERAGE         70                        72     -2       77

PRECIPITATION (IN)
  YESTERDAY        0.52          1.31 1996   0.15   0.37      T
  MONTH TO DATE    7.59                      4.31   3.28     5.40
  SINCE JUN 1      7.59                      4.31   3.28     5.40
  SINCE JAN 1     19.20                     21.13  -1.93    27.70

SNOWFALL (IN)
  YESTERDAY        0.0           0.0  2002   0.0    0.0      0.0
                                      2001
  MONTH TO DATE    0.0                       0.0    0.0      0.0
  SINCE JUN 1      0.0                       0.0    0.0      0.0
  SINCE JUL 1     50.1                      32.9   17.2     68.1
  SNOW DEPTH       0

DEGREE DAYS
 HEATING
  YESTERDAY        0                         0      0        0
  MONTH TO DATE   21                        32    -11        4
  SINCE JUN 1     21                        33    -12        4
  SINCE JUL 1   5949                      5801    148     6157

 COOLING
  YESTERDAY        5                         8     -3       12
  MONTH TO DATE  199                       155     44      182
  SINCE JUN 1    199                       155     44      182
  SINCE JAN 1    332                       200    132      221
..................................................................


WIND (MPH)
  HIGHEST WIND SPEED    40   HIGHEST WIND DIRECTION     N (350)
  HIGHEST GUST SPEED    61   HIGHEST GUST DIRECTION     N (340)
  AVERAGE WIND SPEED     4.9


SKY COVER
  POSSIBLE SUNSHINE  MM
  AVERAGE SKY COVER 0.7


WEATHER CONDITIONS
 THE FOLLOWING WEATHER WAS RECORDED YESTERDAY.
  THUNDERSTORM
  HEAVY RAIN
  LIGHT RAIN
  FOG
  FOG W/VISIBILITY <= 1/4 MILE


RELATIVE HUMIDITY (PERCENT)
 HIGHEST    90           200 AM
 LOWEST     69           600 PM
 AVERAGE    80

..........................................................


THE ALLENTOWN PA CLIMATE NORMALS FOR TODAY
                         NORMAL    RECORD    YEAR
 MAXIMUM TEMPERATURE (F)   83        97      1963
                                             1941
                                             1931
 MINIMUM TEMPERATURE (F)   62        48      1943


SUNRISE AND SUNSET
JULY  1 2015..........SUNRISE   534 AM EDT   SUNSET   837 PM EDT
JULY  2 2015..........SUNRISE   535 AM EDT   SUNSET   836 PM EDT


-  INDICATES NEGATIVE NUMBERS.
R  INDICATES RECORD WAS SET OR TIED.
MM INDICATES DATA IS MISSING.
T  INDICATES TRACE AMOUNT.




$$
