000
CDUS41 KPHI 240630
CLIABE


CLIMATE REPORT
NATIONAL WEATHER SERVICE MOUNT HOLLY NJ
129 AM EST FRI FEB 24 2017


...................................

...THE ALLENTOWN PA CLIMATE SUMMARY FOR FEBRUARY 23 2017...

CLIMATE NORMAL PERIOD 1981 TO 2010
CLIMATE RECORD PERIOD 1922 TO 2017


WEATHER ITEM   OBSERVED TIME   RECORD YEAR NORMAL DEPARTURE LAST
                VALUE   (LST)  VALUE       VALUE  FROM      YEAR
                                                  NORMAL
..................................................................
TEMPERATURE (F)
 YESTERDAY
  MAXIMUM         72R   440 PM  71    1985  42     30       36
  MINIMUM         34    722 AM   2    1972  23     11       31
  AVERAGE         53                        32     21       34

PRECIPITATION (IN)
  YESTERDAY        0.00          1.00 1928   0.10  -0.10     0.22
  MONTH TO DATE    1.20                      2.21  -1.01     2.89
  SINCE DEC 1      7.02                      8.82  -1.80    10.26
  SINCE JAN 1      4.59                      5.24  -0.65     6.06

SNOWFALL (IN)
  YESTERDAY        0.0           6.5  1987   0.4   -0.4       T
  MONTH TO DATE    7.1                       9.5   -2.4      3.6
  SINCE DEC 1     10.0                      24.7  -14.7     35.9
  SINCE JUL 1     10.0                      25.4  -15.4     35.9
  SNOW DEPTH       0

DEGREE DAYS
 HEATING
  YESTERDAY       12                        32    -20       31
  MONTH TO DATE  632                       800   -168      752
  SINCE DEC 1   2512                      2970   -458     2439
  SINCE JUL 1   3417                      4150   -733     3321

 COOLING
  YESTERDAY        0                         0      0        0
  MONTH TO DATE    0                         0      0        0
  SINCE DEC 1      0                         0      0        0
  SINCE JAN 1      0                         0      0        0
..................................................................


WIND (MPH)
  HIGHEST WIND SPEED    12   HIGHEST WIND DIRECTION    SW (230)
  HIGHEST GUST SPEED    16   HIGHEST GUST DIRECTION     S (180)
  AVERAGE WIND SPEED     3.2


SKY COVER
  POSSIBLE SUNSHINE  MM
  AVERAGE SKY COVER 0.4


WEATHER CONDITIONS
 THE FOLLOWING WEATHER WAS RECORDED YESTERDAY.
  FOG
  HAZE


RELATIVE HUMIDITY (PERCENT)
 HIGHEST    92           300 AM
 LOWEST     49           400 PM
 AVERAGE    71

..........................................................


THE ALLENTOWN PA CLIMATE NORMALS FOR TODAY
                         NORMAL    RECORD    YEAR
 MAXIMUM TEMPERATURE (F)   42        76      1985
 MINIMUM TEMPERATURE (F)   23        -8      2015


SUNRISE AND SUNSET
FEBRUARY 24 2017......SUNRISE   643 AM EST   SUNSET   548 PM EST
FEBRUARY 25 2017......SUNRISE   641 AM EST   SUNSET   549 PM EST


-  INDICATES NEGATIVE NUMBERS.
R  INDICATES RECORD WAS SET OR TIED.
MM INDICATES DATA IS MISSING.
T  INDICATES TRACE AMOUNT.




$$
