000
CDUS41 KPHI 260631
CLIABE


CLIMATE REPORT
NATIONAL WEATHER SERVICE MOUNT HOLLY NJ
230 AM EDT SUN MAR 26 2017


...................................

...THE ALLENTOWN PA CLIMATE SUMMARY FOR MARCH 25 2017...

CLIMATE NORMAL PERIOD 1981 TO 2010
CLIMATE RECORD PERIOD 1922 TO 2017


WEATHER ITEM   OBSERVED TIME   RECORD YEAR NORMAL DEPARTURE LAST
                VALUE   (LST)  VALUE       VALUE  FROM      YEAR
                                                  NORMAL
..................................................................
TEMPERATURE (F)
 YESTERDAY
  MAXIMUM         68    128 PM  77    1988  53     15       71
                                      1963
  MINIMUM         39    327 AM  15    1934  32      7       39
  AVERAGE         54                        42     12       55

PRECIPITATION (IN)
  YESTERDAY        0.01          0.69 1969   0.11  -0.10     0.05
  MONTH TO DATE    2.76                      2.67   0.09     0.53
  SINCE MAR 1      2.76                      2.67   0.09     0.53
  SINCE JAN 1      7.85                      8.40  -0.55     9.56

SNOWFALL (IN)
  YESTERDAY        0.0           1.5  1934   0.2   -0.2      0.0
  MONTH TO DATE   18.3                       4.4   13.9      0.3
  SINCE MAR 1     18.3                       4.4   13.9      0.3
  SINCE JUL 1     28.3                      31.4   -3.1     36.2
  SNOW DEPTH       0

DEGREE DAYS
 HEATING
  YESTERDAY       11                        23    -12       10
  MONTH TO DATE  714                       675     39      471
  SINCE MAR 1    714                       675     39      471
  SINCE JUL 1   4216                      4984   -768     3928

 COOLING
  YESTERDAY        0                         0      0        0
  MONTH TO DATE    0                         0      0        2
  SINCE MAR 1      0                         0      0        2
  SINCE JAN 1      0                         0      0        2
..................................................................


WIND (MPH)
  HIGHEST WIND SPEED    21   HIGHEST WIND DIRECTION     E (70)
  HIGHEST GUST SPEED    24   HIGHEST GUST DIRECTION    NE (60)
  AVERAGE WIND SPEED     7.2


SKY COVER
  POSSIBLE SUNSHINE  MM
  AVERAGE SKY COVER 0.4


WEATHER CONDITIONS
 THE FOLLOWING WEATHER WAS RECORDED YESTERDAY.
  LIGHT RAIN


RELATIVE HUMIDITY (PERCENT)
 HIGHEST    79           100 AM
 LOWEST     48          1200 PM
 AVERAGE    64

..........................................................


THE ALLENTOWN PA CLIMATE NORMALS FOR TODAY
                         NORMAL    RECORD    YEAR
 MAXIMUM TEMPERATURE (F)   53        74      1963
                                             1925
 MINIMUM TEMPERATURE (F)   32        17      1960


SUNRISE AND SUNSET
MARCH 26 2017.........SUNRISE   655 AM EDT   SUNSET   720 PM EDT
MARCH 27 2017.........SUNRISE   653 AM EDT   SUNSET   722 PM EDT


-  INDICATES NEGATIVE NUMBERS.
R  INDICATES RECORD WAS SET OR TIED.
MM INDICATES DATA IS MISSING.
T  INDICATES TRACE AMOUNT.




$$
