000
CDUS44 KSJT 282230
CLIABI


CLIMATE REPORT
NATIONAL WEATHER SERVICE SAN ANGELO TX
529 PM CDT TUE JUL 28 2015


...................................

...THE ABILENE CLIMATE SUMMARY FOR JULY 28 2015...
VALID TODAY AS OF 0500 PM LOCAL TIME.

CLIMATE NORMAL PERIOD 1981 TO 2010
CLIMATE RECORD PERIOD 1886 TO 2015


WEATHER ITEM   OBSERVED TIME   RECORD YEAR NORMAL DEPARTURE LAST
                VALUE   (LST)  VALUE       VALUE  FROM      YEAR
                                                  NORMAL
..................................................................
TEMPERATURE (F)
 TODAY
  MAXIMUM         99    359 PM 107    1995  95      4       97
  MINIMUM         76    644 AM  62    1933  73      3       77
  AVERAGE         88                        84      4       87

PRECIPITATION (IN)
  TODAY            0.00          0.64 2004   0.06  -0.06     0.00
  MONTH TO DATE    8.26                      1.69   6.57     2.09
  SINCE JUN 1     11.88                      5.25   6.63     5.84
  SINCE JAN 1     24.51                     14.19  10.32     9.83

DEGREE DAYS
 HEATING
  TODAY            0                         0      0        0
  MONTH TO DATE    0                         0      0        0
  SINCE JUN 1      0                         1     -1        0
  SINCE JUL 1      0                         0      0        0

 COOLING
  TODAY           23                        19      4       22
  MONTH TO DATE  535                       505     30      532
  SINCE JUN 1   1001                       940     61      999
  SINCE JAN 1   1390                      1337     53     1513
..................................................................


WIND (MPH)
  HIGHEST WIND SPEED    17   HIGHEST WIND DIRECTION    SE (140)
  HIGHEST GUST SPEED    22   HIGHEST GUST DIRECTION     S (180)
  AVERAGE WIND SPEED    11.0


SKY COVER
  POSSIBLE SUNSHINE  MM
  AVERAGE SKY COVER 0.0


WEATHER CONDITIONS
 THE FOLLOWING WEATHER WAS RECORDED TODAY.
  NO SIGNIFICANT WEATHER WAS OBSERVED.


RELATIVE HUMIDITY (PERCENT)
 HIGHEST    74           600 AM
 LOWEST     35           400 PM
 AVERAGE    55

..........................................................


THE ABILENE CLIMATE NORMALS FOR TOMORROW
                         NORMAL    RECORD    YEAR
 MAXIMUM TEMPERATURE (F)   95       103      1966
                                             1960
                                             1957
 MINIMUM TEMPERATURE (F)   73        66      1892


SUNRISE AND SUNSET
JULY 28 2015..........SUNRISE   650 AM CDT   SUNSET   840 PM CDT
JULY 29 2015..........SUNRISE   651 AM CDT   SUNSET   839 PM CDT


-  INDICATES NEGATIVE NUMBERS.
R  INDICATES RECORD WAS SET OR TIED.
MM INDICATES DATA IS MISSING.
T  INDICATES TRACE AMOUNT.




$$
