000
CDUS44 KSJT 142225
CLIABI


CLIMATE REPORT
NATIONAL WEATHER SERVICE SAN ANGELO TX
525 PM CDT SUN SEP 14 2014


...................................

...THE ABILENE CLIMATE SUMMARY FOR SEPTEMBER 14 2014...
VALID TODAY AS OF 0500 PM LOCAL TIME.

CLIMATE NORMAL PERIOD 1981 TO 2010
CLIMATE RECORD PERIOD 1886 TO 2014


WEATHER ITEM   OBSERVED TIME   RECORD YEAR NORMAL DEPARTURE LAST
                VALUE   (LST)  VALUE       VALUE  FROM      YEAR
                                                  NORMAL
..................................................................
TEMPERATURE (F)
 TODAY
  MAXIMUM         85    336 PM 101    1965  87     -2       95
  MINIMUM         58    517 AM  47    1945  65     -7       70
  AVERAGE         72                        76     -4       83

PRECIPITATION (IN)
  TODAY            0.00          2.85 1996   0.08  -0.08     0.00
  MONTH TO DATE    0.26                      1.12  -0.86      T
  SINCE SEP 1      0.26                      1.12  -0.86      T
  SINCE JAN 1     10.76                     18.08  -7.32    16.33

DEGREE DAYS
 HEATING
  TODAY            0                         0      0        0
  MONTH TO DATE    5                         0      5        0
  SINCE SEP 1      5                         0      5        0
  SINCE JUL 1      5                         0      5        0

 COOLING
  TODAY            7                        11     -4       18
  MONTH TO DATE  204                       185     19      252
  SINCE SEP 1    204                       185     19      252
  SINCE JAN 1   2388                      2130    258     2406
..................................................................


WIND (MPH)
  HIGHEST WIND SPEED    15   HIGHEST WIND DIRECTION     S (170)
  HIGHEST GUST SPEED    18   HIGHEST GUST DIRECTION     S (170)
  AVERAGE WIND SPEED     4.7


SKY COVER
  POSSIBLE SUNSHINE  MM
  AVERAGE SKY COVER 0.4


WEATHER CONDITIONS
 THE FOLLOWING WEATHER WAS RECORDED TODAY.
  NO SIGNIFICANT WEATHER WAS OBSERVED.


RELATIVE HUMIDITY (PERCENT)
 HIGHEST    86           400 AM
 LOWEST     43           400 PM
 AVERAGE    65

..........................................................


THE ABILENE CLIMATE NORMALS FOR TOMORROW
                         NORMAL    RECORD    YEAR
 MAXIMUM TEMPERATURE (F)   87       104      1965
 MINIMUM TEMPERATURE (F)   64        47      1993


SUNRISE AND SUNSET
SEPTEMBER 14 2014.....SUNRISE   722 AM CDT   SUNSET   746 PM CDT
SEPTEMBER 15 2014.....SUNRISE   722 AM CDT   SUNSET   745 PM CDT


-  INDICATES NEGATIVE NUMBERS.
R  INDICATES RECORD WAS SET OR TIED.
MM INDICATES DATA IS MISSING.
T  INDICATES TRACE AMOUNT.




$$
