000
CDUS44 KSJT 262232
CLIABI


CLIMATE REPORT
NATIONAL WEATHER SERVICE SAN ANGELO TX
531 PM CDT WED APR 26 2017


...................................

...THE ABILENE CLIMATE SUMMARY FOR APRIL 26 2017...
VALID TODAY AS OF 0500 PM LOCAL TIME.

CLIMATE NORMAL PERIOD 1981 TO 2010
CLIMATE RECORD PERIOD 1886 TO 2017


WEATHER ITEM   OBSERVED TIME   RECORD YEAR NORMAL DEPARTURE LAST
                VALUE   (LST)  VALUE       VALUE  FROM      YEAR
                                                  NORMAL
..................................................................
TEMPERATURE (F)
 TODAY
  MAXIMUM         75    314 AM  96    2012  80     -5       84
                                      1984
                                      1971
  MINIMUM         54   1222 PM  37    1907  55     -1       53
  AVERAGE         65                        68     -3       69

PRECIPITATION (IN)
  TODAY            T             3.39 1914   0.07  -0.07     0.58
  MONTH TO DATE    1.32                      1.35  -0.03     6.24
  SINCE MAR 1      1.74                      3.09  -1.35     8.55
  SINCE JAN 1      5.12                      5.47  -0.35     9.27

SNOWFALL (IN)
  TODAY            0.0           T    2016   0.0    0.0       T
  MONTH TO DATE    0.0                       0.3   -0.3       T
  SINCE NOV 1      T                         4.7   -4.7      5.1
  SINCE JUL 1      T                         4.7   -4.7      5.1

DEGREE DAYS
 HEATING
  TODAY            0                         2     -2        0
  MONTH TO DATE   64                       105    -41       78
  SINCE MAR 1    210                       403   -193      265
  SINCE JUL 1   1791                      2536   -745     2019

 COOLING
  TODAY            0                         4     -4        4
  MONTH TO DATE   92                        78     14       51
  SINCE MAR 1    176                       107     69       69
  SINCE JAN 1    207                       112     95       83
..................................................................


WIND (MPH)
  HIGHEST WIND SPEED    31   HIGHEST WIND DIRECTION     N (350)
  HIGHEST GUST SPEED    37   HIGHEST GUST DIRECTION     N (340)
  AVERAGE WIND SPEED    13.7


SKY COVER
  POSSIBLE SUNSHINE  MM
  AVERAGE SKY COVER 0.3


WEATHER CONDITIONS
 THE FOLLOWING WEATHER WAS RECORDED TODAY.
  LIGHT RAIN


RELATIVE HUMIDITY (PERCENT)
 HIGHEST    78           500 AM
 LOWEST     35          1200 AM
 AVERAGE    57

..........................................................


THE ABILENE CLIMATE NORMALS FOR TOMORROW
                         NORMAL    RECORD    YEAR
 MAXIMUM TEMPERATURE (F)   80        96      2012
 MINIMUM TEMPERATURE (F)   55        36      1920


SUNRISE AND SUNSET
APRIL 26 2017.........SUNRISE   657 AM CDT   SUNSET   817 PM CDT
APRIL 27 2017.........SUNRISE   656 AM CDT   SUNSET   817 PM CDT


-  INDICATES NEGATIVE NUMBERS.
R  INDICATES RECORD WAS SET OR TIED.
MM INDICATES DATA IS MISSING.
T  INDICATES TRACE AMOUNT.




$$
