000
CDUS44 KSJT 240805
CLIABI


CLIMATE REPORT
NATIONAL WEATHER SERVICE SAN ANGELO TX
304 AM CDT SAT JUN 24 2017


...................................

...THE ABILENE CLIMATE SUMMARY FOR JUNE 23 2017...

CLIMATE NORMAL PERIOD 1981 TO 2010
CLIMATE RECORD PERIOD 1886 TO 2017


WEATHER ITEM   OBSERVED TIME   RECORD YEAR NORMAL DEPARTURE LAST
                VALUE   (LST)  VALUE       VALUE  FROM      YEAR
                                                  NORMAL
..................................................................
TEMPERATURE (F)
 YESTERDAY
  MAXIMUM        103    332 PM 104    1953  92     11       95
  MINIMUM         73    632 AM  60    2004  70      3       74
  AVERAGE         88                        81      7       85

PRECIPITATION (IN)
  YESTERDAY        T             3.01 1959   0.11  -0.11     0.00
  MONTH TO DATE    1.28                      2.95  -1.67     2.49
  SINCE JUN 1      1.28                      2.95  -1.67     2.49
  SINCE JAN 1      9.15                     11.89  -2.74    20.29

DEGREE DAYS
 HEATING
  YESTERDAY        0                         0      0        0
  MONTH TO DATE    0                         0      0        0
  SINCE JUN 1      0                         0      0        0
  SINCE JUL 1   1826                      2558   -732     2058

 COOLING
  YESTERDAY       23                        16      7       20
  MONTH TO DATE  341                       321     20      334
  SINCE JUN 1    341                       321     20      334
  SINCE JAN 1    760                       718     42      643
..................................................................


WIND (MPH)
  HIGHEST WIND SPEED    22   HIGHEST WIND DIRECTION     E (110)
  HIGHEST GUST SPEED    28   HIGHEST GUST DIRECTION     E (110)
  AVERAGE WIND SPEED     7.6


SKY COVER
  POSSIBLE SUNSHINE  MM
  AVERAGE SKY COVER 0.1


WEATHER CONDITIONS
 THE FOLLOWING WEATHER WAS RECORDED YESTERDAY.
  THUNDERSTORM


RELATIVE HUMIDITY (PERCENT)
 HIGHEST    68           500 AM
 LOWEST     25           400 PM
 AVERAGE    47

..........................................................


THE ABILENE CLIMATE NORMALS FOR TODAY
                         NORMAL    RECORD    YEAR
 MAXIMUM TEMPERATURE (F)   92       105      1953
                                             1911
 MINIMUM TEMPERATURE (F)   70        60      1957
                                             1912
                                             1888


SUNRISE AND SUNSET
JUNE 24 2017..........SUNRISE   633 AM CDT   SUNSET   850 PM CDT
JUNE 25 2017..........SUNRISE   633 AM CDT   SUNSET   850 PM CDT


-  INDICATES NEGATIVE NUMBERS.
R  INDICATES RECORD WAS SET OR TIED.
MM INDICATES DATA IS MISSING.
T  INDICATES TRACE AMOUNT.




$$
