000
CDUS44 KSJT 160811
CLIABI


CLIMATE REPORT
NATIONAL WEATHER SERVICE SAN ANGELO TX
311 AM CDT WED AUG 16 2017


...................................

...THE ABILENE CLIMATE SUMMARY FOR AUGUST 15 2017...

CLIMATE NORMAL PERIOD 1981 TO 2010
CLIMATE RECORD PERIOD 1886 TO 2017


WEATHER ITEM   OBSERVED TIME   RECORD YEAR NORMAL DEPARTURE LAST
                VALUE   (LST)  VALUE       VALUE  FROM      YEAR
                                                  NORMAL
..................................................................
TEMPERATURE (F)
 YESTERDAY
  MAXIMUM         81    618 PM 105    1952  95    -14       90
  MINIMUM         72    451 AM  62    1992  72      0       68
  AVERAGE         77                        83     -6       79

PRECIPITATION (IN)
  YESTERDAY        0.10          1.83 1920   0.08   0.02     0.00
  MONTH TO DATE    3.36                      1.20   2.16     0.65
  SINCE JUN 1      6.08                      6.63  -0.55     4.42
  SINCE JAN 1     13.95                     15.57  -1.62    22.22

DEGREE DAYS
 HEATING
  YESTERDAY        0                         0      0        0
  MONTH TO DATE    0                         0      0        0
  SINCE JUN 1      0                         1     -1        0
  SINCE JUL 1      0                         0      0        0

 COOLING
  YESTERDAY       12                        18     -6       14
  MONTH TO DATE  240                       282    -42      333
  SINCE JUN 1   1275                      1278     -3     1464
  SINCE JAN 1   1694                      1675     19     1773
..................................................................


WIND (MPH)
  HIGHEST WIND SPEED    16   HIGHEST WIND DIRECTION     S (170)
  HIGHEST GUST SPEED    23   HIGHEST GUST DIRECTION     S (170)
  AVERAGE WIND SPEED     6.3


SKY COVER
  POSSIBLE SUNSHINE  MM
  AVERAGE SKY COVER 0.4


WEATHER CONDITIONS
 THE FOLLOWING WEATHER WAS RECORDED YESTERDAY.
  LIGHT RAIN
  FOG


RELATIVE HUMIDITY (PERCENT)
 HIGHEST   100           200 PM
 LOWEST     79           600 PM
 AVERAGE    90

..........................................................


THE ABILENE CLIMATE NORMALS FOR TODAY
                         NORMAL    RECORD    YEAR
 MAXIMUM TEMPERATURE (F)   94       109      1943
 MINIMUM TEMPERATURE (F)   72        62      2004
                                             1994


SUNRISE AND SUNSET
AUGUST 16 2017........SUNRISE   704 AM CDT   SUNSET   822 PM CDT
AUGUST 17 2017........SUNRISE   704 AM CDT   SUNSET   821 PM CDT


-  INDICATES NEGATIVE NUMBERS.
R  INDICATES RECORD WAS SET OR TIED.
MM INDICATES DATA IS MISSING.
T  INDICATES TRACE AMOUNT.




$$
