000
CDUS44 KSJT 270757
CLIABI


CLIMATE REPORT
NATIONAL WEATHER SERVICE SAN ANGELO TX
156 AM CST TUE JAN 27 2015


...................................

...THE ABILENE CLIMATE SUMMARY FOR JANUARY 26 2015...

CLIMATE NORMAL PERIOD 1981 TO 2010
CLIMATE RECORD PERIOD 1886 TO 2015


WEATHER ITEM   OBSERVED TIME   RECORD YEAR NORMAL DEPARTURE LAST
                VALUE   (LST)  VALUE       VALUE  FROM      YEAR
                                                  NORMAL
..................................................................
TEMPERATURE (F)
 YESTERDAY
  MAXIMUM         73    401 PM  86    1953  58     15       72
  MINIMUM         33    659 AM  10    1897  34     -1       43
  AVERAGE         53                        46      7       58

PRECIPITATION (IN)
  YESTERDAY        0.00          0.69 1992   0.04  -0.04     0.00
                                      1919
  MONTH TO DATE    1.47                      0.83   0.64      T
  SINCE DEC 1      2.00                      2.06  -0.06     1.11
  SINCE JAN 1      1.47                      0.83   0.64      T

SNOWFALL (IN)
  YESTERDAY        0.0           T    1957   0.0    0.0      0.0
  MONTH TO DATE    T                         1.3   -1.3      0.0
  SINCE NOV 1      0.1                       3.1   -3.0      1.3
  SINCE JUL 1      0.1                       3.1   -3.0      1.3

DEGREE DAYS
 HEATING
  YESTERDAY       12                        19     -7        7
  MONTH TO DATE  625                       529     96      502
  SINCE DEC 1   1078                      1141    -63     1200
  SINCE JUL 1   1495                      1574    -79     1672

 COOLING
  YESTERDAY        0                         0      0        0
  MONTH TO DATE    0                         0      0        0
  SINCE DEC 1      0                         1     -1        1
  SINCE JAN 1      0                         0      0        0
..................................................................


WIND (MPH)
  HIGHEST WIND SPEED    21   HIGHEST WIND DIRECTION     W (280)
  HIGHEST GUST SPEED    27   HIGHEST GUST DIRECTION     W (290)
  AVERAGE WIND SPEED     6.9


SKY COVER
  POSSIBLE SUNSHINE  MM
  AVERAGE SKY COVER 0.0


WEATHER CONDITIONS
 THE FOLLOWING WEATHER WAS RECORDED YESTERDAY.
  NO SIGNIFICANT WEATHER WAS OBSERVED.


RELATIVE HUMIDITY (PERCENT)
 HIGHEST    75           700 AM
 LOWEST     22           400 PM
 AVERAGE    49

..........................................................


THE ABILENE CLIMATE NORMALS FOR TODAY
                         NORMAL    RECORD    YEAR
 MAXIMUM TEMPERATURE (F)   58        84      1975
 MINIMUM TEMPERATURE (F)   34         5      1897


SUNRISE AND SUNSET
JANUARY 27 2015.......SUNRISE   736 AM CST   SUNSET   607 PM CST
JANUARY 28 2015.......SUNRISE   736 AM CST   SUNSET   608 PM CST


-  INDICATES NEGATIVE NUMBERS.
R  INDICATES RECORD WAS SET OR TIED.
MM INDICATES DATA IS MISSING.
T  INDICATES TRACE AMOUNT.




$$
