000
CDUS44 KSJT 280704
CLIABI


CLIMATE REPORT
NATIONAL WEATHER SERVICE SAN ANGELO TX
204 AM CDT MON JUL 28 2014


...................................

...THE ABILENE CLIMATE SUMMARY FOR JULY 27 2014...

CLIMATE NORMAL PERIOD 1981 TO 2010
CLIMATE RECORD PERIOD 1886 TO 2014


WEATHER ITEM   OBSERVED TIME   RECORD YEAR NORMAL DEPARTURE LAST
                VALUE   (LST)  VALUE       VALUE  FROM      YEAR
                                                  NORMAL
..................................................................
TEMPERATURE (F)
 YESTERDAY
  MAXIMUM        101    256 PM 107    1944  95      6       90
  MINIMUM         78    625 AM  63    1994  73      5       68
                                      1973
                                      1933
  AVERAGE         90                        84      6       79

PRECIPITATION (IN)
  YESTERDAY        0.00          3.15 2010   0.06  -0.06     0.00
  MONTH TO DATE    2.09                      1.63   0.46     4.44
  SINCE JUN 1      5.84                      5.19   0.65     9.57
  SINCE JAN 1      9.83                     14.13  -4.30    15.79

DEGREE DAYS
 HEATING
  YESTERDAY        0                         0      0        0
  MONTH TO DATE    0                         0      0        0
  SINCE JUN 1      0                         1     -1        0
  SINCE JUL 1      0                         0      0        0

 COOLING
  YESTERDAY       25                        19      6       14
  MONTH TO DATE  510                       486     24      458
  SINCE JUN 1    977                       921     56      982
  SINCE JAN 1   1491                      1318    173     1463
..................................................................


WIND (MPH)
  HIGHEST WIND SPEED    17   HIGHEST WIND DIRECTION    SE (140)
  HIGHEST GUST SPEED    21   HIGHEST GUST DIRECTION    SE (140)
  AVERAGE WIND SPEED    10.0


SKY COVER
  POSSIBLE SUNSHINE  MM
  AVERAGE SKY COVER 0.0


WEATHER CONDITIONS
 THE FOLLOWING WEATHER WAS RECORDED YESTERDAY.
  NO SIGNIFICANT WEATHER WAS OBSERVED.


RELATIVE HUMIDITY (PERCENT)
 HIGHEST    74           600 AM
 LOWEST     28           400 PM
 AVERAGE    51

..........................................................


THE ABILENE CLIMATE NORMALS FOR TODAY
                         NORMAL    RECORD    YEAR
 MAXIMUM TEMPERATURE (F)   95       107      1995
 MINIMUM TEMPERATURE (F)   73        62      1933


SUNRISE AND SUNSET
JULY 28 2014..........SUNRISE   651 AM CDT   SUNSET   839 PM CDT
JULY 29 2014..........SUNRISE   651 AM CDT   SUNSET   839 PM CDT


-  INDICATES NEGATIVE NUMBERS.
R  INDICATES RECORD WAS SET OR TIED.
MM INDICATES DATA IS MISSING.
T  INDICATES TRACE AMOUNT.




$$
