000
CDUS44 KSJT 170756
CLIABI


CLIMATE REPORT
NATIONAL WEATHER SERVICE SAN ANGELO TX
155 AM CST FRI NOV 17 2017


...................................

...THE ABILENE CLIMATE SUMMARY FOR NOVEMBER 16 2017...

CLIMATE NORMAL PERIOD 1981 TO 2010
CLIMATE RECORD PERIOD 1886 TO 2017


WEATHER ITEM   OBSERVED TIME   RECORD YEAR NORMAL DEPARTURE LAST
                VALUE   (LST)  VALUE       VALUE  FROM      YEAR
                                                  NORMAL
..................................................................
TEMPERATURE (F)
 YESTERDAY
  MAXIMUM         70    415 PM  83    2013  66      4       82
                                      1963
                                      1952
  MINIMUM         54    625 AM  19    1932  43     11       52
                                      1920
  AVERAGE         62                        54      8       67

PRECIPITATION (IN)
  YESTERDAY        0.00          1.88 1931   0.05  -0.05     0.00
  MONTH TO DATE    0.90                      0.87   0.03     2.47
  SINCE SEP 1      5.44                      6.09  -0.65     8.46
  SINCE JAN 1     19.89                     23.05  -3.16    35.57

SNOWFALL (IN)
  YESTERDAY        0.0           2.6  1980   0.0    0.0      0.0
  MONTH TO DATE    0.0                       0.2   -0.2      0.0
  SINCE NOV 1      0.0                       0.2   -0.2      0.0
  SINCE JUL 1      T                         0.2   -0.2      0.0

DEGREE DAYS
 HEATING
  YESTERDAY        3                        11     -8        0
  MONTH TO DATE  112                       134    -22       50
  SINCE SEP 1    255                       238     17       69
  SINCE JUL 1    255                       238     17       69

 COOLING
  YESTERDAY        0                         0      0        2
  MONTH TO DATE   31                        15     16       28
  SINCE SEP 1    502                       459     43      599
  SINCE JAN 1   2418                      2404     14     2598
..................................................................


WIND (MPH)
  HIGHEST WIND SPEED    17   HIGHEST WIND DIRECTION     S (190)
  HIGHEST GUST SPEED    24   HIGHEST GUST DIRECTION    SW (230)
  AVERAGE WIND SPEED     7.4


SKY COVER
  POSSIBLE SUNSHINE  MM
  AVERAGE SKY COVER 0.6


WEATHER CONDITIONS
 THE FOLLOWING WEATHER WAS RECORDED YESTERDAY.
  NO SIGNIFICANT WEATHER WAS OBSERVED.


RELATIVE HUMIDITY (PERCENT)
 HIGHEST   100          1000 PM
 LOWEST     61           400 AM
 AVERAGE    81

..........................................................


THE ABILENE CLIMATE NORMALS FOR TODAY
                         NORMAL    RECORD    YEAR
 MAXIMUM TEMPERATURE (F)   66        86      1938
                                             1885
 MINIMUM TEMPERATURE (F)   42        17      1959


SUNRISE AND SUNSET
NOVEMBER 17 2017......SUNRISE   710 AM CST   SUNSET   537 PM CST
NOVEMBER 18 2017......SUNRISE   711 AM CST   SUNSET   537 PM CST


-  INDICATES NEGATIVE NUMBERS.
R  INDICATES RECORD WAS SET OR TIED.
MM INDICATES DATA IS MISSING.
T  INDICATES TRACE AMOUNT.




$$
