000
CDUS44 KSJT 300720
CLIABI


CLIMATE REPORT
NATIONAL WEATHER SERVICE SAN ANGELO TX
220 AM CDT SAT MAY 30 2015


...................................

...THE ABILENE CLIMATE SUMMARY FOR MAY 29 2015...

CLIMATE NORMAL PERIOD 1981 TO 2010
CLIMATE RECORD PERIOD 1886 TO 2015


WEATHER ITEM   OBSERVED TIME   RECORD YEAR NORMAL DEPARTURE LAST
                VALUE   (LST)  VALUE       VALUE  FROM      YEAR
                                                  NORMAL
..................................................................
TEMPERATURE (F)
 YESTERDAY
  MAXIMUM         85    500 PM 103    1985  87     -2       89
                                      1927
  MINIMUM         62    434 AM  44    1947  65     -3       62
  AVERAGE         74                        76     -2       76

PRECIPITATION (IN)
  YESTERDAY        0.01          1.45 1967   0.12  -0.11     0.00
  MONTH TO DATE    4.91                      2.92   1.99     2.22
  SINCE MAR 1      8.69                      6.30   2.39     3.50
  SINCE JAN 1     12.20                      8.68   3.52     3.99

DEGREE DAYS
 HEATING
  YESTERDAY        0                         0      0        0
  MONTH TO DATE   12                        13     -1       24
  SINCE MAR 1    401                       422    -21      459
  SINCE JUL 1   2478                      2555    -77     2821

 COOLING
  YESTERDAY        9                        11     -2       11
  MONTH TO DATE  209                       242    -33      287
  SINCE MAR 1    376                       370      6      482
  SINCE JAN 1    380                       375      5      487
..................................................................


WIND (MPH)
  HIGHEST WIND SPEED    20   HIGHEST WIND DIRECTION    SE (140)
  HIGHEST GUST SPEED    23   HIGHEST GUST DIRECTION    SE (130)
  AVERAGE WIND SPEED     6.7


SKY COVER
  POSSIBLE SUNSHINE  MM
  AVERAGE SKY COVER 0.4


WEATHER CONDITIONS
 THE FOLLOWING WEATHER WAS RECORDED YESTERDAY.
  THUNDERSTORM
  RAIN
  LIGHT RAIN
  FOG


RELATIVE HUMIDITY (PERCENT)
 HIGHEST   100          1200 AM
 LOWEST     51           100 PM
 AVERAGE    76

..........................................................


THE ABILENE CLIMATE NORMALS FOR TODAY
                         NORMAL    RECORD    YEAR
 MAXIMUM TEMPERATURE (F)   88       105      1896
 MINIMUM TEMPERATURE (F)   65        47      1947


SUNRISE AND SUNSET
MAY 30 2015...........SUNRISE   633 AM CDT   SUNSET   840 PM CDT
MAY 31 2015...........SUNRISE   633 AM CDT   SUNSET   840 PM CDT


-  INDICATES NEGATIVE NUMBERS.
R  INDICATES RECORD WAS SET OR TIED.
MM INDICATES DATA IS MISSING.
T  INDICATES TRACE AMOUNT.




$$
