000
CDUS45 KABQ 030826
CLIABQ


CLIMATE REPORT
NATIONAL WEATHER SERVICE ALBUQUERQUE NM
225 AM MDT TUE MAY 3 2016


...................................

...THE ALBUQUERQUE  NM CLIMATE SUMMARY FOR MAY 2 2016...

CLIMATE NORMAL PERIOD 1981 TO 2010
CLIMATE RECORD PERIOD 1891 TO 2016


WEATHER ITEM   OBSERVED TIME   RECORD YEAR NORMAL DEPARTURE LAST
                VALUE   (LST)  VALUE       VALUE  FROM      YEAR
                                                  NORMAL
..................................................................
TEMPERATURE (F)
 YESTERDAY
  MAXIMUM         64    518 PM  89    1943  74    -10       81
                                      1902
  MINIMUM         38    506 AM  29    1967  48    -10       53
  AVERAGE         51                        61    -10       67

PRECIPITATION (IN)
  YESTERDAY        0.00          0.62 1931   0.02  -0.02
  MONTH TO DATE    0.02                      0.03  -0.01
  SINCE MAR 1      0.68                      1.21  -0.53
  SINCE JAN 1      1.10                      2.07  -0.97

SNOWFALL (IN)
  YESTERDAY        0.0
  MONTH TO DATE    T
  SINCE MAR 1      T
  SINCE JUL 1      9.8
  SNOW DEPTH       0

DEGREE DAYS
 HEATING
  YESTERDAY       14                         5      9        0
  MONTH TO DATE   32                        10     22        0
  SINCE MAR 1    716                       811    -95      605
  SINCE JUL 1   3726                      4114   -388     3526

 COOLING
  YESTERDAY        0                         1     -1        2
  MONTH TO DATE    0                         2     -2        4
  SINCE MAR 1      5                         9     -4        4
  SINCE JAN 1      5                         9     -4        4
..................................................................


WIND (MPH)
  HIGHEST WIND SPEED    20   HIGHEST WIND DIRECTION     E (100)
  HIGHEST GUST SPEED    24   HIGHEST GUST DIRECTION     E (110)
  AVERAGE WIND SPEED     6.9


SKY COVER
  POSSIBLE SUNSHINE  MM
  AVERAGE SKY COVER 0.5


WEATHER CONDITIONS
 THE FOLLOWING WEATHER WAS RECORDED YESTERDAY.
  NO SIGNIFICANT WEATHER WAS OBSERVED.


RELATIVE HUMIDITY (PERCENT)
 HIGHEST    76           300 AM
 LOWEST     27           600 PM
 AVERAGE    52

..........................................................


THE ALBUQUERQUE  NM CLIMATE NORMALS FOR TODAY
                         NORMAL    RECORD    YEAR
 MAXIMUM TEMPERATURE (F)   75        92      1947
 MINIMUM TEMPERATURE (F)   49        28      1915


SUNRISE AND SUNSET
MAY  3 2016...........SUNRISE   613 AM MDT   SUNSET   754 PM MDT
MAY  4 2016...........SUNRISE   612 AM MDT   SUNSET   755 PM MDT


-  INDICATES NEGATIVE NUMBERS.
R  INDICATES RECORD WAS SET OR TIED.
MM INDICATES DATA IS MISSING.
T  INDICATES TRACE AMOUNT.




$$
