000
CDUS45 KABQ 260020
CLIABQ


CLIMATE REPORT
NATIONAL WEATHER SERVICE ALBUQUERQUE NM
619 PM MDT MON MAY 25 2015


...................................

...THE ALBUQUERQUE  NM CLIMATE SUMMARY FOR MAY 25 2015...
VALID TODAY AS OF 0500 PM LOCAL TIME.

CLIMATE NORMAL PERIOD 1981 TO 2010
CLIMATE RECORD PERIOD 1891 TO 2015


WEATHER ITEM   OBSERVED TIME   RECORD YEAR NORMAL DEPARTURE LAST
                VALUE   (LST)  VALUE       VALUE  FROM      YEAR
                                                  NORMAL
..................................................................
TEMPERATURE (F)
 TODAY
  MAXIMUM         70   1242 PM  92    2013  82    -12       70
                                      2006
                                      1984
  MINIMUM         48    522 AM  33    1980  55     -7       43
  AVERAGE         59                        68     -9       57

PRECIPITATION (IN)
  TODAY            0.13          0.77 1994   0.02   0.11
  MONTH TO DATE    1.86                      0.40   1.46
  SINCE MAR 1      2.33                      1.58   0.75
  SINCE JAN 1      3.64                      2.44   1.20

SNOWFALL (IN)
  TODAY            0.0
  MONTH TO DATE    T
  SINCE MAR 1      T
  SINCE JUL 1     15.2
  SNOW DEPTH       0

DEGREE DAYS
 HEATING
  TODAY            6                         1      5        8
  MONTH TO DATE  122                        66     56      110
  SINCE MAR 1    727                       867   -140      834
  SINCE JUL 1   3648                      4170   -522     3977

 COOLING
  TODAY            0                         5     -5        0
  MONTH TO DATE    4                        60    -56       52
  SINCE MAR 1      4                        67    -63       58
  SINCE JAN 1      4                        67    -63       58
..................................................................


WIND (MPH)
  HIGHEST WIND SPEED    35   HIGHEST WIND DIRECTION     W (290)
  HIGHEST GUST SPEED    42   HIGHEST GUST DIRECTION     W (290)
  AVERAGE WIND SPEED     4.5


SKY COVER
  POSSIBLE SUNSHINE  MM
  AVERAGE SKY COVER 0.6



RELATIVE HUMIDITY (PERCENT)
 HIGHEST    93           400 AM
 LOWEST     35           100 PM
 AVERAGE    64

..........................................................


THE ALBUQUERQUE  NM CLIMATE NORMALS FOR TOMORROW
                         NORMAL    RECORD    YEAR
 MAXIMUM TEMPERATURE (F)   82        95      1951
 MINIMUM TEMPERATURE (F)   55        34      1917


SUNRISE AND SUNSET
MAY 25 2015...........SUNRISE   557 AM MDT   SUNSET   811 PM MDT
MAY 26 2015...........SUNRISE   556 AM MDT   SUNSET   811 PM MDT


-  INDICATES NEGATIVE NUMBERS.
R  INDICATES RECORD WAS SET OR TIED.
MM INDICATES DATA IS MISSING.
T  INDICATES TRACE AMOUNT.




$$
