000
CDUS43 KABR 231041
CLIABR


CLIMATE REPORT
NATIONAL WEATHER SERVICE ABERDEEN SD
440 AM CST MON JAN 23 2017


...................................

...THE ABERDEEN SD CLIMATE SUMMARY FOR JANUARY 22 2017...

CLIMATE NORMAL PERIOD 1981 TO 2010
CLIMATE RECORD PERIOD 1893 TO 2017


WEATHER ITEM   OBSERVED TIME   RECORD YEAR NORMAL DEPARTURE LAST
                VALUE   (LST)  VALUE       VALUE  FROM      YEAR
                                                  NORMAL
..................................................................
TEMPERATURE (F)
 YESTERDAY
  MAXIMUM         32   1117 PM  58    1942  23      9       18
  MINIMUM         27   1008 AM -30    1937   1     26        8
                                      1936
  AVERAGE         30                        12     18       13

PRECIPITATION (IN)
  YESTERDAY        0.00          1.00 1897   0.01  -0.01      T
  MONTH TO DATE    0.46                      0.35   0.11     0.11
  SINCE DEC 1      2.24                      0.87   1.37     0.75
  SINCE JAN 1      0.46                      0.35   0.11     0.11

SNOWFALL (IN)
  YESTERDAY        0.0           5.0  1929   0.1   -0.1       T
  MONTH TO DATE    8.5                       4.8    3.7      2.0
  SINCE OCT 1     24.5                      19.4    5.1     17.1
  SINCE JUL 1     24.5                      19.4    5.1     17.1
  SNOW DEPTH       2

DEGREE DAYS
 HEATING
  YESTERDAY       35                        53    -18       52
  MONTH TO DATE 1252                      1166     86     1145
  SINCE DEC 1   2849                      2694    155     2452
  SINCE JUL 1   4199                      4657   -458     3864

 COOLING
  YESTERDAY        0                         0      0        0
  MONTH TO DATE    0                         0      0        0
  SINCE DEC 1      0                         0      0        0
  SINCE JAN 1      0                         0      0        0
..................................................................


WIND (MPH)
  HIGHEST WIND SPEED    16   HIGHEST WIND DIRECTION     W (290)
  HIGHEST GUST SPEED    21   HIGHEST GUST DIRECTION     W (290)
  AVERAGE WIND SPEED     9.9


SKY COVER
  POSSIBLE SUNSHINE  MM
  AVERAGE SKY COVER 1.0


WEATHER CONDITIONS
 THE FOLLOWING WEATHER WAS RECORDED YESTERDAY.
  FOG
  HAZE


RELATIVE HUMIDITY (PERCENT)
 HIGHEST    92           600 AM
 LOWEST     78           100 AM
 AVERAGE    85

..........................................................


THE ABERDEEN SD CLIMATE NORMALS FOR TODAY
                         NORMAL    RECORD    YEAR
 MAXIMUM TEMPERATURE (F)   23        60      1981
 MINIMUM TEMPERATURE (F)    1       -34      1897


SUNRISE AND SUNSET
JANUARY 23 2017.......SUNRISE   804 AM CST   SUNSET   528 PM CST
JANUARY 24 2017.......SUNRISE   803 AM CST   SUNSET   530 PM CST


-  INDICATES NEGATIVE NUMBERS.
R  INDICATES RECORD WAS SET OR TIED.
MM INDICATES DATA IS MISSING.
T  INDICATES TRACE AMOUNT.




$$
