000
CDUS43 KABR 251033
CLIABR


CLIMATE REPORT
NATIONAL WEATHER SERVICE ABERDEEN SD
533 AM CDT MON MAY 25 2015


...................................

...THE ABERDEEN SD CLIMATE SUMMARY FOR MAY 24 2015...

CLIMATE NORMAL PERIOD 1981 TO 2010
CLIMATE RECORD PERIOD 1893 TO 2015


WEATHER ITEM   OBSERVED TIME   RECORD YEAR NORMAL DEPARTURE LAST
                VALUE   (LST)  VALUE       VALUE  FROM      YEAR
                                                  NORMAL
..................................................................
TEMPERATURE (F)
 YESTERDAY
  MAXIMUM         67   1210 PM  99    1926  71     -4       84
  MINIMUM         53   1238 AM  25    1897  47      6       51
  AVERAGE         60                        59      1       68

PRECIPITATION (IN)
  YESTERDAY        0.30          1.30 1906   0.10   0.20     0.00
  MONTH TO DATE    5.42                      2.44   2.98     1.42
  SINCE MAR 1      6.20                      5.45   0.75     4.23
  SINCE JAN 1      7.25                      6.47   0.78     4.67

DEGREE DAYS
 HEATING
  YESTERDAY        5                         7     -2        0
  MONTH TO DATE  261                       244     17      338
  SINCE MAR 1   1674                      1952   -278     2282
  SINCE JUL 1   7942                      8415   -473     9441

 COOLING
  YESTERDAY        0                         1     -1        3
  MONTH TO DATE    2                        14    -12        8
  SINCE MAR 1      2                        16    -14        8
  SINCE JAN 1      2                        16    -14        8
..................................................................


WIND (MPH)
  HIGHEST WIND SPEED    17   HIGHEST WIND DIRECTION     E (70)
  HIGHEST GUST SPEED    22   HIGHEST GUST DIRECTION     E (70)
  AVERAGE WIND SPEED     9.6


SKY COVER
  POSSIBLE SUNSHINE  MM
  AVERAGE SKY COVER 0.8


WEATHER CONDITIONS
 THE FOLLOWING WEATHER WAS RECORDED YESTERDAY.
  RAIN
  LIGHT RAIN
  FOG


RELATIVE HUMIDITY (PERCENT)
 HIGHEST    93          1000 PM
 LOWEST     58          1200 PM
 AVERAGE    76

..........................................................


THE ABERDEEN SD CLIMATE NORMALS FOR TODAY
                         NORMAL    RECORD    YEAR
 MAXIMUM TEMPERATURE (F)   71        93      1941
 MINIMUM TEMPERATURE (F)   47        29      1924


SUNRISE AND SUNSET
MAY 25 2015...........SUNRISE   554 AM CDT   SUNSET   908 PM CDT
MAY 26 2015...........SUNRISE   553 AM CDT   SUNSET   909 PM CDT


-  INDICATES NEGATIVE NUMBERS.
R  INDICATES RECORD WAS SET OR TIED.
MM INDICATES DATA IS MISSING.
T  INDICATES TRACE AMOUNT.




$$
