000
CDUS43 KABR 221039
CLIABR


CLIMATE REPORT
NATIONAL WEATHER SERVICE ABERDEEN SD
539 AM CDT THU JUN 22 2017


...................................

...THE ABERDEEN SD CLIMATE SUMMARY FOR JUNE 21 2017...

CLIMATE NORMAL PERIOD 1981 TO 2010
CLIMATE RECORD PERIOD 1893 TO 2017


WEATHER ITEM   OBSERVED TIME   RECORD YEAR NORMAL DEPARTURE LAST
                VALUE   (LST)  VALUE       VALUE  FROM      YEAR
                                                  NORMAL
..................................................................
TEMPERATURE (F)
 YESTERDAY
  MAXIMUM         91    506 PM 108    1988  79     12       89
  MINIMUM         59    329 AM  31    1902  55      4       50
  AVERAGE         75                        67      8       70

PRECIPITATION (IN)
  YESTERDAY        0.04          1.85 2011   0.13  -0.09      T
  MONTH TO DATE    3.80                      2.59   1.21     1.41
  SINCE JUN 1      3.80                      2.59   1.21     1.41
  SINCE JAN 1      7.18                      9.73  -2.55     8.35

DEGREE DAYS
 HEATING
  YESTERDAY        0                         2     -2        0
  MONTH TO DATE    4                        66    -62       18
  SINCE JUN 1      4                        66    -62       18
  SINCE JUL 1   7504                      8524  -1020     6785

 COOLING
  YESTERDAY       10                         4      6        5
  MONTH TO DATE  126                        50     76      144
  SINCE JUN 1    126                        50     76      144
  SINCE JAN 1    138                        73     65      177
..................................................................


WIND (MPH)
  HIGHEST WIND SPEED    23   HIGHEST WIND DIRECTION    NW (330)
  HIGHEST GUST SPEED    31   HIGHEST GUST DIRECTION    NW (310)
  AVERAGE WIND SPEED    10.5


SKY COVER
  POSSIBLE SUNSHINE  MM
  AVERAGE SKY COVER 0.2


WEATHER CONDITIONS
 THE FOLLOWING WEATHER WAS RECORDED YESTERDAY.
  THUNDERSTORM
  RAIN
  LIGHT RAIN


RELATIVE HUMIDITY (PERCENT)
 HIGHEST    78          1200 AM
 LOWEST     41           300 PM
 AVERAGE    60

..........................................................


THE ABERDEEN SD CLIMATE NORMALS FOR TODAY
                         NORMAL    RECORD    YEAR
 MAXIMUM TEMPERATURE (F)   80       102      1922
                                             1911
 MINIMUM TEMPERATURE (F)   56        39      1905


SUNRISE AND SUNSET
JUNE 22 2017..........SUNRISE   546 AM CDT   SUNSET   926 PM CDT
JUNE 23 2017..........SUNRISE   546 AM CDT   SUNSET   926 PM CDT


-  INDICATES NEGATIVE NUMBERS.
R  INDICATES RECORD WAS SET OR TIED.
MM INDICATES DATA IS MISSING.
T  INDICATES TRACE AMOUNT.




$$
