000
CDUS43 KABR 271457
CLIABR


CLIMATE REPORT
NATIONAL WEATHER SERVICE ABERDEEN SD
856 AM CST TUE JAN 27 2015


...................................

...THE ABERDEEN SD CLIMATE SUMMARY FOR JANUARY 26 2015...

CLIMATE NORMAL PERIOD 1981 TO 2010
CLIMATE RECORD PERIOD 1893 TO 2015


WEATHER ITEM   OBSERVED TIME   RECORD YEAR NORMAL DEPARTURE LAST
                VALUE   (LST)  VALUE       VALUE  FROM      YEAR
                                                  NORMAL
..................................................................
TEMPERATURE (F)
 YESTERDAY
  MAXIMUM         48    313 PM  58    1947  23     25       36
  MINIMUM         28   1153 PM -30    1950   2     26       -8
  AVERAGE         38                        12     26       14

PRECIPITATION (IN)
  YESTERDAY        0.00          0.30 1916   0.02  -0.02     0.12
  MONTH TO DATE    0.68                      0.41   0.27     0.25
  SINCE DEC 1      0.93                      0.93   0.00     1.13
  SINCE JAN 1      0.68                      0.41   0.27     0.25

SNOWFALL (IN)
  YESTERDAY        0.0
  MONTH TO DATE    4.6
  SINCE OCT 1     13.4
  SINCE JUL 1     13.4
  SNOW DEPTH       0

DEGREE DAYS
 HEATING
  YESTERDAY       27                        53    -26       51
  MONTH TO DATE 1257                      1378   -121     1408
  SINCE DEC 1   2570                      2906   -336     3213
  SINCE JUL 1   4616                      4869   -253     5204

 COOLING
  YESTERDAY        0                         0      0        0
  MONTH TO DATE    0                         0      0        0
  SINCE DEC 1      0                         0      0        0
  SINCE JAN 1      0                         0      0        0
..................................................................


WIND (MPH)
  HIGHEST WIND SPEED    20   HIGHEST WIND DIRECTION    NW (330)
  HIGHEST GUST SPEED    24   HIGHEST GUST DIRECTION    NW (330)
  AVERAGE WIND SPEED     9.6


SKY COVER
  POSSIBLE SUNSHINE  MM
  AVERAGE SKY COVER 0.1


WEATHER CONDITIONS
 THE FOLLOWING WEATHER WAS RECORDED YESTERDAY.
  NO SIGNIFICANT WEATHER WAS OBSERVED.


RELATIVE HUMIDITY (PERCENT)
 HIGHEST    92           900 PM
 LOWEST     65           200 PM
 AVERAGE    79

..........................................................


THE ABERDEEN SD CLIMATE NORMALS FOR TODAY
                         NORMAL    RECORD    YEAR
 MAXIMUM TEMPERATURE (F)   23        53      1934
                                             1908
 MINIMUM TEMPERATURE (F)    2       -34      1915


SUNRISE AND SUNSET
JANUARY 27 2015.......SUNRISE   800 AM CST   SUNSET   533 PM CST
JANUARY 28 2015.......SUNRISE   759 AM CST   SUNSET   535 PM CST


-  INDICATES NEGATIVE NUMBERS.
R  INDICATES RECORD WAS SET OR TIED.
MM INDICATES DATA IS MISSING.
T  INDICATES TRACE AMOUNT.




$$
