000
CDUS43 KABR 021026
CLIABR


CLIMATE REPORT
NATIONAL WEATHER SERVICE ABERDEEN SD
526 AM CDT THU OCT 2 2014


...................................

...THE ABERDEEN SD CLIMATE SUMMARY FOR OCTOBER 1 2014...

CLIMATE NORMAL PERIOD 1981 TO 2010
CLIMATE RECORD PERIOD 1893 TO 2014


WEATHER ITEM   OBSERVED TIME   RECORD YEAR NORMAL DEPARTURE LAST
                VALUE   (LST)  VALUE       VALUE  FROM      YEAR
                                                  NORMAL
..................................................................
TEMPERATURE (F)
 YESTERDAY
  MAXIMUM         70    303 PM  92    1922  65      5       71
  MINIMUM         47   1157 PM  21    1974  39      8       40
  AVERAGE         59                        52      7       56

PRECIPITATION (IN)
  YESTERDAY        0.00          1.00 1894   0.08  -0.08     0.00
  MONTH TO DATE    0.00                      0.08  -0.08     0.00
  SINCE SEP 1      1.00                      2.27  -1.27     2.44
  SINCE JAN 1     16.63                     18.56  -1.93    16.20

DEGREE DAYS
 HEATING
  YESTERDAY        6                        13     -7        9
  MONTH TO DATE    6                        13     -7        9
  SINCE SEP 1    199                       236    -37      124
  SINCE JUL 1    261                       287    -26      175

 COOLING
  YESTERDAY        0                         0      0        0
  MONTH TO DATE    0                         0      0        0
  SINCE SEP 1     38                        40     -2       91
  SINCE JAN 1    342                       523   -181      580
..................................................................


WIND (MPH)
  HIGHEST WIND SPEED    21   HIGHEST WIND DIRECTION    NW (310)
  HIGHEST GUST SPEED    27   HIGHEST GUST DIRECTION    NW (310)
  AVERAGE WIND SPEED     9.7


SKY COVER
  POSSIBLE SUNSHINE  MM
  AVERAGE SKY COVER 0.1


WEATHER CONDITIONS
 THE FOLLOWING WEATHER WAS RECORDED YESTERDAY.
  NO SIGNIFICANT WEATHER WAS OBSERVED.


RELATIVE HUMIDITY (PERCENT)
 HIGHEST    89           600 AM
 LOWEST     53           100 PM
 AVERAGE    71

..........................................................


THE ABERDEEN SD CLIMATE NORMALS FOR TODAY
                         NORMAL    RECORD    YEAR
 MAXIMUM TEMPERATURE (F)   65        92      1910
 MINIMUM TEMPERATURE (F)   38        17      1974


SUNRISE AND SUNSET
OCTOBER  2 2014.......SUNRISE   733 AM CDT   SUNSET   712 PM CDT
OCTOBER  3 2014.......SUNRISE   734 AM CDT   SUNSET   710 PM CDT


-  INDICATES NEGATIVE NUMBERS.
R  INDICATES RECORD WAS SET OR TIED.
MM INDICATES DATA IS MISSING.
T  INDICATES TRACE AMOUNT.




$$
