000
CDUS43 KABR 191200
CLIABR


CLIMATE REPORT
NATIONAL WEATHER SERVICE ABERDEEN SD
700 AM CDT SAT AUG 19 2017


...................................

...THE ABERDEEN SD CLIMATE SUMMARY FOR AUGUST 18 2017...

CLIMATE NORMAL PERIOD 1981 TO 2010
CLIMATE RECORD PERIOD 1893 TO 2017


WEATHER ITEM   OBSERVED TIME   RECORD YEAR NORMAL DEPARTURE LAST
                VALUE   (LST)  VALUE       VALUE  FROM      YEAR
                                                  NORMAL
..................................................................
TEMPERATURE (F)
 YESTERDAY
  MAXIMUM         77    526 PM 109    1959  82     -5       80
  MINIMUM         54   1148 PM  38    2002  56     -2       65
  AVERAGE         66                        69     -3       73

PRECIPITATION (IN)
  YESTERDAY        0.02          2.58 1989   0.07  -0.05     0.01
  MONTH TO DATE    1.42                      1.40   0.02     1.70
  SINCE JUN 1      7.41                      8.12  -0.71     6.80
  SINCE JAN 1     10.79                     15.26  -4.47    13.74

DEGREE DAYS
 HEATING
  YESTERDAY        0                         1     -1        0
  MONTH TO DATE   10                        14     -4        0
  SINCE JUN 1     62                       104    -42       28
  SINCE JUL 1     10                        28    -18        8

 COOLING
  YESTERDAY        1                         5     -4        8
  MONTH TO DATE   27                       109    -82      146
  SINCE JUN 1    444                       409     35      568
  SINCE JAN 1    456                       432     24      601
..................................................................


WIND (MPH)
  HIGHEST WIND SPEED    21   HIGHEST WIND DIRECTION     N (360)
  HIGHEST GUST SPEED    28   HIGHEST GUST DIRECTION    NE (30)
  AVERAGE WIND SPEED     8.5


SKY COVER
  POSSIBLE SUNSHINE  MM
  AVERAGE SKY COVER 0.2


WEATHER CONDITIONS
 THE FOLLOWING WEATHER WAS RECORDED YESTERDAY.
  LIGHT RAIN
  FOG


RELATIVE HUMIDITY (PERCENT)
 HIGHEST   100           500 AM
 LOWEST     50           400 PM
 AVERAGE    75

..........................................................


THE ABERDEEN SD CLIMATE NORMALS FOR TODAY
                         NORMAL    RECORD    YEAR
 MAXIMUM TEMPERATURE (F)   82       103      1976
 MINIMUM TEMPERATURE (F)   56        34      2004


SUNRISE AND SUNSET
AUGUST 19 2017........SUNRISE   640 AM CDT   SUNSET   834 PM CDT
AUGUST 20 2017........SUNRISE   641 AM CDT   SUNSET   832 PM CDT


-  INDICATES NEGATIVE NUMBERS.
R  INDICATES RECORD WAS SET OR TIED.
MM INDICATES DATA IS MISSING.
T  INDICATES TRACE AMOUNT.




$$
