000
CDUS43 KABR 232237
CLIABR


CLIMATE REPORT
NATIONAL WEATHER SERVICE ABERDEEN SD
535 PM CDT TUE MAY 23 2017


...................................

...THE ABERDEEN SD CLIMATE SUMMARY FOR MAY 23 2017...
VALID TODAY AS OF 0500 PM LOCAL TIME.

CLIMATE NORMAL PERIOD 1981 TO 2010
CLIMATE RECORD PERIOD 1893 TO 2017


WEATHER ITEM   OBSERVED TIME   RECORD YEAR NORMAL DEPARTURE LAST
                VALUE   (LST)  VALUE       VALUE  FROM      YEAR
                                                  NORMAL
..................................................................
TEMPERATURE (F)
 TODAY
  MAXIMUM         57    352 PM  94    1950  71    -14       82
  MINIMUM         46    716 AM  26    1897  47     -1       56
  AVERAGE         52                        59     -7       69

PRECIPITATION (IN)
  TODAY            0.02          1.04 1936   0.09  -0.07     0.26
  MONTH TO DATE    0.59                      2.34  -1.75     1.10
  SINCE MAR 1      2.64                      5.35  -2.71     5.22
  SINCE JAN 1      3.32                      6.37  -3.05     5.91

DEGREE DAYS
 COOLING
  TODAY            0                         1     -1        4
  MONTH TO DATE   12                        13     -1       20
  SINCE MAR 1     12                        15     -3       21
  SINCE JAN 1     12                        15     -3       21
..................................................................


WIND (MPH)
  HIGHEST WIND SPEED    25   HIGHEST WIND DIRECTION     N (360)
  HIGHEST GUST SPEED    32   HIGHEST GUST DIRECTION     N (10)
  AVERAGE WIND SPEED    17.4


SKY COVER
  POSSIBLE SUNSHINE  MM
  AVERAGE SKY COVER 1.0


WEATHER CONDITIONS
 THE FOLLOWING WEATHER WAS RECORDED TODAY.
  LIGHT RAIN
  FOG


RELATIVE HUMIDITY (PERCENT)
 HIGHEST    86           100 AM
 LOWEST     59           300 PM
 AVERAGE    73

..........................................................


THE ABERDEEN SD CLIMATE NORMALS FOR TOMORROW
                         NORMAL    RECORD    YEAR
 MAXIMUM TEMPERATURE (F)   71        99      1926
 MINIMUM TEMPERATURE (F)   47        25      1897


SUNRISE AND SUNSET
MAY 23 2017...........SUNRISE   555 AM CDT   SUNSET   907 PM CDT
MAY 24 2017...........SUNRISE   554 AM CDT   SUNSET   908 PM CDT


-  INDICATES NEGATIVE NUMBERS.
R  INDICATES RECORD WAS SET OR TIED.
MM INDICATES DATA IS MISSING.
T  INDICATES TRACE AMOUNT.

&&

PEAK WIND WAS 32 MPH FROM THE NORTH AT 1103 AM CDT.




$$
