000
CDUS43 KABR 311035
CLIABR


CLIMATE REPORT
NATIONAL WEATHER SERVICE ABERDEEN SD
534 AM CDT FRI OCT 31 2014


...................................

...THE ABERDEEN SD CLIMATE SUMMARY FOR OCTOBER 30 2014...

CLIMATE NORMAL PERIOD 1981 TO 2010
CLIMATE RECORD PERIOD 1893 TO 2014


WEATHER ITEM   OBSERVED TIME   RECORD YEAR NORMAL DEPARTURE LAST
                VALUE   (LST)  VALUE       VALUE  FROM      YEAR
                                                  NORMAL
..................................................................
TEMPERATURE (F)
 YESTERDAY
  MAXIMUM         45   1247 PM  85    1950  50     -5       33
  MINIMUM         21   1159 PM   8    1991  27     -6       31
                                      1925
  AVERAGE         33                        38     -5       32

PRECIPITATION (IN)
  YESTERDAY        0.00          1.00 1896   0.04  -0.04     0.00
  MONTH TO DATE    0.26                      1.95  -1.69     4.72
  SINCE SEP 1      1.26                      4.14  -2.88     7.16
  SINCE JAN 1     16.89                     20.43  -3.54    20.92

SNOWFALL (IN)
  YESTERDAY        0.0
  MONTH TO DATE    0.0
  SINCE OCT 1      0.0
  SINCE JUL 1      0.0
  SNOW DEPTH       0

DEGREE DAYS
 HEATING
  YESTERDAY       32                        27      5       33
  MONTH TO DATE  469                       590   -121      668
  SINCE SEP 1    662                       813   -151      783
  SINCE JUL 1    724                       864   -140      834

 COOLING
  YESTERDAY        0                         0      0        0
  MONTH TO DATE    0                         0      0        0
  SINCE SEP 1     38                        40     -2       91
  SINCE JAN 1    342                       523   -181      580
..................................................................


WIND (MPH)
  HIGHEST WIND SPEED    25   HIGHEST WIND DIRECTION     N (360)
  HIGHEST GUST SPEED    32   HIGHEST GUST DIRECTION     N (360)
  AVERAGE WIND SPEED    13.4


SKY COVER
  POSSIBLE SUNSHINE  MM
  AVERAGE SKY COVER 0.7


WEATHER CONDITIONS
 THE FOLLOWING WEATHER WAS RECORDED YESTERDAY.
  FOG


RELATIVE HUMIDITY (PERCENT)
 HIGHEST    92           500 AM
 LOWEST     59           700 PM
 AVERAGE    76

..........................................................


THE ABERDEEN SD CLIMATE NORMALS FOR TODAY
                         NORMAL    RECORD    YEAR
 MAXIMUM TEMPERATURE (F)   49        78      1933
 MINIMUM TEMPERATURE (F)   27         8      2006


SUNRISE AND SUNSET
OCTOBER 31 2014.......SUNRISE   812 AM CDT   SUNSET   622 PM CDT
NOVEMBER  1 2014......SUNRISE   813 AM CDT   SUNSET   621 PM CDT


-  INDICATES NEGATIVE NUMBERS.
R  INDICATES RECORD WAS SET OR TIED.
MM INDICATES DATA IS MISSING.
T  INDICATES TRACE AMOUNT.




$$
