000
CDUS43 KABR 121510
CLIABR


CLIMATE REPORT
NATIONAL WEATHER SERVICE ABERDEEN SD
909 AM CST FRI FEB 12 2016


...................................

...THE ABERDEEN SD CLIMATE SUMMARY FOR FEBRUARY 11 2016...

CLIMATE NORMAL PERIOD 1981 TO 2010
CLIMATE RECORD PERIOD 1893 TO 2016


WEATHER ITEM   OBSERVED TIME   RECORD YEAR NORMAL DEPARTURE LAST
                VALUE   (LST)  VALUE       VALUE  FROM      YEAR
                                                  NORMAL
..................................................................
TEMPERATURE (F)
 YESTERDAY
  MAXIMUM         24    437 PM  58    2005  27     -3       20
                                      1987
  MINIMUM         11   1113 PM -35    1988   6      5        0
  AVERAGE         18                        16      2       10

PRECIPITATION (IN)
  YESTERDAY        0.05          0.80 1922   0.01   0.04      T
  MONTH TO DATE    0.19                      0.17   0.02     0.20
  SINCE DEC 1      0.97                      1.16  -0.19     1.13
  SINCE JAN 1      0.33                      0.64  -0.31     0.88

SNOWFALL (IN)
  YESTERDAY        0.5
  MONTH TO DATE    1.7
  SINCE OCT 1     19.1
  SINCE JUL 1     19.1
  SNOW DEPTH       T

DEGREE DAYS
 HEATING
  YESTERDAY       47                        49     -2       55
  MONTH TO DATE  433                       554   -121      538
  SINCE DEC 1   3204                      3725   -521     3292
  SINCE JUL 1   4616                      5688  -1072     5338

 COOLING
  YESTERDAY        0                         0      0        0
  MONTH TO DATE    0                         0      0        0
  SINCE DEC 1      0                         0      0        0
  SINCE JAN 1      0                         0      0        0
..................................................................


WIND (MPH)
  HIGHEST WIND SPEED    12   HIGHEST WIND DIRECTION     N (360)
  HIGHEST GUST SPEED    15   HIGHEST GUST DIRECTION     N (360)
  AVERAGE WIND SPEED     4.9


SKY COVER
  POSSIBLE SUNSHINE  MM
  AVERAGE SKY COVER 0.9


WEATHER CONDITIONS
 THE FOLLOWING WEATHER WAS RECORDED YESTERDAY.
  LIGHT SNOW
  HAZE


RELATIVE HUMIDITY (PERCENT)
 HIGHEST    84          1200 PM
 LOWEST     73           500 AM
 AVERAGE    79

..........................................................


THE ABERDEEN SD CLIMATE NORMALS FOR TODAY
                         NORMAL    RECORD    YEAR
 MAXIMUM TEMPERATURE (F)   27        62      1921
 MINIMUM TEMPERATURE (F)    6       -36      1905


SUNRISE AND SUNSET
FEBRUARY 12 2016......SUNRISE   741 AM CST   SUNSET   556 PM CST
FEBRUARY 13 2016......SUNRISE   739 AM CST   SUNSET   557 PM CST


-  INDICATES NEGATIVE NUMBERS.
R  INDICATES RECORD WAS SET OR TIED.
MM INDICATES DATA IS MISSING.
T  INDICATES TRACE AMOUNT.




$$
