000
CDUS43 KABR 171028
CLIABR


CLIMATE REPORT
NATIONAL WEATHER SERVICE ABERDEEN SD
528 AM CDT WED SEP 17 2014


...................................

...THE ABERDEEN SD CLIMATE SUMMARY FOR SEPTEMBER 16 2014...

CLIMATE NORMAL PERIOD 1981 TO 2010
CLIMATE RECORD PERIOD 1893 TO 2014


WEATHER ITEM   OBSERVED TIME   RECORD YEAR NORMAL DEPARTURE LAST
                VALUE   (LST)  VALUE       VALUE  FROM      YEAR
                                                  NORMAL
..................................................................
TEMPERATURE (F)
 YESTERDAY
  MAXIMUM         71    430 PM  96    1925  72     -1       69
                                      1895
  MINIMUM         32    548 AM  20    1916  46    -14       36
  AVERAGE         52                        59     -7       53

PRECIPITATION (IN)
  YESTERDAY        0.00          1.60 1917   0.07  -0.07     0.00
  MONTH TO DATE    0.22                      1.20  -0.98     0.68
  SINCE SEP 1      0.22                      1.20  -0.98     0.68
  SINCE JAN 1     15.85                     17.49  -1.64    14.44

DEGREE DAYS
 HEATING
  YESTERDAY       13                         7      6       12
  MONTH TO DATE  147                        81     66       45
  SINCE SEP 1    147                        81     66       45
  SINCE JUL 1    209                       132     77       96

 COOLING
  YESTERDAY        0                         1     -1        0
  MONTH TO DATE    5                        32    -27       64
  SINCE SEP 1      5                        32    -27       64
  SINCE JAN 1    309                       515   -206      553
..................................................................


WIND (MPH)
  HIGHEST WIND SPEED    17   HIGHEST WIND DIRECTION     S (180)
  HIGHEST GUST SPEED    23   HIGHEST GUST DIRECTION     S (170)
  AVERAGE WIND SPEED     6.3


SKY COVER
  POSSIBLE SUNSHINE  MM
  AVERAGE SKY COVER 0.0


WEATHER CONDITIONS
 THE FOLLOWING WEATHER WAS RECORDED YESTERDAY.
  NO SIGNIFICANT WEATHER WAS OBSERVED.


RELATIVE HUMIDITY (PERCENT)
 HIGHEST   100           100 AM
 LOWEST     51           200 PM
 AVERAGE    76

..........................................................


THE ABERDEEN SD CLIMATE NORMALS FOR TODAY
                         NORMAL    RECORD    YEAR
 MAXIMUM TEMPERATURE (F)   72        97      1955
                                             1920
 MINIMUM TEMPERATURE (F)   45        28      1903


SUNRISE AND SUNSET
SEPTEMBER 17 2014.....SUNRISE   715 AM CDT   SUNSET   741 PM CDT
SEPTEMBER 18 2014.....SUNRISE   716 AM CDT   SUNSET   739 PM CDT


-  INDICATES NEGATIVE NUMBERS.
R  INDICATES RECORD WAS SET OR TIED.
MM INDICATES DATA IS MISSING.
T  INDICATES TRACE AMOUNT.




$$
