000
CDUS42 KTAE 200630
CLIABY


CLIMATE REPORT
NATIONAL WEATHER SERVICE TALLAHASSEE FL
230 AM EDT SUN AUG 20 2017


...................................

...THE ALBANY CLIMATE SUMMARY FOR AUGUST 19 2017...

CLIMATE NORMAL PERIOD 1981 TO 2010
CLIMATE RECORD PERIOD 1930 TO 2017


WEATHER ITEM   OBSERVED TIME   RECORD YEAR NORMAL DEPARTURE LAST
                VALUE   (LST)  VALUE       VALUE  FROM      YEAR
                                                  NORMAL
..................................................................
TEMPERATURE (F)
 YESTERDAY
  MAXIMUM         96    357 PM 101    1993  92      4       95
  MINIMUM         74    651 AM  63    1979  72      2       74
  AVERAGE         85                        82      3       85

PRECIPITATION (IN)
  YESTERDAY        0.00                      0.18  -0.18      T
  MONTH TO DATE    1.78                      3.11  -1.33     3.50
  SINCE JUN 1     12.56                     13.51  -0.95    10.14
  SINCE JAN 1     31.56                     33.87  -2.31    32.87

SNOWFALL (IN)
  YESTERDAY        0.0

DEGREE DAYS
 HEATING
  YESTERDAY        0                         0      0        0
  MONTH TO DATE    0                         0      0        0
  SINCE JUN 1      0                         0      0        0
  SINCE JUL 1      0                         0      0        0

 COOLING
  YESTERDAY       20                        17      3       20
  MONTH TO DATE  348                       323     25      364
  SINCE JUN 1   1354                      1329     25     1505
  SINCE JAN 1   1984                      1769    215     1997
..................................................................


WIND (MPH)
  HIGHEST WIND SPEED    13   HIGHEST WIND DIRECTION    NW (320)
  HIGHEST GUST SPEED    16   HIGHEST GUST DIRECTION    NW (320)
  AVERAGE WIND SPEED     2.1




RELATIVE HUMIDITY (PERCENT)
 HIGHEST   100
 LOWEST     39
 AVERAGE    70

..........................................................


THE ALBANY CLIMATE NORMALS FOR TODAY
                         NORMAL    RECORD    YEAR
 MAXIMUM TEMPERATURE (F)   92       101      1978
 MINIMUM TEMPERATURE (F)   72        64      1979


SUNRISE AND SUNSET
AUGUST 20 2017........SUNRISE   705 AM EDT   SUNSET   814 PM EDT
AUGUST 21 2017........SUNRISE   706 AM EDT   SUNSET   813 PM EDT


-  INDICATES NEGATIVE NUMBERS.
R  INDICATES RECORD WAS SET OR TIED.
MM INDICATES DATA IS MISSING.
T  INDICATES TRACE AMOUNT.




$$
