000
CDUS42 KTAE 100635
CLIABY


CLIMATE REPORT
NATIONAL WEATHER SERVICE TALLAHASSEE FL
134 AM EST WED FEB 10 2016


...................................

...THE ALBANY CLIMATE SUMMARY FOR FEBRUARY 9 2016...

CLIMATE NORMAL PERIOD 1981 TO 2010
CLIMATE RECORD PERIOD 1930 TO 2016


WEATHER ITEM   OBSERVED TIME   RECORD YEAR NORMAL DEPARTURE LAST
                VALUE   (LST)  VALUE       VALUE  FROM      YEAR
                                                  NORMAL
..................................................................
TEMPERATURE (F)
 YESTERDAY
  MAXIMUM         50    446 PM  83    1957  63    -13       69
  MINIMUM         30   1159 PM  17    1933  40    -10       46
  AVERAGE         40                        51    -11       58

PRECIPITATION (IN)
  YESTERDAY        0.00                      0.15  -0.15     0.17
  MONTH TO DATE    2.30                      1.20   1.10     1.29
  SINCE DEC 1     12.82                      9.77   3.05    12.32
  SINCE JAN 1      5.96                      6.02  -0.06     4.59

SNOWFALL (IN)
  YESTERDAY        0.0

DEGREE DAYS
 HEATING
  YESTERDAY       25                        14     11        7
  MONTH TO DATE  126                       129     -3      139
  SINCE DEC 1    795                      1063   -268      981
  SINCE JUL 1    919                      1333   -414     1386

 COOLING
  YESTERDAY        0                         0      0        0
  MONTH TO DATE    0                         0      0        0
  SINCE DEC 1     76                        13     63        7
  SINCE JAN 1      0                         4     -4        2
..................................................................


WIND (MPH)
  HIGHEST WIND SPEED    28   HIGHEST WIND DIRECTION     W (250)
  HIGHEST GUST SPEED    36   HIGHEST GUST DIRECTION     W (290)
  AVERAGE WIND SPEED    11.1




RELATIVE HUMIDITY (PERCENT)
 HIGHEST    56
 LOWEST     22
 AVERAGE    39

..........................................................


THE ALBANY CLIMATE NORMALS FOR TODAY
                         NORMAL    RECORD    YEAR
 MAXIMUM TEMPERATURE (F)   63        82      1994
 MINIMUM TEMPERATURE (F)   40        18      1979


SUNRISE AND SUNSET
FEBRUARY 10 2016......SUNRISE   723 AM EST   SUNSET   619 PM EST
FEBRUARY 11 2016......SUNRISE   722 AM EST   SUNSET   620 PM EST


-  INDICATES NEGATIVE NUMBERS.
R  INDICATES RECORD WAS SET OR TIED.
MM INDICATES DATA IS MISSING.
T  INDICATES TRACE AMOUNT.




$$
