000
CDUS42 KTAE 170630
CLIABY


CLIMATE REPORT
NATIONAL WEATHER SERVICE TALLAHASSEE FL
130 AM EST SUN DEC 17 2017


...................................

...THE ALBANY CLIMATE SUMMARY FOR DECEMBER 16 2017...

CLIMATE NORMAL PERIOD 1981 TO 2010
CLIMATE RECORD PERIOD 1930 TO 2017


WEATHER ITEM   OBSERVED TIME   RECORD YEAR NORMAL DEPARTURE LAST
                VALUE   (LST)  VALUE       VALUE  FROM      YEAR
                                                  NORMAL
..................................................................
TEMPERATURE (F)
 YESTERDAY
  MAXIMUM         61    409 PM  79    2008  62     -1       62
                                      1971
  MINIMUM         35    738 AM  19    1985  39     -4       35
  AVERAGE         48                        51     -3       49

PRECIPITATION (IN)
  YESTERDAY        0.00                      0.13  -0.13     0.00
  MONTH TO DATE    1.96                      2.26  -0.30     8.41
  SINCE DEC 1      1.96                      2.26  -0.30     8.41
  SINCE JAN 1     40.09                     47.08  -6.99    46.77

SNOWFALL (IN)
  YESTERDAY        0.0

DEGREE DAYS
 HEATING
  YESTERDAY       17                        15      2       16
  MONTH TO DATE  210                       210      0      151
  SINCE DEC 1    210                       210      0      151
  SINCE JUL 1    425                       480    -55      292

 COOLING
  YESTERDAY        0                         0      0        0
  MONTH TO DATE    5                         0      5        7
  SINCE DEC 1      5                         0      5        7
  SINCE JAN 1   2926                      2533    393     3022
..................................................................


WIND (MPH)
  HIGHEST WIND SPEED     9   HIGHEST WIND DIRECTION    NE (30)
  HIGHEST GUST SPEED    12   HIGHEST GUST DIRECTION     N (340)
  AVERAGE WIND SPEED     2.6




RELATIVE HUMIDITY (PERCENT)
 HIGHEST    79
 LOWEST     28
 AVERAGE    54

..........................................................


THE ALBANY CLIMATE NORMALS FOR TODAY
                         NORMAL    RECORD    YEAR
 MAXIMUM TEMPERATURE (F)   62        83      1971
 MINIMUM TEMPERATURE (F)   39        19      1968


SUNRISE AND SUNSET
DECEMBER 17 2017......SUNRISE   730 AM EST   SUNSET   536 PM EST
DECEMBER 18 2017......SUNRISE   731 AM EST   SUNSET   536 PM EST


-  INDICATES NEGATIVE NUMBERS.
R  INDICATES RECORD WAS SET OR TIED.
MM INDICATES DATA IS MISSING.
T  INDICATES TRACE AMOUNT.




$$
