000
CDUS42 KTAE 170633
CLIABY


CLIMATE REPORT
NATIONAL WEATHER SERVICE TALLAHASSEE FL
231 AM EDT TUE OCT 17 2017


...................................

...THE ALBANY CLIMATE SUMMARY FOR OCTOBER 16 2017...

CLIMATE NORMAL PERIOD 1981 TO 2010
CLIMATE RECORD PERIOD 1930 TO 2017


WEATHER ITEM   OBSERVED TIME   RECORD YEAR NORMAL DEPARTURE LAST
                VALUE   (LST)  VALUE       VALUE  FROM      YEAR
                                                  NORMAL
..................................................................
TEMPERATURE (F)
 YESTERDAY
  MAXIMUM         86   1117 AM  91    1985  80      6       87
  MINIMUM         63   1159 PM  33    1977  56      7       66
  AVERAGE         75                        68      7       77

PRECIPITATION (IN)
  YESTERDAY        0.04                      0.09  -0.05      T
  MONTH TO DATE    0.58                      1.31  -0.73      T
  SINCE SEP 1      3.47                      4.75  -1.28     3.29
  SINCE JAN 1     36.24                     40.35  -4.11    37.34

SNOWFALL (IN)
  YESTERDAY        0.0

DEGREE DAYS
 HEATING
  YESTERDAY        0                         1     -1        0
  MONTH TO DATE    0                         8     -8        0
  SINCE SEP 1      0                         9     -9        0
  SINCE JUL 1      0                         9     -9        0

 COOLING
  YESTERDAY       10                         4      6       12
  MONTH TO DATE  233                        98    135      151
  SINCE SEP 1    639                       481    158      627
  SINCE JAN 1   2847                      2454    393     2864
..................................................................


WIND (MPH)
  HIGHEST WIND SPEED    18   HIGHEST WIND DIRECTION    NW (320)
  HIGHEST GUST SPEED    23   HIGHEST GUST DIRECTION     N (340)
  AVERAGE WIND SPEED     5.5




RELATIVE HUMIDITY (PERCENT)
 HIGHEST   100
 LOWEST     53
 AVERAGE    77

..........................................................


THE ALBANY CLIMATE NORMALS FOR TODAY
                         NORMAL    RECORD    YEAR
 MAXIMUM TEMPERATURE (F)   80        91      1985
 MINIMUM TEMPERATURE (F)   56        33      1977


SUNRISE AND SUNSET
OCTOBER 17 2017.......SUNRISE   741 AM EDT   SUNSET   702 PM EDT
OCTOBER 18 2017.......SUNRISE   742 AM EDT   SUNSET   701 PM EDT


-  INDICATES NEGATIVE NUMBERS.
R  INDICATES RECORD WAS SET OR TIED.
MM INDICATES DATA IS MISSING.
T  INDICATES TRACE AMOUNT.




$$
