000
CDUS42 KTAE 300630
CLIABY


CLIMATE REPORT
NATIONAL WEATHER SERVICE TALLAHASSEE FL
230 AM EDT SUN APR 30 2017


...................................

...THE ALBANY CLIMATE SUMMARY FOR APRIL 29 2017...

CLIMATE NORMAL PERIOD 1981 TO 2010
CLIMATE RECORD PERIOD 1930 TO 2017


WEATHER ITEM   OBSERVED TIME   RECORD YEAR NORMAL DEPARTURE LAST
                VALUE   (LST)  VALUE       VALUE  FROM      YEAR
                                                  NORMAL
..................................................................
TEMPERATURE (F)
 YESTERDAY
  MAXIMUM         92R   125 PM  92    2012  83      9       90
                                      1989
  MINIMUM         68    618 AM  35    1993  57     11       66
  AVERAGE         80                        70     10       78

PRECIPITATION (IN)
  YESTERDAY        0.00                      0.08  -0.08     0.00
  MONTH TO DATE    2.13                      3.57  -1.44     6.87
  SINCE MAR 1      3.35                      8.62  -5.27    11.64
  SINCE JAN 1     15.17                     17.60  -2.43    21.95

SNOWFALL (IN)
  YESTERDAY        0.0

DEGREE DAYS
 HEATING
  YESTERDAY        0                         1     -1        0
  MONTH TO DATE   26                        66    -40       36
  SINCE MAR 1    189                       275    -86      151
  SINCE JUL 1    992                      1835   -843     1286

 COOLING
  YESTERDAY       15                         5     10       13
  MONTH TO DATE  188                        96     92       88
  SINCE MAR 1    265                       125    140      170
  SINCE JAN 1    303                       134    169      173
..................................................................


WIND (MPH)
  HIGHEST WIND SPEED    17   HIGHEST WIND DIRECTION     S (190)
  HIGHEST GUST SPEED    28   HIGHEST GUST DIRECTION     S (170)
  AVERAGE WIND SPEED     6.3




RELATIVE HUMIDITY (PERCENT)
 HIGHEST    90
 LOWEST     44
 AVERAGE    67

..........................................................


THE ALBANY CLIMATE NORMALS FOR TODAY
                         NORMAL    RECORD    YEAR
 MAXIMUM TEMPERATURE (F)   83        94      2012
                                             1943
 MINIMUM TEMPERATURE (F)   57        36      1992


SUNRISE AND SUNSET
APRIL 30 2017.........SUNRISE   652 AM EDT   SUNSET   816 PM EDT
MAY  1 2017...........SUNRISE   651 AM EDT   SUNSET   817 PM EDT


-  INDICATES NEGATIVE NUMBERS.
R  INDICATES RECORD WAS SET OR TIED.
MM INDICATES DATA IS MISSING.
T  INDICATES TRACE AMOUNT.




$$
