000
CDUS44 KFWD 210641
CLIACT

CLIMATE REPORT
NATIONAL WEATHER SERVICE FORT WORTH TX
141 AM CDT MON APR 21 2014


...................................

...THE WACO CLIMATE SUMMARY FOR APRIL 20 2014...

CLIMATE NORMAL PERIOD 1981 TO 2010
CLIMATE RECORD PERIOD 1901 TO 2014


WEATHER ITEM   OBSERVED TIME   RECORD YEAR NORMAL DEPARTURE LAST
                VALUE   (LST)  VALUE       VALUE  FROM      YEAR
                                                  NORMAL
..................................................................
TEMPERATURE (F)
 YESTERDAY
  MAXIMUM         79    311 PM  94    1925  79      0       71
  MINIMUM         56    607 AM  38    2013  56      0       38
                                      1953
  AVERAGE         68                        67      1       55

PRECIPITATION (IN)
  YESTERDAY        0.02          3.44 1957   0.10  -0.08     0.00
  MONTH TO DATE    1.70                      1.62   0.08     1.62
  SINCE MAR 1      2.57                      4.77  -2.20     3.45
  SINCE JAN 1      3.33                      9.52  -6.19    10.60

SNOWFALL (IN)
  YESTERDAY        0.0           0.0    MM   0.0    0.0      0.0
  MONTH TO DATE    0.0                       0.2   -0.2      0.0
  SINCE MAR 1      0.1                       0.3   -0.2      0.0
  SINCE JUL 1      0.1                       1.2   -1.1       T
  SNOW DEPTH       0

DEGREE DAYS
 HEATING
  YESTERDAY        0                         2     -2       10
  MONTH TO DATE   91                        66     25      104
  SINCE MAR 1    441                       312    129      386
  SINCE JUL 1   2584                      2124    460     1952

 COOLING
  YESTERDAY        3                         4     -1        0
  MONTH TO DATE   62                        60      2       66
  SINCE MAR 1     77                        94    -17       92
  SINCE JAN 1     77                       103    -26      109
..................................................................


WIND (MPH)
  HIGHEST WIND SPEED    18   HIGHEST WIND DIRECTION     S (170)
  HIGHEST GUST SPEED    23   HIGHEST GUST DIRECTION     S (180)
  AVERAGE WIND SPEED     8.2


SKY COVER
  POSSIBLE SUNSHINE  MM
  AVERAGE SKY COVER 0.6


WEATHER CONDITIONS
 THE FOLLOWING WEATHER WAS RECORDED YESTERDAY.
  THUNDERSTORM
  LIGHT RAIN
  FOG


RELATIVE HUMIDITY (PERCENT)
 HIGHEST    90           800 AM
 LOWEST     50           400 PM
 AVERAGE    70

..........................................................


THE WACO CLIMATE NORMALS FOR TODAY
                         NORMAL    RECORD    YEAR
 MAXIMUM TEMPERATURE (F)   79        94      1925
 MINIMUM TEMPERATURE (F)   56        43      1910


SUNRISE AND SUNSET
APRIL 21 2014.........SUNRISE   654 AM CDT   SUNSET   802 PM CDT
APRIL 22 2014.........SUNRISE   653 AM CDT   SUNSET   803 PM CDT


-  INDICATES NEGATIVE NUMBERS.
R  INDICATES RECORD WAS SET OR TIED.
MM INDICATES DATA IS MISSING.
T  INDICATES TRACE AMOUNT.




$$
