000
CDUS44 KFWD 040648
CLIACT


CLIMATE REPORT
NATIONAL WEATHER SERVICE FORT WORTH TX
1248 AM CST SUN DEC 4 2016

...THE WACO CLIMATE SUMMARY FOR DECEMBER 3 2016...

CLIMATE NORMAL PERIOD 1981 TO 2010
CLIMATE RECORD PERIOD 1901 TO 2016


WEATHER ITEM   OBSERVED TIME   RECORD YEAR NORMAL DEPARTURE LAST
                VALUE   (LST)  VALUE       VALUE  FROM      YEAR
                                                  NORMAL
..................................................................
TEMPERATURE (F)
 YESTERDAY
  MAXIMUM         51    204 PM  87    2005  62    -11       61
  MINIMUM         48   1159 PM  22    1929  40      8       32
  AVERAGE         50                        51     -1       47

PRECIPITATION (IN)
  YESTERDAY        0.76          2.00 1913   0.08   0.68     0.00
  MONTH TO DATE    0.85                      0.25   0.60     0.00
  SINCE DEC 1      0.85                      0.25   0.60     0.00
  SINCE JAN 1     38.13                     32.19   5.94    50.12

SNOWFALL (IN)
  YESTERDAY       MM             T    1978   0.0   MM        0.0
  MONTH TO DATE    0.0                       0.0    0.0      0.0
  SINCE DEC 1      0.0                       0.0    0.0      0.0
  SINCE JUL 1      0.0                       0.1   -0.1      0.0
  SNOW DEPTH       0

DEGREE DAYS
 HEATING
  YESTERDAY       15                        14      1       18
  MONTH TO DATE   42                        42      0       55
  SINCE DEC 1     42                        42      0       55
  SINCE JUL 1    185                       370   -185      290

 COOLING
  YESTERDAY        0                         0      0        0
  MONTH TO DATE    0                         0      0        0
  SINCE DEC 1      0                         0      0        0
  SINCE JAN 1   3041                      2792    249     3050
..................................................................


WIND (MPH)
  HIGHEST WIND SPEED    16   HIGHEST WIND DIRECTION    NE (60)
  HIGHEST GUST SPEED    21   HIGHEST GUST DIRECTION    NE (50)
  AVERAGE WIND SPEED     9.6


SKY COVER
  POSSIBLE SUNSHINE  MM
  AVERAGE SKY COVER 0.9


WEATHER CONDITIONS
 THE FOLLOWING WEATHER WAS RECORDED YESTERDAY.
  HEAVY RAIN
  RAIN
  LIGHT RAIN
  FOG


RELATIVE HUMIDITY (PERCENT)
 HIGHEST   100           500 AM
 LOWEST     93           200 AM
 AVERAGE    97

..........................................................


THE WACO CLIMATE NORMALS FOR TODAY
                         NORMAL    RECORD    YEAR
 MAXIMUM TEMPERATURE (F)   61        85      1977
                                             1954
 MINIMUM TEMPERATURE (F)   40        19      2006


SUNRISE AND SUNSET
DECEMBER  4 2016......SUNRISE   713 AM CST   SUNSET   525 PM CST
DECEMBER  5 2016......SUNRISE   714 AM CST   SUNSET   525 PM CST


-  INDICATES NEGATIVE NUMBERS.
R  INDICATES RECORD WAS SET OR TIED.
MM INDICATES DATA IS MISSING.
T  INDICATES TRACE AMOUNT.




$$
