000
CDUS44 KFWD 230639
CLIACT

CLIMATE REPORT
NATIONAL WEATHER SERVICE FORT WORTH TX
138 AM CDT WED JUL 23 2014


...................................

...THE WACO CLIMATE SUMMARY FOR JULY 22 2014...

CLIMATE NORMAL PERIOD 1981 TO 2010
CLIMATE RECORD PERIOD 1901 TO 2014


WEATHER ITEM   OBSERVED TIME   RECORD YEAR NORMAL DEPARTURE LAST
                VALUE   (LST)  VALUE       VALUE  FROM      YEAR
                                                  NORMAL
..................................................................
TEMPERATURE (F)
 YESTERDAY
  MAXIMUM         98    419 PM 106    1974  97      1       97
  MINIMUM         77    612 AM  61    1970  75      2       78
  AVERAGE         88                        86      2       88

PRECIPITATION (IN)
  YESTERDAY        0.00          1.44 1904   0.05  -0.05     0.00
  MONTH TO DATE    0.15                      1.28  -1.13     5.00
  SINCE JUN 1      8.46                      4.71   3.75     6.62
  SINCE JAN 1     19.60                     19.60   0.00    20.71

DEGREE DAYS
 HEATING
  YESTERDAY        0                         0      0        0
  MONTH TO DATE    0                         0      0        0
  SINCE JUN 1      0                         0      0        0
  SINCE JUL 1      0                         0      0        0

 COOLING
  YESTERDAY       23                        21      2       23
  MONTH TO DATE  383                       437    -54      409
  SINCE JUN 1    864                       925    -61      961
  SINCE JAN 1   1251                      1377   -126     1378
..................................................................


WIND (MPH)
  HIGHEST WIND SPEED    13   HIGHEST WIND DIRECTION     E (80)
  HIGHEST GUST SPEED    16   HIGHEST GUST DIRECTION     E (100)
  AVERAGE WIND SPEED     5.3


SKY COVER
  POSSIBLE SUNSHINE  MM
  AVERAGE SKY COVER 0.1


WEATHER CONDITIONS
 THE FOLLOWING WEATHER WAS RECORDED YESTERDAY.
  FOG
  HAZE


RELATIVE HUMIDITY (PERCENT)
 HIGHEST    88           400 AM
 LOWEST     40           300 PM
 AVERAGE    64

..........................................................


THE WACO CLIMATE NORMALS FOR TODAY
                         NORMAL    RECORD    YEAR
 MAXIMUM TEMPERATURE (F)   97       107      1974
 MINIMUM TEMPERATURE (F)   75        62      1915


SUNRISE AND SUNSET
JULY 23 2014..........SUNRISE   639 AM CDT   SUNSET   831 PM CDT
JULY 24 2014..........SUNRISE   640 AM CDT   SUNSET   831 PM CDT


-  INDICATES NEGATIVE NUMBERS.
R  INDICATES RECORD WAS SET OR TIED.
MM INDICATES DATA IS MISSING.
T  INDICATES TRACE AMOUNT.




$$
