000
CDUS44 KFWD 260644
CLIACT


CLIMATE REPORT
NATIONAL WEATHER SERVICE FORT WORTH TX
143 AM CDT TUE JUL 26 2016


...................................

...THE WACO CLIMATE SUMMARY FOR JULY 25 2016...

CLIMATE NORMAL PERIOD 1981 TO 2010
CLIMATE RECORD PERIOD 1901 TO 2016


WEATHER ITEM   OBSERVED TIME   RECORD YEAR NORMAL DEPARTURE LAST
                VALUE   (LST)  VALUE       VALUE  FROM      YEAR
                                                  NORMAL
..................................................................
TEMPERATURE (F)
 YESTERDAY
  MAXIMUM        103    234 PM 108    1954  97      6       98
  MINIMUM         74   1159 PM  65    1911  75     -1       77
  AVERAGE         89                        86      3       88

PRECIPITATION (IN)
  YESTERDAY        0.06          2.86 1971   0.06   0.00     0.00
  MONTH TO DATE    0.06                      1.45  -1.39     0.00
  SINCE JUN 1      4.65                      4.88  -0.23     5.97
  SINCE JAN 1     27.29                     19.77   7.52    27.31

DEGREE DAYS
 HEATING
  YESTERDAY        0                         0      0        0
  MONTH TO DATE    0                         0      0        0
  SINCE JUN 1      0                         0      0        0
  SINCE JUL 1      0                         0      0        0

 COOLING
  YESTERDAY       24                        21      3       23
  MONTH TO DATE  571                       500     71      509
  SINCE JUN 1   1100                       988    112     1013
  SINCE JAN 1   1491                      1440     51     1448
..................................................................


WIND (MPH)
  HIGHEST WIND SPEED    32   HIGHEST WIND DIRECTION     E (70)
  HIGHEST GUST SPEED    39   HIGHEST GUST DIRECTION    NE (60)
  AVERAGE WIND SPEED     7.2


SKY COVER
  POSSIBLE SUNSHINE  MM
  AVERAGE SKY COVER 0.1


WEATHER CONDITIONS
 THE FOLLOWING WEATHER WAS RECORDED YESTERDAY.
  THUNDERSTORM
  HEAVY RAIN
  LIGHT RAIN


RELATIVE HUMIDITY (PERCENT)
 HIGHEST    87          1100 PM
 LOWEST     35           200 PM
 AVERAGE    61

..........................................................


THE WACO CLIMATE NORMALS FOR TODAY
                         NORMAL    RECORD    YEAR
 MAXIMUM TEMPERATURE (F)   97       105      1964
                                             1954
 MINIMUM TEMPERATURE (F)   75        65      1911


SUNRISE AND SUNSET
JULY 26 2016..........SUNRISE   641 AM CDT   SUNSET   829 PM CDT
JULY 27 2016..........SUNRISE   642 AM CDT   SUNSET   828 PM CDT


-  INDICATES NEGATIVE NUMBERS.
R  INDICATES RECORD WAS SET OR TIED.
MM INDICATES DATA IS MISSING.
T  INDICATES TRACE AMOUNT.




$$
