000
CDUS44 KFWD 292212
CLIACT


CLIMATE REPORT
NATIONAL WEATHER SERVICE FORT WORTH TX
512 PM CDT SUN MAR 29 2015


...................................

...THE WACO CLIMATE SUMMARY FOR MARCH 29 2015...
VALID AS OF 0500 PM LOCAL TIME.

CLIMATE NORMAL PERIOD 1981 TO 2010
CLIMATE RECORD PERIOD 1901 TO 2015


WEATHER ITEM   OBSERVED TIME   RECORD YEAR NORMAL DEPARTURE LAST
                VALUE   (LST)  VALUE       VALUE  FROM      YEAR
                                                  NORMAL
..................................................................
TEMPERATURE (F)
 TODAY
  MAXIMUM         82    339 PM  94    1902  73      9       74
  MINIMUM         52    427 AM  30    2009  50      2       47
                                      1987
  AVERAGE         67

PRECIPITATION (IN)
  TODAY            0.00          2.98 2007   0.08  -0.08     0.00
  MONTH TO DATE    2.85                      2.97  -0.12     0.87
  SINCE MAR 1      2.85                      2.97  -0.12     0.87
  SINCE JAN 1      7.58                      7.72  -0.14     1.63

SNOWFALL (IN)
  TODAY            0.0           1.0  1987   0.0    0.0      0.0
  MONTH TO DATE    0.7                       0.1    0.6      0.1
  SINCE MAR 1      0.7                       0.1    0.6      0.1
  SINCE JUL 1      1.4                       1.0    0.4      0.1
  SNOW DEPTH       0

..................................................................


WIND (MPH)
  HIGHEST WIND SPEED    28   HIGHEST WIND DIRECTION     S (180)
  HIGHEST GUST SPEED    34   HIGHEST GUST DIRECTION     S (180)
  AVERAGE WIND SPEED    15.5




..........................................................


THE WACO CLIMATE NORMALS FOR TOMORROW
                         NORMAL    RECORD    YEAR
 MAXIMUM TEMPERATURE (F)   73        96      1946
 MINIMUM TEMPERATURE (F)   50        29      2003


SUNRISE AND SUNSET
MARCH 29 2015.........SUNRISE   722 AM CDT   SUNSET   746 PM CDT
MARCH 30 2015.........SUNRISE   720 AM CDT   SUNSET   747 PM CDT


-  INDICATES NEGATIVE NUMBERS.
R  INDICATES RECORD WAS SET OR TIED.
MM INDICATES DATA IS MISSING.
T  INDICATES TRACE AMOUNT.




$$
