000
CDUS44 KFWD 180639
CLIACT


CLIMATE REPORT
NATIONAL WEATHER SERVICE FORT WORTH TX
1239 AM CST MON DEC 18 2017


...................................

...THE WACO CLIMATE SUMMARY FOR DECEMBER 17 2017...

CLIMATE NORMAL PERIOD 1981 TO 2010
CLIMATE RECORD PERIOD 1901 TO 2017


WEATHER ITEM   OBSERVED TIME   RECORD YEAR NORMAL DEPARTURE LAST
                VALUE   (LST)  VALUE       VALUE  FROM      YEAR
                                                  NORMAL
..................................................................
TEMPERATURE (F)
 YESTERDAY
  MAXIMUM         54    244 PM  81    1990  58     -4       78
                                      1908
  MINIMUM         37    318 AM  18    1932  37      0       26
  AVERAGE         46                        48     -2       52

PRECIPITATION (IN)
  YESTERDAY        0.00          1.70 1984   0.09  -0.09     0.01
  MONTH TO DATE    0.80                      1.51  -0.71     1.13
  SINCE DEC 1      0.80                      1.51  -0.71     1.13
  SINCE JAN 1     32.46                     33.45  -0.99    38.41

SNOWFALL (IN)
  YESTERDAY        0.0           0.1  1932   0.0    0.0       T
  MONTH TO DATE    T                         0.0    0.0       T
  SINCE DEC 1      T                         0.0    0.0       T
  SINCE JUL 1      T                         0.1   -0.1       T
  SNOW DEPTH       0

DEGREE DAYS
 HEATING
  YESTERDAY       19                        17      2       13
  MONTH TO DATE  252                       268    -16      272
  SINCE DEC 1    252                       268    -16      272
  SINCE JUL 1    493                       596   -103      415

 COOLING
  YESTERDAY        0                         0      0        0
  MONTH TO DATE    9                         0      9        0
  SINCE DEC 1      9                         0      9        0
  SINCE JAN 1   3065                      2792    273     3041
..................................................................


WIND (MPH)
  HIGHEST WIND SPEED    15   HIGHEST WIND DIRECTION     S (200)
  HIGHEST GUST SPEED    19   HIGHEST GUST DIRECTION     S (200)
  AVERAGE WIND SPEED     4.0


SKY COVER
  POSSIBLE SUNSHINE  MM
  AVERAGE SKY COVER 0.7


WEATHER CONDITIONS
 THE FOLLOWING WEATHER WAS RECORDED YESTERDAY.
  LIGHT RAIN
  FOG
  FOG W/VISIBILITY <= 1/4 MILE


RELATIVE HUMIDITY (PERCENT)
 HIGHEST   100           300 AM
 LOWEST     77           300 PM
 AVERAGE    89

..........................................................


THE WACO CLIMATE NORMALS FOR TODAY
                         NORMAL    RECORD    YEAR
 MAXIMUM TEMPERATURE (F)   58        83      2012
 MINIMUM TEMPERATURE (F)   37        20      2016


SUNRISE AND SUNSET
DECEMBER 18 2017......SUNRISE   723 AM CST   SUNSET   528 PM CST
DECEMBER 19 2017......SUNRISE   723 AM CST   SUNSET   529 PM CST


-  INDICATES NEGATIVE NUMBERS.
R  INDICATES RECORD WAS SET OR TIED.
MM INDICATES DATA IS MISSING.
T  INDICATES TRACE AMOUNT.




$$
