000
CDUS44 KFWD 280656
CLIACT


CLIMATE REPORT
NATIONAL WEATHER SERVICE FORT WORTH TX
151 AM CDT FRI APR 28 2017

...................................

...THE WACO CLIMATE SUMMARY FOR APRIL 27 2017...

CLIMATE NORMAL PERIOD 1981 TO 2010
CLIMATE RECORD PERIOD 1901 TO 2017


WEATHER ITEM   OBSERVED TIME   RECORD YEAR NORMAL DEPARTURE LAST
                VALUE   (LST)  VALUE       VALUE  FROM      YEAR
                                                  NORMAL
..................................................................
TEMPERATURE (F)
 YESTERDAY
  MAXIMUM         79    455 PM  94    1971  80     -1       85
  MINIMUM         43    401 AM  42    1910  58    -15       60
  AVERAGE         61                        69     -8       73

PRECIPITATION (IN)
  YESTERDAY        0.00          3.46 1930   0.11  -0.11     0.01
  MONTH TO DATE    6.97                      2.36   4.61     5.88
  SINCE MAR 1     10.29                      5.51   4.78    11.21
  SINCE JAN 1     16.45                     10.26   6.19    13.66

SNOWFALL (IN)
  YESTERDAY        0.0           0.0    MM   0.0    0.0      0.0
  MONTH TO DATE    0.0                       0.1   -0.1      0.0
  SINCE MAR 1      0.0                       0.2   -0.2      0.0
  SINCE JUL 1      T                         1.0   -1.0      0.0
  SNOW DEPTH       0

DEGREE DAYS
 HEATING
  YESTERDAY        4                         1      3        0
  MONTH TO DATE   33                        75    -42       52
  SINCE MAR 1    151                       321   -170      203
  SINCE JUL 1   1327                      2133   -806     1680

 COOLING
  YESTERDAY        0                         5     -5        8
  MONTH TO DATE  114                        93     21       82
  SINCE MAR 1    209                       127     82      113
  SINCE JAN 1    267                       136    131      121
..................................................................

WIND (MPH)
  HIGHEST WIND SPEED    23   HIGHEST WIND DIRECTION     S (170)
  HIGHEST GUST SPEED    27   HIGHEST GUST DIRECTION     S (170)
  AVERAGE WIND SPEED    10.0


SKY COVER
  POSSIBLE SUNSHINE  MM
  AVERAGE SKY COVER 0.0


WEATHER CONDITIONS
 THE FOLLOWING WEATHER WAS RECORDED YESTERDAY.
  NO SIGNIFICANT WEATHER WAS OBSERVED.


RELATIVE HUMIDITY (PERCENT)
 HIGHEST   100           300 AM
 LOWEST     37           300 PM
 AVERAGE    69

..........................................................

THE WACO CLIMATE NORMALS FOR TODAY
                         NORMAL    RECORD    YEAR
 MAXIMUM TEMPERATURE (F)   81        94      1987
                                             1933
 MINIMUM TEMPERATURE (F)   58        41      2008


SUNRISE AND SUNSET
APRIL 28 2017.........SUNRISE   646 AM CDT   SUNSET   807 PM CDT
APRIL 29 2017.........SUNRISE   645 AM CDT   SUNSET   808 PM CDT


-  INDICATES NEGATIVE NUMBERS.
R  INDICATES RECORD WAS SET OR TIED.
MM INDICATES DATA IS MISSING.
T  INDICATES TRACE AMOUNT.


$$
