000
CDUS44 KFWD 300639
CLIACT


CLIMATE REPORT
NATIONAL WEATHER SERVICE FORT WORTH TX
139 AM CDT MON MAY 30 2016


...................................

...THE WACO CLIMATE SUMMARY FOR MAY 29 2016...

CLIMATE NORMAL PERIOD 1981 TO 2010
CLIMATE RECORD PERIOD 1901 TO 2016


WEATHER ITEM   OBSERVED TIME   RECORD YEAR NORMAL DEPARTURE LAST
                VALUE   (LST)  VALUE       VALUE  FROM      YEAR
                                                  NORMAL
..................................................................
TEMPERATURE (F)
 YESTERDAY
  MAXIMUM         91    224 PM  99    2010  88      3       87
                                      1996
                                      1912
  MINIMUM         71    655 AM  50    1947  67      4       65
  AVERAGE         81                        78      3       76

PRECIPITATION (IN)
  YESTERDAY        0.00          2.40 1929   0.14  -0.14     0.61
  MONTH TO DATE    7.48                      4.01   3.47     9.07
  SINCE MAR 1     19.36                      9.85   9.51    16.41
  SINCE JAN 1     21.81                     14.60   7.21    21.14

DEGREE DAYS
 HEATING
  YESTERDAY        0                         0      0        0
  MONTH TO DATE   11                         4      7        2
  SINCE MAR 1    214                       328   -114      352
  SINCE JUL 1   1691                      2140   -449     2306

 COOLING
  YESTERDAY       16                        13      3       11
  MONTH TO DATE  220                       272    -52      255
  SINCE MAR 1    356                       417    -61      416
  SINCE JAN 1    364                       426    -62      416
..................................................................


WIND (MPH)
  HIGHEST WIND SPEED    20   HIGHEST WIND DIRECTION    SE (130)
  HIGHEST GUST SPEED    23   HIGHEST GUST DIRECTION    SE (120)
  AVERAGE WIND SPEED    10.3


SKY COVER
  POSSIBLE SUNSHINE  MM
  AVERAGE SKY COVER 0.1


WEATHER CONDITIONS
 THE FOLLOWING WEATHER WAS RECORDED YESTERDAY.
  FOG
  HAZE


RELATIVE HUMIDITY (PERCENT)
 HIGHEST    93           500 AM
 LOWEST     47           300 PM
 AVERAGE    70

..........................................................


THE WACO CLIMATE NORMALS FOR TODAY
                         NORMAL    RECORD    YEAR
 MAXIMUM TEMPERATURE (F)   88       100      1985
 MINIMUM TEMPERATURE (F)   68        50      1984


SUNRISE AND SUNSET
MAY 30 2016...........SUNRISE   625 AM CDT   SUNSET   828 PM CDT
MAY 31 2016...........SUNRISE   625 AM CDT   SUNSET   829 PM CDT


-  INDICATES NEGATIVE NUMBERS.
R  INDICATES RECORD WAS SET OR TIED.
MM INDICATES DATA IS MISSING.
T  INDICATES TRACE AMOUNT.




$$
