000
CDUS41 KPHI 212130
CLIACY


CLIMATE REPORT
NATIONAL WEATHER SERVICE MOUNT HOLLY NJ
429 PM EST SUN JAN 21 2018


...................................

...THE ATLANTIC CITY NJ CLIMATE SUMMARY FOR JANUARY 21 2018...
VALID TODAY AS OF 0400 PM LOCAL TIME.

CLIMATE NORMAL PERIOD 1981 TO 2010
CLIMATE RECORD PERIOD 1874 TO 2018


WEATHER ITEM   OBSERVED TIME   RECORD YEAR NORMAL DEPARTURE LAST
                VALUE   (LST)  VALUE       VALUE  FROM      YEAR
                                                  NORMAL
..................................................................
TEMPERATURE (F)
 TODAY
  MAXIMUM         56    202 PM  62    2006  41     15       48
                                      1974
  MINIMUM         26    613 AM  -9    1985  24      2       42
  AVERAGE         41                        33      8       45

PRECIPITATION (IN)
  TODAY            0.00          1.68 1881   0.10  -0.10     0.00
  MONTH TO DATE    1.44                      2.21  -0.77     2.32
  SINCE DEC 1      2.99                      5.90  -2.91     5.61
  SINCE JAN 1      1.44                      2.21  -0.77     2.32

SNOWFALL (IN)
  TODAY            0.0           2.2  2014   0.2   -0.2      0.0
  MONTH TO DATE   14.2                       2.7   11.5      7.0
  SINCE DEC 1     24.2                       6.4   17.8      7.0
  SINCE JUL 1     24.2                       6.6   17.6      7.0
  SNOW DEPTH       0

DEGREE DAYS
 HEATING
  TODAY           24                        32     -8       20
  MONTH TO DATE  758                       670     88      583
  SINCE DEC 1   1669                      1532    137     1397
  SINCE JUL 1   2372                      2439    -67     2144

 COOLING
  TODAY            0                         0      0        0
  MONTH TO DATE    0                         0      0        0
  SINCE DEC 1      0                         0      0        0
  SINCE JAN 1      0                         0      0        0
..................................................................


WIND (MPH)
  HIGHEST WIND SPEED    16   HIGHEST WIND DIRECTION    NW (320)
  HIGHEST GUST SPEED    22   HIGHEST GUST DIRECTION    NW (320)
  AVERAGE WIND SPEED     4.0


SKY COVER
  POSSIBLE SUNSHINE  MM
  AVERAGE SKY COVER 0.2


WEATHER CONDITIONS
 THE FOLLOWING WEATHER WAS RECORDED TODAY.
  NO SIGNIFICANT WEATHER WAS OBSERVED.


RELATIVE HUMIDITY (PERCENT)
 HIGHEST    85           300 AM
 LOWEST     51          1200 PM
 AVERAGE    68

..........................................................


THE ATLANTIC CITY NJ CLIMATE NORMALS FOR TOMORROW
                         NORMAL    RECORD    YEAR
 MAXIMUM TEMPERATURE (F)   41        66      1967
 MINIMUM TEMPERATURE (F)   24        -8      1961


SUNRISE AND SUNSET
JANUARY 21 2018.......SUNRISE   714 AM EST   SUNSET   506 PM EST
JANUARY 22 2018.......SUNRISE   713 AM EST   SUNSET   507 PM EST


-  INDICATES NEGATIVE NUMBERS.
R  INDICATES RECORD WAS SET OR TIED.
MM INDICATES DATA IS MISSING.
T  INDICATES TRACE AMOUNT.




$$
