000
CDUS41 KPHI 280627
CLIACY


CLIMATE REPORT
NATIONAL WEATHER SERVICE MOUNT HOLLY NJ
126 AM EST SUN DEC 28 2014


...................................

...THE ATLANTIC CITY NJ CLIMATE SUMMARY FOR DECEMBER 27 2014...

CLIMATE NORMAL PERIOD 1981 TO 2010
CLIMATE RECORD PERIOD 1874 TO 2014


WEATHER ITEM   OBSERVED TIME   RECORD YEAR NORMAL DEPARTURE LAST
                VALUE   (LST)  VALUE       VALUE  FROM      YEAR
                                                  NORMAL
..................................................................
TEMPERATURE (F)
 YESTERDAY
  MAXIMUM         59    154 PM  67    1973  43     16       46
  MINIMUM         30    623 AM   6    1983  26      4       19
  AVERAGE         45                        34     11       33

PRECIPITATION (IN)
  YESTERDAY        0.00          1.23 1944   0.11  -0.11     0.00
  MONTH TO DATE    5.48                      3.27   2.21     4.59
  SINCE DEC 1      5.48                      3.27   2.21     4.59
  SINCE JAN 1     54.31                     41.33  12.98    44.65

SNOWFALL (IN)
  YESTERDAY        0.0           2.6  1990   0.2   -0.2      0.0
  MONTH TO DATE    0.4                       3.2   -2.8      3.3
  SINCE DEC 1      0.4                       3.2   -2.8      3.3
  SINCE JUL 1      0.4                       3.4   -3.0      3.3
  SNOW DEPTH       0

DEGREE DAYS
 HEATING
  YESTERDAY       20                        31    -11       32
  MONTH TO DATE  649                       738    -89      696
  SINCE DEC 1    649                       738    -89      696
  SINCE JUL 1   1556                      1645    -89     1699

 COOLING
  YESTERDAY        0                         0      0        0
  MONTH TO DATE    0                         0      0        0
  SINCE DEC 1      0                         0      0        0
  SINCE JAN 1    857                      1055   -198     1088
..................................................................


WIND (MPH)
  HIGHEST WIND SPEED     9   HIGHEST WIND DIRECTION     S (160)
  HIGHEST GUST SPEED    15   HIGHEST GUST DIRECTION    SW (240)
  AVERAGE WIND SPEED     3.4


SKY COVER
  POSSIBLE SUNSHINE  MM
  AVERAGE SKY COVER 0.0


WEATHER CONDITIONS
 THE FOLLOWING WEATHER WAS RECORDED YESTERDAY.
  NO SIGNIFICANT WEATHER WAS OBSERVED.


RELATIVE HUMIDITY (PERCENT)
 HIGHEST    96           800 AM
 LOWEST     33           100 PM
 AVERAGE    65

..........................................................


THE ATLANTIC CITY NJ CLIMATE NORMALS FOR TODAY
                         NORMAL    RECORD    YEAR
 MAXIMUM TEMPERATURE (F)   43        69      2008
 MINIMUM TEMPERATURE (F)   26         9      2004
                                             1977


SUNRISE AND SUNSET
DECEMBER 28 2014......SUNRISE   718 AM EST   SUNSET   442 PM EST
DECEMBER 29 2014......SUNRISE   718 AM EST   SUNSET   443 PM EST


-  INDICATES NEGATIVE NUMBERS.
R  INDICATES RECORD WAS SET OR TIED.
MM INDICATES DATA IS MISSING.
T  INDICATES TRACE AMOUNT.




$$
