000
CDUS41 KPHI 290641
CLIACY


CLIMATE REPORT
NATIONAL WEATHER SERVICE MOUNT HOLLY NJ
240 AM EDT SUN MAY 29 2016


...................................

...THE ATLANTIC CITY NJ CLIMATE SUMMARY FOR MAY 28 2016...

CLIMATE NORMAL PERIOD 1981 TO 2010
CLIMATE RECORD PERIOD 1874 TO 2016


WEATHER ITEM   OBSERVED TIME   RECORD YEAR NORMAL DEPARTURE LAST
                VALUE   (LST)  VALUE       VALUE  FROM      YEAR
                                                  NORMAL
..................................................................
TEMPERATURE (F)
 YESTERDAY
  MAXIMUM         86   1143 AM  93    1991  75     11       85
  MINIMUM         67    558 AM  36    1994  55     12       65
  AVERAGE         77                        65     12       75

PRECIPITATION (IN)
  YESTERDAY        0.00          1.59 1968   0.12  -0.12     0.00
  MONTH TO DATE    4.87                      3.00   1.87     0.71
  SINCE MAR 1     10.90                     10.84   0.06     8.19
  SINCE JAN 1     18.25                     16.93   1.32    16.25

SNOWFALL (IN)
  YESTERDAY        0.0           0.0  1903   0.0    0.0      0.0
  MONTH TO DATE    0.0                       0.0    0.0      0.0
  SINCE MAR 1      6.9                       1.4    5.5      7.4
  SINCE JUL 1     27.5                      16.5   11.0     22.4
  SNOW DEPTH       0

DEGREE DAYS
 HEATING
  YESTERDAY        0                         3     -3        0
  MONTH TO DATE  194                       167     27       80
  SINCE MAR 1   1169                      1280   -111     1279
  SINCE JUL 1   4050                      4871   -821     5154

 COOLING
  YESTERDAY       12                         3      9       10
  MONTH TO DATE   43                        46     -3      106
  SINCE MAR 1     57                        55      2      106
  SINCE JAN 1     57                        55      2      106
..................................................................


WIND (MPH)
  HIGHEST WIND SPEED    17   HIGHEST WIND DIRECTION     S (200)
  HIGHEST GUST SPEED    24   HIGHEST GUST DIRECTION     S (190)
  AVERAGE WIND SPEED     8.5


SKY COVER
  POSSIBLE SUNSHINE  MM
  AVERAGE SKY COVER 0.0


WEATHER CONDITIONS
 THE FOLLOWING WEATHER WAS RECORDED YESTERDAY.
  NO SIGNIFICANT WEATHER WAS OBSERVED.


RELATIVE HUMIDITY (PERCENT)
 HIGHEST    81           400 AM
 LOWEST     28           600 PM
 AVERAGE    55

..........................................................


THE ATLANTIC CITY NJ CLIMATE NORMALS FOR TODAY
                         NORMAL    RECORD    YEAR
 MAXIMUM TEMPERATURE (F)   75        99      1969
 MINIMUM TEMPERATURE (F)   55        37      1997


SUNRISE AND SUNSET
MAY 29 2016...........SUNRISE   534 AM EDT   SUNSET   818 PM EDT
MAY 30 2016...........SUNRISE   534 AM EDT   SUNSET   818 PM EDT


-  INDICATES NEGATIVE NUMBERS.
R  INDICATES RECORD WAS SET OR TIED.
MM INDICATES DATA IS MISSING.
T  INDICATES TRACE AMOUNT.




$$
