702
CDUS41 KPHI 080627
CLIACY


CLIMATE REPORT
NATIONAL WEATHER SERVICE MOUNT HOLLY NJ
127 AM EST MON FEB 8 2016


...................................

...THE ATLANTIC CITY NJ CLIMATE SUMMARY FOR FEBRUARY 7 2016...

CLIMATE NORMAL PERIOD 1981 TO 2010
CLIMATE RECORD PERIOD 1874 TO 2016


WEATHER ITEM   OBSERVED TIME   RECORD YEAR NORMAL DEPARTURE LAST
                VALUE   (LST)  VALUE       VALUE  FROM      YEAR
                                                  NORMAL
..................................................................
TEMPERATURE (F)
 YESTERDAY
  MAXIMUM         44    216 PM  64    2008  43      1       43
  MINIMUM         21    614 AM   2    1996  25     -4       16
  AVERAGE         33                        34     -1       30

PRECIPITATION (IN)
  YESTERDAY        0.00          1.57 1941   0.09  -0.09     0.00
  MONTH TO DATE    1.52                      0.68   0.84     1.10
  SINCE DEC 1      9.80                      7.59   2.21    11.91
  SINCE JAN 1      4.36                      3.90   0.46     6.38

SNOWFALL (IN)
  YESTERDAY        0.0           7.0  2003   0.3   -0.3      0.0
                                      1967
  MONTH TO DATE    2.1                       1.8    0.3       T
  SINCE DEC 1     18.8                      10.0    8.8      5.2
  SINCE JUL 1     18.8                      10.2    8.6      5.2
  SNOW DEPTH       0

DEGREE DAYS
 HEATING
  YESTERDAY       32                        31      1       35
  MONTH TO DATE  163                       219    -56      251
  SINCE DEC 1   1574                      2073   -499     2091
  SINCE JUL 1   2269                      2980   -711     2998

 COOLING
  YESTERDAY        0                         0      0        0
  MONTH TO DATE    0                         0      0        0
  SINCE DEC 1      3                         0      3        0
  SINCE JAN 1      0                         0      0        0
..................................................................


WIND (MPH)
  HIGHEST WIND SPEED    15   HIGHEST WIND DIRECTION     N (20)
  HIGHEST GUST SPEED    20   HIGHEST GUST DIRECTION     N (10)
  AVERAGE WIND SPEED     5.6


SKY COVER
  POSSIBLE SUNSHINE  MM
  AVERAGE SKY COVER 0.0


WEATHER CONDITIONS
 THE FOLLOWING WEATHER WAS RECORDED YESTERDAY.
  FOG


RELATIVE HUMIDITY (PERCENT)
 HIGHEST    96           500 AM
 LOWEST     45           100 PM
 AVERAGE    71

..........................................................


THE ATLANTIC CITY NJ CLIMATE NORMALS FOR TODAY
                         NORMAL    RECORD    YEAR
 MAXIMUM TEMPERATURE (F)   43        69      1965
 MINIMUM TEMPERATURE (F)   26        -1      1895


SUNRISE AND SUNSET
FEBRUARY  8 2016......SUNRISE   659 AM EST   SUNSET   526 PM EST
FEBRUARY  9 2016......SUNRISE   658 AM EST   SUNSET   527 PM EST


-  INDICATES NEGATIVE NUMBERS.
R  INDICATES RECORD WAS SET OR TIED.
MM INDICATES DATA IS MISSING.
T  INDICATES TRACE AMOUNT.




$$
