000
CDAK48 PAFC 191250
CLIADQ


CLIMATE REPORT
NATIONAL WEATHER SERVICE ANCHORAGE, AK
350 AM AKST SUN NOV 19 2017


...................................

...THE KODIAK CLIMATE SUMMARY FOR NOVEMBER 18 2017...

CLIMATE NORMAL PERIOD 1981 TO 2010
CLIMATE RECORD PERIOD 1913 TO 2017


WEATHER ITEM   OBSERVED TIME   RECORD YEAR NORMAL DEPARTURE LAST
                VALUE   (LST)  VALUE       VALUE  FROM      YEAR
                                                  NORMAL
..................................................................
TEMPERATURE (F)
 YESTERDAY
  MAXIMUM         38    218 PM  50    1967  38      0       36
  MINIMUM         28    930 AM  14    1922  28      0       21
  AVERAGE         33                        33      0       29

PRECIPITATION (IN)
  YESTERDAY        0.09          1.79 1969   0.21  -0.12     0.00
  MONTH TO DATE    0.47                      3.99  -3.52     5.21
  SINCE SEP 1     12.84                     19.60  -6.76    21.78
  SINCE JAN 1     53.36                     66.39 -13.03    73.08

SNOWFALL (IN)
  YESTERDAY        0.9           3.5  1960   0.2    0.7      0.0
  MONTH TO DATE    0.9                       2.7   -1.8       T
  SINCE SEP 1      1.1                       3.8   -2.7      0.2
  SINCE JUL 1      1.1                       3.8   -2.7      0.2
  SNOW DEPTH       1

DEGREE DAYS
 HEATING
  YESTERDAY       32                        32      0       36
  MONTH TO DATE  458                       544    -86      466
  SINCE SEP 1   1564                      1773   -209     1500
  SINCE JUL 1   2169                      2406   -237     1841

 COOLING
  YESTERDAY        0                         0      0        0
  MONTH TO DATE    0                         0      0        0
  SINCE SEP 1      0                         0      0        0
  SINCE JAN 1      0                         1     -1       29
..................................................................


WIND (MPH)
  RESULTANT WIND SPEED   6   RESULTANT WIND DIRECTION   W (290)
  HIGHEST WIND SPEED    16   HIGHEST WIND DIRECTION    NW (300)
  HIGHEST GUST SPEED    23   HIGHEST GUST DIRECTION    NW (320)
  AVERAGE WIND SPEED     5.9



WEATHER CONDITIONS
 THE FOLLOWING WEATHER WAS RECORDED YESTERDAY.
  LIGHT SNOW
  FOG


RELATIVE HUMIDITY (PERCENT)
 HIGHEST    78
 LOWEST     52
 AVERAGE    65

..........................................................


THE KODIAK CLIMATE NORMALS FOR TODAY
                         NORMAL    RECORD    YEAR
 MAXIMUM TEMPERATURE (F)   38        54      1935
 MINIMUM TEMPERATURE (F)   28         6      1922


SUNRISE AND SUNSET
NOVEMBER 19 2017......SUNRISE   905 AM AKST  SUNSET   445 PM AKST
NOVEMBER 20 2017......SUNRISE   907 AM AKST  SUNSET   444 PM AKST


-  INDICATES NEGATIVE NUMBERS.
R  INDICATES RECORD WAS SET OR TIED.
MM INDICATES DATA IS MISSING.
T  INDICATES TRACE AMOUNT.




$$
