000
CDAK48 PADQ 251140
CLIADQ

CLIMATE REPORT
NATIONAL WEATHER SERVICE KODIAK, AK
340 AM AKDT MON JUL 25 2016

...................................
...THE KODIAK AP CLIMATE SUMMARY FOR JULY 24 2016...

CLIMATE NORMAL PERIOD  1981 TO  2010
CLIMATE RECORD PERIOD  1913 TO  2016

WEATHER ITEM   OBSERVED TIME    RECORD YEAR NORMAL DEPARTURE LAST
               VALUE    (LST)   VALUE       VALUE  FROM      YEAR
                                                   NORMAL
...................................................................
TEMPERATURE
YESTERDAY
 MAXIMUM            63  1116 AM    74  1923     61       2     72
 MINIMUM            55  1159 PM    42  1971     50       5     56
 AVERAGE            59                          55       4     64

PRECIPITATION
(INCHES)
 YESTERDAY        0.15           2.70  2007   0.15    0.00   0.00
 MONTH TO DATE    1.26                        3.89   -2.63   3.16
 SINCE JUN 1      4.74                        9.80   -5.06   6.24
 SINCE JAN 1     47.52                       41.19    6.33  45.36

SNOWFALL
(INCHES)
 YESTERDAY         0.0            0.0  2016    0.0     0.0    0.0
 MONTH TO DATE     0.0                         0.0     0.0    0.0
 SINCE JUN 1       0.0                         0.0     0.0    0.0
 SINCE JUL 1       0.0                         0.0     0.0    0.0
 SNOW DEPTH (IN)     0                                          0

DEGREE DAYS
 HEATING
  YESTERDAY          6                          10      -4      1
  MONTH TO DATE    113                         262    -149    182
  SINCE JUN 1      439                         723    -284    493
  SINCE JUL 1      113                         262    -149    182

 COOLING
  YESTERDAY          0                           0       0      0
  MONTH TO DATE     20                           0      20      0
  SINCE JUN 1       20                           0      20      1
  SINCE JAN 1       20                           0      20      1
...................................................................

WIND (MPH)
 HIGHEST WIND SPEED    12     HIGHEST WIND DIRECTION    220
 HIGHEST GUST SPEED    19     HIGHEST GUST DIRECTION     30
 AVERAGE WIND SPEED   3.9

SKY COVER
  POSSIBLE SUNSHINE    MM          AVERAGE SKY COVER     MM

WEATHER CONDITIONS
 THE FOLLOWING WEATHER WAS RECORDED YESTERDAY.
  FOG
RAIN


RELATIVE HUMIDITY
 HIGHEST RH     MM PERCENT       MM
 LOWEST  RH     MM PERCENT       MM
 AVERAGE RH     MM PERCENT       MM
...................................................................

THE KODIAK CLIMATE NORMALS FOR TODAY
                           NORMAL    RECORD   YEAR
 MAXIMUM TEMPERATURE (F)     61        80     1966
 MINIMUM TEMPERATURE (F)     50        43     2012

SUNRISE AND SUNSET
 JUL 25 2016..........SUNRISE  5:53 AM      SUNSET 10:40 PM
 JUL 26 2016..........SUNRISE  5:55 AM      SUNSET 10:38 PM

-  INDICATES NEGATIVE NUMBERS.
R  INDICATES RECORD HAS BEEN SET OR TIED.
MM INDICATES DATA IS MISSING.
T  INDICATES TRACE OF PRECIPITATION.

&&
-------------------------------------------------------------------

AMOUNT OF DAYLIGHT TODAY  (HOUR:MIN)........16 HOURS 47 MINUTES
GAIN/LOSS SINCE YESTERDAY (HOUR:MIN:SEC)....-0:03:54

$$
JTS JUL 16
