000
CDAK48 PADQ 031201
CLIADQ

CLIMATE REPORT
NATIONAL WEATHER SERVICE KODIAK, AK
401 AM AKDT THU SEP 3 2015

...................................
...THE KODIAK AP CLIMATE SUMMARY FOR SEPTEMBER 2 2015...

CLIMATE NORMAL PERIOD  1981 TO  2010
CLIMATE RECORD PERIOD  1913 TO  2015

WEATHER ITEM   OBSERVED TIME    RECORD YEAR NORMAL DEPARTURE LAST
               VALUE    (LST)   VALUE       VALUE  FROM      YEAR
                                                   NORMAL
...................................................................
TEMPERATURE
YESTERDAY
 MAXIMUM            59  0639 PM    76  1929     59       0     64
 MINIMUM            39  0611 AM    35  2005     47      -8     46
 AVERAGE            49                          53      -4     55

PRECIPITATION
(INCHES)
 YESTERDAY        0.02           2.21  2011   0.19   -0.17   0.00
 MONTH TO DATE    0.02                        0.37   -0.35   0.00
 SINCE SEP 1      0.02                        0.37   -0.35   0.00
 SINCE JAN 1     47.55                       47.16    0.39  49.23

SNOWFALL
(INCHES)
 YESTERDAY         0.0            0.0  2015    0.0     0.0    0.0
 MONTH TO DATE     0.0                         0.0     0.0    0.0
 SINCE SEP 1       0.0                         0.0     0.0    0.0
 SINCE JUL 1       0.0                         0.0     0.0    0.0
 SNOW DEPTH (IN)     0                                          0

DEGREE DAYS
 HEATING
  YESTERDAY         16                          12       4     10
  MONTH TO DATE     27                          24       3     21
  SINCE SEP 1       27                          24       3     21
  SINCE JUL 1      441                         654    -213    522

 COOLING
  YESTERDAY          0                           0       0      0
  MONTH TO DATE      0                           0       0      0
  SINCE SEP 1        0                           0       0      0
  SINCE JAN 1        1                           0       1      4
...................................................................

WIND (MPH)
 HIGHEST WIND SPEED     9     HIGHEST WIND DIRECTION    280
 HIGHEST GUST SPEED    11     HIGHEST GUST DIRECTION    250
 AVERAGE WIND SPEED   3.8

SKY COVER
  POSSIBLE SUNSHINE    MM          AVERAGE SKY COVER     MM

WEATHER CONDITIONS
 THE FOLLOWING WEATHER WAS RECORDED YESTERDAY.
  FOG
RAIN


RELATIVE HUMIDITY
 HIGHEST RH     MM PERCENT       MM
 LOWEST  RH     MM PERCENT       MM
 AVERAGE RH     MM PERCENT       MM
...................................................................

THE KODIAK CLIMATE NORMALS FOR TODAY
                           NORMAL    RECORD   YEAR
 MAXIMUM TEMPERATURE (F)     59        69     1938
 MINIMUM TEMPERATURE (F)     47        38     1995

SUNRISE AND SUNSET
 SEP 3 2015..........SUNRISE  7:15 AM      SUNSET  9:03 PM
 SEP 4 2015..........SUNRISE  7:17 AM      SUNSET  9:00 PM

-  INDICATES NEGATIVE NUMBERS.
R  INDICATES RECORD HAS BEEN SET OR TIED.
MM INDICATES DATA IS MISSING.
T  INDICATES TRACE OF PRECIPITATION.

&&
-------------------------------------------------------------------

AMOUNT OF DAYLIGHT TODAY  (HOUR:MIN)........13 HOURS 48 MINUTES
GAIN/LOSS SINCE YESTERDAY (HOUR:MIN:SEC)....-0:04:52

$$
LRM SEP 15
