202
CDAK48 PAFC 201003
CLIADQ


CLIMATE REPORT
NATIONAL WEATHER SERVICE ANCHORAGE, AK
203 AM AKDT SUN AUG 20 2017


...................................

...THE KODIAK CLIMATE SUMMARY FOR AUGUST 19 2017...

CLIMATE NORMAL PERIOD 1981 TO 2010
CLIMATE RECORD PERIOD 1913 TO 2017


WEATHER ITEM   OBSERVED TIME   RECORD YEAR NORMAL DEPARTURE LAST
                VALUE   (LST)  VALUE       VALUE  FROM      YEAR
                                                  NORMAL
..................................................................
TEMPERATURE (F)
 YESTERDAY
  MAXIMUM         59    456 PM  77    1994  61     -2       64
  MINIMUM         44    354 AM  36    1998  49     -5       52
  AVERAGE         52                        55     -3       58

PRECIPITATION (IN)
  YESTERDAY        0.00          1.37 2003   0.13  -0.13     0.00
  MONTH TO DATE    3.85                      2.66   1.19     2.41
  SINCE JUN 1     15.58                     13.50   2.08     8.34
  SINCE JAN 1     36.34                     44.89  -8.55    50.43

SNOWFALL (IN)
  YESTERDAY        0.0          MM      MM   0.0    0.0      0.0
  MONTH TO DATE    0.0                       0.0    0.0      0.0
  SINCE JUN 1      0.0                       0.0    0.0      0.0
  SINCE JUL 1      0.0                       0.0    0.0      0.0
  SNOW DEPTH       0

DEGREE DAYS
 HEATING
  YESTERDAY       13                        10      3        7
  MONTH TO DATE  188                       176     12      122
  SINCE JUN 1    883                       964    -81      571
  SINCE JUL 1    467                       503    -36      276

 COOLING
  YESTERDAY        0                         0      0        0
  MONTH TO DATE    0                         0      0        0
  SINCE JUN 1      0                         1     -1       20
  SINCE JAN 1      0                         1     -1       20
..................................................................


WIND (MPH)
  RESULTANT WIND SPEED   3   RESULTANT WIND DIRECTION  NE (30)
  HIGHEST WIND SPEED    10   HIGHEST WIND DIRECTION    NE (30)
  HIGHEST GUST SPEED    12   HIGHEST GUST DIRECTION    NE (60)
  AVERAGE WIND SPEED     5.7



WEATHER CONDITIONS
 THE FOLLOWING WEATHER WAS RECORDED YESTERDAY.
  NO SIGNIFICANT WEATHER WAS OBSERVED.


RELATIVE HUMIDITY (PERCENT)
 HIGHEST    93
 LOWEST     67
 AVERAGE    80

..........................................................


THE KODIAK CLIMATE NORMALS FOR TODAY
                         NORMAL    RECORD    YEAR
 MAXIMUM TEMPERATURE (F)   61        72      1953
 MINIMUM TEMPERATURE (F)   49        42      1986
                                             1963


SUNRISE AND SUNSET
AUGUST 20 2017........SUNRISE   646 AM AKDT  SUNSET   939 PM AKDT
AUGUST 21 2017........SUNRISE   648 AM AKDT  SUNSET   936 PM AKDT


-  INDICATES NEGATIVE NUMBERS.
R  INDICATES RECORD WAS SET OR TIED.
MM INDICATES DATA IS MISSING.
T  INDICATES TRACE AMOUNT.




$$
