000
CDAK48 PADQ 101203
CLIADQ

CLIMATE REPORT
NATIONAL WEATHER SERVICE KODIAK, AK
303 AM AKST WED FEB 10 2016

...................................
...THE KODIAK AP CLIMATE SUMMARY FOR FEBRUARY 9 2016...

CLIMATE NORMAL PERIOD  1981 TO  2010
CLIMATE RECORD PERIOD  1913 TO  2016

WEATHER ITEM   OBSERVED TIME    RECORD YEAR NORMAL DEPARTURE LAST
               VALUE    (LST)   VALUE       VALUE  FROM      YEAR
                                                   NORMAL
...................................................................
TEMPERATURE
YESTERDAY
 MAXIMUM            38  1126 PM    48  1929     35       3     41
 MINIMUM            32  0937 AM    -1  1984     26       6     17
 AVERAGE            35                          31       4     29

PRECIPITATION
(INCHES)
 YESTERDAY        0.07           2.30  1933   0.24   -0.17   0.53
 MONTH TO DATE    3.08                        2.11    0.97   1.16
 SINCE DEC 1     25.77                       19.13    6.64  25.08
 SINCE JAN 1     13.49                       10.40    3.09  11.29

SNOWFALL
(INCHES)
 YESTERDAY           T            9.0  1963    0.5    -0.5    1.6
 MONTH TO DATE       T                         4.7    -4.7   10.2
 SINCE DEC 1      15.0                        31.5   -16.5   14.7
 SINCE JUL 1        MM                        39.0      MM   15.4
 SNOW DEPTH (IN)     0                                          5

DEGREE DAYS
 HEATING
  YESTERDAY         30                          35      -5     36
  MONTH TO DATE    271                         315     -44    301
  SINCE DEC 1     2077                        2437    -360   2004
  SINCE JUL 1     4373                        5229    -856   4400

 COOLING
  YESTERDAY          0                           0       0      0
  MONTH TO DATE      0                           0       0      0
  SINCE DEC 1        0                           0       0      0
  SINCE JAN 1        0                           0       0      0
...................................................................

WIND (MPH)
 HIGHEST WIND SPEED    33     HIGHEST WIND DIRECTION     30
 HIGHEST GUST SPEED    45     HIGHEST GUST DIRECTION     40
 AVERAGE WIND SPEED  13.9

SKY COVER
  POSSIBLE SUNSHINE    MM          AVERAGE SKY COVER     MM

WEATHER CONDITIONS
 THE FOLLOWING WEATHER WAS RECORDED YESTERDAY.
  FOG
RAIN


RELATIVE HUMIDITY
 HIGHEST RH     MM PERCENT       MM
 LOWEST  RH     MM PERCENT       MM
 AVERAGE RH     MM PERCENT       MM
...................................................................

THE KODIAK CLIMATE NORMALS FOR TODAY
                           NORMAL    RECORD   YEAR
 MAXIMUM TEMPERATURE (F)     35        47     1947
 MINIMUM TEMPERATURE (F)     26         2     1990

SUNRISE AND SUNSET
 FEB 10 2016..........SUNRISE  8:53 AM      SUNSET  5:57 PM
 FEB 11 2016..........SUNRISE  8:51 AM      SUNSET  5:59 PM

-  INDICATES NEGATIVE NUMBERS.
R  INDICATES RECORD HAS BEEN SET OR TIED.
MM INDICATES DATA IS MISSING.
T  INDICATES TRACE OF PRECIPITATION.

&&
-------------------------------------------------------------------

AMOUNT OF DAYLIGHT TODAY  (HOUR:MIN)........9 HOURS 4 MINUTES
GAIN/LOSS SINCE YESTERDAY (HOUR:MIN:SEC)....+0:04:42

$$
CSB FEB 16
