678
CDAK48 PAFC 201340
CLIADQ


CLIMATE REPORT
NATIONAL WEATHER SERVICE ANCHORAGE, AK
440 AM AKST SAT JAN 20 2018


...................................

...THE KODIAK CLIMATE SUMMARY FOR JANUARY 19 2018...

CLIMATE NORMAL PERIOD 1981 TO 2010
CLIMATE RECORD PERIOD 1913 TO 2018


WEATHER ITEM   OBSERVED TIME   RECORD YEAR NORMAL DEPARTURE LAST
                VALUE   (LST)  VALUE       VALUE  FROM      YEAR
                                                  NORMAL
..................................................................
TEMPERATURE (F)
 YESTERDAY
  MAXIMUM         36    547 PM  49    1937  35      1       27
  MINIMUM         27    252 AM   4    1974  26      1       13
  AVERAGE         32                        30      2       20

PRECIPITATION (IN)
  YESTERDAY        T             1.59 2013   0.28  -0.28     0.00
  MONTH TO DATE    5.90                      5.26   0.64     0.53
  SINCE SEP 1     33.09                     36.47  -3.38    30.52
  SINCE JAN 1      5.90                      5.26   0.64     0.53

SNOWFALL (IN)
  YESTERDAY        T             6.6  2011   0.4   -0.4      0.0
  MONTH TO DATE    1.5                       7.4   -5.9      0.6
  SINCE SEP 1     11.4                      28.7  -17.3      6.2
  SINCE JUL 1     11.4                      28.7  -17.3      6.2
  SNOW DEPTH       0

DEGREE DAYS
 HEATING
  YESTERDAY       33                        35     -2       45
  MONTH TO DATE  552                       653   -101      711
  SINCE DEC 1   1437                      1701   -264     1744
  SINCE JUL 1   4000                      4496   -496     3946

 COOLING
  YESTERDAY        0                         0      0        0
  MONTH TO DATE    0                         0      0        0
  SINCE DEC 1      0                         0      0        0
  SINCE JAN 1      0                         0      0        0
..................................................................


WIND (MPH)
  RESULTANT WIND SPEED   7   RESULTANT WIND DIRECTION  NW (300)
  HIGHEST WIND SPEED    20   HIGHEST WIND DIRECTION     W (290)
  HIGHEST GUST SPEED    24   HIGHEST GUST DIRECTION     W (280)
  AVERAGE WIND SPEED     9.0



WEATHER CONDITIONS
 THE FOLLOWING WEATHER WAS RECORDED YESTERDAY.
  LIGHT SNOW
  FOG


RELATIVE HUMIDITY (PERCENT)
 HIGHEST    92
 LOWEST     75
 AVERAGE    84

..........................................................


THE KODIAK CLIMATE NORMALS FOR TODAY
                         NORMAL    RECORD    YEAR
 MAXIMUM TEMPERATURE (F)   35        49      1937
 MINIMUM TEMPERATURE (F)   26        -5      1968


SUNRISE AND SUNSET
JANUARY 20 2018.......SUNRISE   934 AM AKST  SUNSET   509 PM AKST
JANUARY 21 2018.......SUNRISE   932 AM AKST  SUNSET   511 PM AKST


-  INDICATES NEGATIVE NUMBERS.
R  INDICATES RECORD WAS SET OR TIED.
MM INDICATES DATA IS MISSING.
T  INDICATES TRACE AMOUNT.




$$
