000
CDAK48 PADQ 230904
CLIADQ

CLIMATE REPORT
NATIONAL WEATHER SERVICE KODIAK, AK
104 AM AKDT WED APR 23 2014

...................................
...THE KODIAK AP CLIMATE SUMMARY FOR APRIL 22 2014...

CLIMATE NORMAL PERIOD  1981 TO  2010
CLIMATE RECORD PERIOD  1949 TO  2014

WEATHER ITEM   OBSERVED TIME    RECORD YEAR NORMAL DEPARTURE LAST
               VALUE    (LST)   VALUE       VALUE  FROM      YEAR
                                                   NORMAL
...................................................................
TEMPERATURE
YESTERDAY
 MAXIMUM            46  0136 PM    54  1979     45       1     41
 MINIMUM            40  0829 AM    19  1984     34       6     35
 AVERAGE            43                          39       4     38

PRECIPITATION
(INCHES)
 YESTERDAY        0.01           0.94  2007   0.19   -0.18   0.56
 MONTH TO DATE    6.02                        4.31    1.71   2.08
 SINCE MAR 1      9.98                        9.84    0.14   6.55
 SINCE JAN 1     31.23                       24.27    6.96  22.73

SNOWFALL
(INCHES)
 YESTERDAY         0.0            3.6  1999    0.1    -0.1    0.0
 MONTH TO DATE     0.9                         7.0    -6.1    4.5
 SINCE MAR 1      12.4                        18.3    -5.9   16.2
 SINCE JUL 1      43.4                        67.7   -24.3   64.6
 SNOW DEPTH (IN)     0                                          0

DEGREE DAYS
 HEATING
  YESTERDAY         22                          26      -4     27
  MONTH TO DATE    584                         623     -39    730
  SINCE MAR 1     1554                        1621     -67   1748
  SINCE JUL 1     6840                        7494    -654   7669

 COOLING
  YESTERDAY          0                           0       0      0
  MONTH TO DATE      0                           0       0      0
  SINCE MAR 1        0                           0       0      0
  SINCE JAN 1        0                           0       0      0
...................................................................

WIND (MPH)
 HIGHEST WIND SPEED    18     HIGHEST WIND DIRECTION    100
 HIGHEST GUST SPEED    25     HIGHEST GUST DIRECTION    100
 AVERAGE WIND SPEED  11.8

SKY COVER
  POSSIBLE SUNSHINE    MM          AVERAGE SKY COVER     MM

WEATHER CONDITIONS
 THE FOLLOWING WEATHER WAS RECORDED YESTERDAY.
  FOG
RAIN


RELATIVE HUMIDITY
 HIGHEST RH     MM PERCENT       MM
 LOWEST  RH     MM PERCENT       MM
 AVERAGE RH     MM PERCENT       MM
...................................................................

THE KODIAK CLIMATE NORMALS FOR TODAY
                           NORMAL    RECORD   YEAR
 MAXIMUM TEMPERATURE (F)     45        57     2003
 MINIMUM TEMPERATURE (F)     34        20     1986

SUNRISE AND SUNSET
 APR 23 2014..........SUNRISE  6:39 AM      SUNSET  9:40 PM
 APR 24 2014..........SUNRISE  6:36 AM      SUNSET  9:43 PM

-  INDICATES NEGATIVE NUMBERS.
R  INDICATES RECORD HAS BEEN SET OR TIED.
MM INDICATES DATA IS MISSING.
T  INDICATES TRACE OF PRECIPITATION.

&&
-------------------------------------------------------------------

AMOUNT OF DAYLIGHT TODAY  (HOUR:MIN)........15 HOURS 1 MINUTES
GAIN/LOSS SINCE YESTERDAY (HOUR:MIN:SEC)....+0:04:48

$$
*** APR 14
