000
CDAK48 PADQ 211139
CLIADQ

CLIMATE REPORT
NATIONAL WEATHER SERVICE KODIAK, AK
339 AM AKDT THU AUG 21 2014

...................................
...THE KODIAK AP CLIMATE SUMMARY FOR AUGUST 20 2014...

CLIMATE NORMAL PERIOD  1981 TO  2010
CLIMATE RECORD PERIOD  1949 TO  2014

WEATHER ITEM   OBSERVED TIME    RECORD YEAR NORMAL DEPARTURE LAST
               VALUE    (LST)   VALUE       VALUE  FROM      YEAR
                                                   NORMAL
...................................................................
TEMPERATURE
YESTERDAY
 MAXIMUM            58  0711 PM    72  1953     61      -3     59
 MINIMUM            46  0322 AM    42  1986     49      -3     53
 AVERAGE            52                          55      -3     56

PRECIPITATION
(INCHES)
 YESTERDAY        0.00           1.89  1981   0.14   -0.14      T
 MONTH TO DATE    5.48                        2.80    2.68   6.49
 SINCE JUN 1     14.28                       13.64    0.64  11.66
 SINCE JAN 1     47.81                       45.03    2.78  37.10

SNOWFALL
(INCHES)
 YESTERDAY         0.0            0.0  2014    0.0     0.0    0.0
 MONTH TO DATE     0.0                         0.0     0.0    0.0
 SINCE JUN 1       0.0                         0.0     0.0    0.0
 SINCE JUL 1       0.0                         0.0     0.0    0.0
 SNOW DEPTH (IN)     0                                          0

DEGREE DAYS
 HEATING
  YESTERDAY         13                          10       3      9
  MONTH TO DATE    150                         186     -36    190
  SINCE JUN 1      812                         973    -161    732
  SINCE JUL 1      390                         512    -122    401

 COOLING
  YESTERDAY          0                           0       0      0
  MONTH TO DATE      0                           0       0      0
  SINCE JUN 1        0                           0       0      6
  SINCE JAN 1        4                           0       4      6
...................................................................

WIND (MPH)
 HIGHEST WIND SPEED     8     HIGHEST WIND DIRECTION    260
 HIGHEST GUST SPEED     9     HIGHEST GUST DIRECTION     70
 AVERAGE WIND SPEED   3.0

SKY COVER
  POSSIBLE SUNSHINE    MM          AVERAGE SKY COVER     MM

WEATHER CONDITIONS
 THE FOLLOWING WEATHER WAS RECORDED YESTERDAY.
  SMOKE OR HAZE
FOG


RELATIVE HUMIDITY
 HIGHEST RH     MM PERCENT       MM
 LOWEST  RH     MM PERCENT       MM
 AVERAGE RH     MM PERCENT       MM
...................................................................

THE KODIAK CLIMATE NORMALS FOR TODAY
                           NORMAL    RECORD   YEAR
 MAXIMUM TEMPERATURE (F)     61        73     1995
 MINIMUM TEMPERATURE (F)     49        38     1986

SUNRISE AND SUNSET
 AUG 21 2014..........SUNRISE  6:48 AM      SUNSET  9:38 PM
 AUG 22 2014..........SUNRISE  6:50 AM      SUNSET  9:35 PM

-  INDICATES NEGATIVE NUMBERS.
R  INDICATES RECORD HAS BEEN SET OR TIED.
MM INDICATES DATA IS MISSING.
T  INDICATES TRACE OF PRECIPITATION.

&&
-------------------------------------------------------------------

AMOUNT OF DAYLIGHT TODAY  (HOUR:MIN)........14 HOURS 50 MINUTES
GAIN/LOSS SINCE YESTERDAY (HOUR:MIN:SEC)....-0:04:46

$$
*** AUG 14
