000
CDAK48 PADQ 010951
CLIADQ

CLIMATE REPORT
NATIONAL WEATHER SERVICE KODIAK, AK
1251 AM AKST SUN FEB 1 2015

...................................
...THE KODIAK AP CLIMATE SUMMARY FOR JANUARY 31 2015...

CLIMATE NORMAL PERIOD  1981 TO  2010
CLIMATE RECORD PERIOD  1949 TO  2015

WEATHER ITEM   OBSERVED TIME    RECORD YEAR NORMAL DEPARTURE LAST
               VALUE    (LST)   VALUE       VALUE  FROM      YEAR
                                                   NORMAL
...................................................................
TEMPERATURE
YESTERDAY
 MAXIMUM            42  1139 PM    54  1963     35       7     40
 MINIMUM            40  0518 PM    -4  1999     26      14     33
 AVERAGE            41                          30      11     37

PRECIPITATION
(INCHES)
 YESTERDAY        0.08           0.90  1994   0.23   -0.15   0.00
 MONTH TO DATE   10.13                        8.29    1.84  14.30
 SINCE DEC 1     23.92                       17.02    6.90  18.75
 SINCE JAN 1     10.13                        8.29    1.84  14.30

SNOWFALL
(INCHES)
 YESTERDAY         0.0            9.0  1967    0.5    -0.5    0.0
 MONTH TO DATE     4.2                        13.0    -8.8    5.1
 SINCE DEC 1       4.5                        26.8   -22.3   16.7
 SINCE JUL 1       5.2                        34.3   -29.1   24.0
 SNOW DEPTH (IN)     0                                          0

DEGREE DAYS
 HEATING
  YESTERDAY         24                          35     -11     28
  MONTH TO DATE    881                        1073    -192    867
  SINCE DEC 1     1703                        2122    -419   1907
  SINCE JUL 1     4099                        4914    -815   4314

 COOLING
  YESTERDAY          0                           0       0      0
  MONTH TO DATE      0                           0       0      0
  SINCE DEC 1        0                           0       0      0
  SINCE JAN 1        0                           0       0      0
...................................................................

WIND (MPH)
 HIGHEST WIND SPEED    31     HIGHEST WIND DIRECTION     30
 HIGHEST GUST SPEED    38     HIGHEST GUST DIRECTION     30
 AVERAGE WIND SPEED  22.5

SKY COVER
  POSSIBLE SUNSHINE    MM          AVERAGE SKY COVER     MM

WEATHER CONDITIONS
 THE FOLLOWING WEATHER WAS RECORDED YESTERDAY.
  FOG
RAIN


RELATIVE HUMIDITY
 HIGHEST RH     MM PERCENT       MM
 LOWEST  RH     MM PERCENT       MM
 AVERAGE RH     MM PERCENT       MM
...................................................................

THE KODIAK CLIMATE NORMALS FOR TODAY
                           NORMAL    RECORD   YEAR
 MAXIMUM TEMPERATURE (F)     35        49     1963
 MINIMUM TEMPERATURE (F)     26       -10     1971

SUNRISE AND SUNSET
 FEB 1 2015..........SUNRISE  9:13 AM      SUNSET  5:36 PM
 FEB 2 2015..........SUNRISE  9:11 AM      SUNSET  5:38 PM

-  INDICATES NEGATIVE NUMBERS.
R  INDICATES RECORD HAS BEEN SET OR TIED.
MM INDICATES DATA IS MISSING.
T  INDICATES TRACE OF PRECIPITATION.

&&
-------------------------------------------------------------------

AMOUNT OF DAYLIGHT TODAY  (HOUR:MIN)........8 HOURS 23 MINUTES
GAIN/LOSS SINCE YESTERDAY (HOUR:MIN:SEC)....+0:04:24

$$
*** FEB 15
