006
CDAK48 PAFC 081305
CLIADQ


CLIMATE REPORT
NATIONAL WEATHER SERVICE ANCHORAGE, AK
405 AM AKST THU DEC 8 2016


...................................

...THE KODIAK CLIMATE SUMMARY FOR DECEMBER 7 2016...

CLIMATE NORMAL PERIOD 1981 TO 2010
CLIMATE RECORD PERIOD 1913 TO 2016


WEATHER ITEM   OBSERVED TIME   RECORD YEAR NORMAL DEPARTURE LAST
                VALUE   (LST)  VALUE       VALUE  FROM      YEAR
                                                  NORMAL
..................................................................
TEMPERATURE (F)
 YESTERDAY
  MAXIMUM         35   1159 PM  47    2014  36     -1       43
                                      1926
  MINIMUM         30    532 AM  -1    1970  27      3       40
  AVERAGE         33                        31      2       42

PRECIPITATION (IN)
  YESTERDAY        0.13          2.68 1988   0.29  -0.16     0.35
  MONTH TO DATE    0.40                      1.94  -1.54     2.25
  SINCE DEC 1      0.40                      1.94  -1.54     2.25
  SINCE JAN 1     77.58                     71.21   6.37    72.47

SNOWFALL (IN)
  YESTERDAY        1.2           4.0  1988   0.4    0.8      0.0
  MONTH TO DATE    3.1                       3.1    0.0       T
  SINCE DEC 1      3.1                       3.1    0.0       T
  SINCE JUL 1      5.1                      10.6   -5.5      1.0
  SNOW DEPTH       3

DEGREE DAYS
 HEATING
  YESTERDAY       32                        34     -2       23
  MONTH TO DATE  262                       233     29      204
  SINCE DEC 1    262                       233     29      204
  SINCE JUL 1   2464                      3028   -564     2422

 COOLING
  YESTERDAY        0                         0      0        0
  MONTH TO DATE    0                         0      0        0
  SINCE DEC 1      0                         0      0        0
  SINCE JAN 1     29                         1     28        1
..................................................................


WIND (MPH)
  RESULTANT WIND SPEED  19   RESULTANT WIND DIRECTION  NW (300)
  HIGHEST WIND SPEED    29   HIGHEST WIND DIRECTION     W (290)
  HIGHEST GUST SPEED    37   HIGHEST GUST DIRECTION     W (290)
  AVERAGE WIND SPEED    19.4



WEATHER CONDITIONS
 THE FOLLOWING WEATHER WAS RECORDED YESTERDAY.
  LIGHT SNOW
  FOG
  HAZE


RELATIVE HUMIDITY (PERCENT)
 HIGHEST    92
 LOWEST     72
 AVERAGE    82

..........................................................


THE KODIAK CLIMATE NORMALS FOR TODAY
                         NORMAL    RECORD    YEAR
 MAXIMUM TEMPERATURE (F)   36        48      1922
 MINIMUM TEMPERATURE (F)   27         6      1975


SUNRISE AND SUNSET
DECEMBER  8 2016......SUNRISE   941 AM AKST  SUNSET   424 PM AKST
DECEMBER  9 2016......SUNRISE   942 AM AKST  SUNSET   423 PM AKST


-  INDICATES NEGATIVE NUMBERS.
R  INDICATES RECORD WAS SET OR TIED.
MM INDICATES DATA IS MISSING.
T  INDICATES TRACE AMOUNT.




$$
