000
CDAK48 PADQ 231140
CLIADQ

CLIMATE REPORT
NATIONAL WEATHER SERVICE KODIAK, AK
340 AM AKDT WED JUL 23 2014

...................................
...THE KODIAK AP CLIMATE SUMMARY FOR JULY 22 2014...

CLIMATE NORMAL PERIOD  1981 TO  2010
CLIMATE RECORD PERIOD  1949 TO  2014

WEATHER ITEM   OBSERVED TIME    RECORD YEAR NORMAL DEPARTURE LAST
               VALUE    (LST)   VALUE       VALUE  FROM      YEAR
                                                   NORMAL
...................................................................
TEMPERATURE
YESTERDAY
 MAXIMUM            61  0442 PM    82  1967     61       0     78
 MINIMUM            50  0549 AM    44  1997     50       0     53
 AVERAGE            56                          55       1     66

PRECIPITATION
(INCHES)
 YESTERDAY           T           1.18  1984   0.15   -0.15   0.00
 MONTH TO DATE    2.11                        3.58   -1.47   1.04
 SINCE JUN 1      8.33                        9.49   -1.16   5.15
 SINCE JAN 1     41.86                       40.88    0.98  30.59

SNOWFALL
(INCHES)
 YESTERDAY         0.0            0.0  2014    0.0     0.0    0.0
 MONTH TO DATE     0.0                         0.0     0.0    0.0
 SINCE JUN 1       0.0                         0.0     0.0    0.0
 SINCE JUL 1       0.0                         0.0     0.0    0.0
 SNOW DEPTH (IN)     0                                          0

DEGREE DAYS
 HEATING
  YESTERDAY          9                          10      -1      0
  MONTH TO DATE    168                         242     -74    169
  SINCE JUN 1      590                         703    -113    500
  SINCE JUL 1      168                         242     -74    169

 COOLING
  YESTERDAY          0                           0       0      1
  MONTH TO DATE      0                           0       0      3
  SINCE JUN 1        0                           0       0      6
  SINCE JAN 1        4                           0       4      6
...................................................................

WIND (MPH)
 HIGHEST WIND SPEED     8     HIGHEST WIND DIRECTION    180
 HIGHEST GUST SPEED     9     HIGHEST GUST DIRECTION    190
 AVERAGE WIND SPEED   4.2

SKY COVER
  POSSIBLE SUNSHINE    MM          AVERAGE SKY COVER     MM

WEATHER CONDITIONS
 THE FOLLOWING WEATHER WAS RECORDED YESTERDAY.
  FOG
RAIN


RELATIVE HUMIDITY
 HIGHEST RH     MM PERCENT       MM
 LOWEST  RH     MM PERCENT       MM
 AVERAGE RH     MM PERCENT       MM
...................................................................

THE KODIAK CLIMATE NORMALS FOR TODAY
                           NORMAL    RECORD   YEAR
 MAXIMUM TEMPERATURE (F)     61        81     1967
 MINIMUM TEMPERATURE (F)     50        43     1990

SUNRISE AND SUNSET
 JUL 23 2014..........SUNRISE  5:48 AM      SUNSET 10:45 PM
 JUL 24 2014..........SUNRISE  5:50 AM      SUNSET 10:43 PM

-  INDICATES NEGATIVE NUMBERS.
R  INDICATES RECORD HAS BEEN SET OR TIED.
MM INDICATES DATA IS MISSING.
T  INDICATES TRACE OF PRECIPITATION.

&&
-------------------------------------------------------------------

AMOUNT OF DAYLIGHT TODAY  (HOUR:MIN)........16 HOURS 57 MINUTES
GAIN/LOSS SINCE YESTERDAY (HOUR:MIN:SEC)....-0:03:44

$$
*** JUL 14
