000
CDUS44 KLCH 091245
CLIAEX


CLIMATE REPORT
NATIONAL WEATHER SERVICE LAKE CHARLES, LA
645 AM CST FRI DEC 9 2016


...................................

...THE ALEXANDRIA CLIMATE SUMMARY FOR DECEMBER 8 2016...

CLIMATE NORMAL PERIOD 1981 TO 2010
CLIMATE RECORD PERIOD 1892 TO 2016


WEATHER ITEM   OBSERVED TIME   RECORD YEAR NORMAL DEPARTURE LAST
                VALUE   (LST)  VALUE       VALUE  FROM      YEAR
                                                  NORMAL
..................................................................
TEMPERATURE (F)
 YESTERDAY
  MAXIMUM         51    151 AM  83    2007  61    -10       70
  MINIMUM         39   1159 PM  20    1910  41     -2       38
  AVERAGE         45                        51     -6       54

PRECIPITATION (IN)
  YESTERDAY        0.13          3.36 1951   0.24  -0.11     0.00
  MONTH TO DATE    7.57                      2.04   5.53     0.20
  SINCE DEC 1      7.57                      2.04   5.53     0.20
  SINCE JAN 1     54.54                     51.84   2.70    55.32

SNOWFALL (IN)
  YESTERDAY       MM             0.0    MM  MM     MM        0.0
  MONTH TO DATE    0.0                      MM     MM        0.0
  SINCE DEC 1      0.0                      MM     MM        0.0
  SINCE JUL 1      0.0                      MM     MM        0.0
  SNOW DEPTH       0

DEGREE DAYS
 HEATING
  YESTERDAY       20                        14      6       11
  MONTH TO DATE  121                       109     12      107
  SINCE DEC 1    121                       109     12      107
  SINCE JUL 1    296                       434   -138      258
..................................................................


WIND (MPH)
  HIGHEST WIND SPEED    20   HIGHEST WIND DIRECTION     N (20)
  HIGHEST GUST SPEED    26   HIGHEST GUST DIRECTION     N (20)
  AVERAGE WIND SPEED    11.0


SKY COVER
  POSSIBLE SUNSHINE  MM
  AVERAGE SKY COVER 0.5


WEATHER CONDITIONS
 THE FOLLOWING WEATHER WAS RECORDED YESTERDAY.
  HEAVY RAIN
  LIGHT RAIN
  FOG


RELATIVE HUMIDITY (PERCENT)
 HIGHEST    93           500 AM
 LOWEST     53          1200 PM
 AVERAGE    73

..........................................................


THE ALEXANDRIA CLIMATE NORMALS FOR TODAY
                         NORMAL    RECORD    YEAR
 MAXIMUM TEMPERATURE (F)   61        83      2007
 MINIMUM TEMPERATURE (F)   41        18      2006


SUNRISE AND SUNSET
DECEMBER  9 2016......SUNRISE   658 AM CST   SUNSET   508 PM CST
DECEMBER 10 2016......SUNRISE   659 AM CST   SUNSET   508 PM CST


-  INDICATES NEGATIVE NUMBERS.
R  INDICATES RECORD WAS SET OR TIED.
MM INDICATES DATA IS MISSING.
T  INDICATES TRACE AMOUNT.




$$
