341
CDUS44 KLCH 270318
CLIAEX


CLIMATE REPORT
NATIONAL WEATHER SERVICE LAKE CHARLES, LA
1018 PM CDT WED JUL 26 2017


...................................

...THE ALEXANDRIA CLIMATE SUMMARY FOR JULY 26 2017...
VALID TODAY AS OF 0500 PM LOCAL TIME.

CLIMATE NORMAL PERIOD 1981 TO 2010
CLIMATE RECORD PERIOD 1892 TO 2017


WEATHER ITEM   OBSERVED TIME   RECORD YEAR NORMAL DEPARTURE LAST
                VALUE   (LST)  VALUE       VALUE  FROM      YEAR
                                                  NORMAL
..................................................................
TEMPERATURE (F)
 TODAY
  MAXIMUM         94    359 PM 102    1925  92      2       92
                                      1907
  MINIMUM         71    522 AM  61    1911  73     -2       73
                                      1894
  AVERAGE         83                        83      0       83

PRECIPITATION (IN)
  TODAY            0.00          2.56 1941   0.09  -0.09     1.27
  MONTH TO DATE    2.61                      3.23  -0.62     4.48
  SINCE JUN 1      8.50                      8.33   0.17     7.44
  SINCE JAN 1     33.21                     32.33   0.88    29.79

DEGREE DAYS
 COOLING
  TODAY           18                        18      0       18
  MONTH TO DATE  465                       450     15      503
  SINCE JUN 1    879                       903    -24      985
  SINCE JAN 1   1454                      1357     97     1452
..................................................................


WIND (MPH)
  HIGHEST WIND SPEED     9   HIGHEST WIND DIRECTION     S (180)
  HIGHEST GUST SPEED    11   HIGHEST GUST DIRECTION     S (180)
  AVERAGE WIND SPEED     2.5


SKY COVER
  POSSIBLE SUNSHINE  MM
  AVERAGE SKY COVER 0.2


WEATHER CONDITIONS
 THE FOLLOWING WEATHER WAS RECORDED TODAY.
  FOG


RELATIVE HUMIDITY (PERCENT)
 HIGHEST   100           200 AM
 LOWEST     49           300 PM
 AVERAGE    75

..........................................................


THE ALEXANDRIA CLIMATE NORMALS FOR TOMORROW
                         NORMAL    RECORD    YEAR
 MAXIMUM TEMPERATURE (F)   92       104      2008
 MINIMUM TEMPERATURE (F)   73        61      1911
                                             1894


SUNRISE AND SUNSET
JULY 26 2017..........SUNRISE   623 AM CDT   SUNSET   810 PM CDT
JULY 27 2017..........SUNRISE   624 AM CDT   SUNSET   809 PM CDT


-  INDICATES NEGATIVE NUMBERS.
R  INDICATES RECORD WAS SET OR TIED.
MM INDICATES DATA IS MISSING.
T  INDICATES TRACE AMOUNT.




$$
