000
CDUS44 KLCH 291245
CLIAEX


CLIMATE REPORT
NATIONAL WEATHER SERVICE LAKE CHARLES, LA
745 AM CDT FRI JUL 29 2016


...................................

...THE ALEXANDRIA CLIMATE SUMMARY FOR JULY 28 2016...

CLIMATE NORMAL PERIOD 1981 TO 2010
CLIMATE RECORD PERIOD 1892 TO 2016


WEATHER ITEM   OBSERVED TIME   RECORD YEAR NORMAL DEPARTURE LAST
                VALUE   (LST)  VALUE       VALUE  FROM      YEAR
                                                  NORMAL
..................................................................
TEMPERATURE (F)
 YESTERDAY
  MAXIMUM         88   1132 AM 103    2008  93     -5       98
  MINIMUM         71   1112 PM  64    1911  73     -2       75
  AVERAGE         80                        83     -3       87

PRECIPITATION (IN)
  YESTERDAY        0.34          2.40 1908   0.08   0.26     0.00
  MONTH TO DATE    5.08                      3.39   1.69     2.80
  SINCE JUN 1      8.04                      8.49  -0.45     7.60
  SINCE JAN 1     30.39                     32.49  -2.10    32.85

DEGREE DAYS
 COOLING
  YESTERDAY       15                        18     -3       22
  MONTH TO DATE  512                       486     26      544
  SINCE JUN 1    994                       939     55     1029
  SINCE JAN 1   1461                      1393     68     1551
..................................................................


WIND (MPH)
  HIGHEST WIND SPEED    22   HIGHEST WIND DIRECTION     N (350)
  HIGHEST GUST SPEED    28   HIGHEST GUST DIRECTION     N (350)
  AVERAGE WIND SPEED     4.7


SKY COVER
  POSSIBLE SUNSHINE  MM
  AVERAGE SKY COVER 0.5


WEATHER CONDITIONS
 THE FOLLOWING WEATHER WAS RECORDED YESTERDAY.
  THUNDERSTORM
  HEAVY RAIN
  LIGHT RAIN
  FOG


RELATIVE HUMIDITY (PERCENT)
 HIGHEST   100           500 AM
 LOWEST     75          1100 AM
 AVERAGE    88

..........................................................


THE ALEXANDRIA CLIMATE NORMALS FOR TODAY
                         NORMAL    RECORD    YEAR
 MAXIMUM TEMPERATURE (F)   93       103      1907
 MINIMUM TEMPERATURE (F)   73        64      1911


SUNRISE AND SUNSET
JULY 29 2016..........SUNRISE   625 AM CDT   SUNSET   808 PM CDT
JULY 30 2016..........SUNRISE   626 AM CDT   SUNSET   807 PM CDT


-  INDICATES NEGATIVE NUMBERS.
R  INDICATES RECORD WAS SET OR TIED.
MM INDICATES DATA IS MISSING.
T  INDICATES TRACE AMOUNT.




$$
