050
CDUS44 KLCH 192211
CLIAEX


CLIMATE REPORT
NATIONAL WEATHER SERVICE LAKE CHARLES, LA
411 PM CST SUN NOV 19 2017


...................................

...THE ALEXANDRIA CLIMATE SUMMARY FOR NOVEMBER 19 2017...
VALID TODAY AS OF 0400 PM LOCAL TIME.

CLIMATE NORMAL PERIOD 1981 TO 2010
CLIMATE RECORD PERIOD 1892 TO 2017


WEATHER ITEM   OBSERVED TIME   RECORD YEAR NORMAL DEPARTURE LAST
                VALUE   (LST)  VALUE       VALUE  FROM      YEAR
                                                  NORMAL
..................................................................
TEMPERATURE (F)
 TODAY
  MAXIMUM         63    314 PM  83    1930  68     -5       62
  MINIMUM         40    711 AM  21    1951  44     -4       36
  AVERAGE         52                        56     -4       49

PRECIPITATION (IN)
  TODAY            0.00          1.82 1969   0.19  -0.19     0.00
  MONTH TO DATE    1.69                      2.88  -1.19     0.53
  SINCE SEP 1      2.25                     10.96  -8.71     4.22
  SINCE JAN 1     45.48                     47.19  -1.71    44.96

SNOWFALL (IN)
  TODAY            0.0           0.0    MM  MM     MM        0.0
  MONTH TO DATE    0.0                      MM     MM        0.0
  SINCE SEP 1      0.0                      MM     MM        0.0
  SINCE JUL 1      0.0                      MM     MM        0.0
  SNOW DEPTH       0

DEGREE DAYS
 HEATING
  TODAY           13                         9      4       16
  MONTH TO DATE   62                       129    -67       54
  SINCE SEP 1    135                       202    -67       73
  SINCE JUL 1    135                       202    -67       73
..................................................................


WIND (MPH)
  HIGHEST WIND SPEED    18   HIGHEST WIND DIRECTION     N (350)
  HIGHEST GUST SPEED    23   HIGHEST GUST DIRECTION     N (350)
  AVERAGE WIND SPEED    10.4


SKY COVER
  POSSIBLE SUNSHINE  MM
  AVERAGE SKY COVER 0.0


WEATHER CONDITIONS
 THE FOLLOWING WEATHER WAS RECORDED TODAY.
  NO SIGNIFICANT WEATHER WAS OBSERVED.


RELATIVE HUMIDITY (PERCENT)
 HIGHEST    79           700 AM
 LOWEST     21           200 PM
 AVERAGE    50

..........................................................


THE ALEXANDRIA CLIMATE NORMALS FOR TOMORROW
                         NORMAL    RECORD    YEAR
 MAXIMUM TEMPERATURE (F)   67        88      1963
 MINIMUM TEMPERATURE (F)   44        22      1951


SUNRISE AND SUNSET
NOVEMBER 19 2017......SUNRISE   641 AM CST   SUNSET   510 PM CST
NOVEMBER 20 2017......SUNRISE   642 AM CST   SUNSET   509 PM CST


-  INDICATES NEGATIVE NUMBERS.
R  INDICATES RECORD WAS SET OR TIED.
MM INDICATES DATA IS MISSING.
T  INDICATES TRACE AMOUNT.




$$
