000
CDUS44 KLCH 282236
CLIAEX


CLIMATE REPORT
NATIONAL WEATHER SERVICE LAKE CHARLES, LA
436 PM CST SAT FEB 28 2015


...................................

...THE ALEXANDRIA CLIMATE SUMMARY FOR FEBRUARY 28 2015...
VALID TODAY AS OF 0400 PM LOCAL TIME.

CLIMATE NORMAL PERIOD 1981 TO 2010
CLIMATE RECORD PERIOD 1892 TO 2015


WEATHER ITEM   OBSERVED TIME   RECORD YEAR NORMAL DEPARTURE LAST
                VALUE   (LST)  VALUE       VALUE  FROM      YEAR
                                                  NORMAL
..................................................................
TEMPERATURE (F)
 TODAY
  MAXIMUM         59    228 PM  88    1932  67     -8       58
  MINIMUM         32    408 AM  23    2002  44    -12       34
  AVERAGE         46                        55     -9       46

PRECIPITATION (IN)
  TODAY            0.00          1.60 1893   0.16  -0.16     0.01
  MONTH TO DATE    1.39                      4.46  -3.07     4.66
  SINCE DEC 1      7.49                     15.80  -8.31     8.98
  SINCE JAN 1      5.10                      9.68  -4.58     6.38

SNOWFALL (IN)
  TODAY            0.0           T    1942  MM     MM       MM
  MONTH TO DATE    0.0                      MM     MM        0.3
  SINCE DEC 1      0.0                      MM     MM        4.8
  SINCE JUL 1      0.0                      MM     MM        4.8
  SNOW DEPTH       0

DEGREE DAYS
 HEATING
  TODAY           19                        10      9       19
  MONTH TO DATE  497                       374    123      447
  SINCE DEC 1   1458                      1340    118     1640
  SINCE JUL 1   1851                      1665    186     2016
..................................................................


WIND (MPH)
  HIGHEST WIND SPEED    10   HIGHEST WIND DIRECTION     E (90)
  HIGHEST GUST SPEED    14   HIGHEST GUST DIRECTION    NE (60)
  AVERAGE WIND SPEED     6.2


SKY COVER
  POSSIBLE SUNSHINE  MM
  AVERAGE SKY COVER 0.9


WEATHER CONDITIONS
 THE FOLLOWING WEATHER WAS RECORDED TODAY.
  NO SIGNIFICANT WEATHER WAS OBSERVED.


RELATIVE HUMIDITY (PERCENT)
 HIGHEST    75          1200 AM
 LOWEST     43           200 PM
 AVERAGE    59

..........................................................


THE ALEXANDRIA CLIMATE NORMALS FOR TOMORROW
                         NORMAL    RECORD    YEAR
 MAXIMUM TEMPERATURE (F)   67        85      1907
                                             1904
 MINIMUM TEMPERATURE (F)   44        24      1968


SUNRISE AND SUNSET
FEBRUARY 28 2015......SUNRISE   638 AM CST   SUNSET   608 PM CST
MARCH  1 2015.........SUNRISE   637 AM CST   SUNSET   608 PM CST


-  INDICATES NEGATIVE NUMBERS.
R  INDICATES RECORD WAS SET OR TIED.
MM INDICATES DATA IS MISSING.
T  INDICATES TRACE AMOUNT.




$$
