000
CDUS44 KLCH 240806
CLIAEX


CLIMATE REPORT
NATIONAL WEATHER SERVICE LAKE CHARLES, LA
306 AM CDT SUN SEP 24 2017


...................................

...THE ALEXANDRIA CLIMATE SUMMARY FOR SEPTEMBER 23 2017...

CLIMATE NORMAL PERIOD 1981 TO 2010
CLIMATE RECORD PERIOD 1892 TO 2017


WEATHER ITEM   OBSERVED TIME   RECORD YEAR NORMAL DEPARTURE LAST
                VALUE   (LST)  VALUE       VALUE  FROM      YEAR
                                                  NORMAL
..................................................................
TEMPERATURE (F)
 YESTERDAY
  MAXIMUM         94    214 PM  96    1925  86      8       93
                                      1921
                                      1910
  MINIMUM         68    544 AM  41    1897  63      5       72
  AVERAGE         81                        75      6       83

PRECIPITATION (IN)
  YESTERDAY        0.02          3.61 1940   0.10  -0.08     0.00
  MONTH TO DATE    0.09                      1.94  -1.85     3.46
  SINCE SEP 1      0.09                      1.94  -1.85     3.46
  SINCE JAN 1     43.32                     38.17   5.15    44.20

DEGREE DAYS
 HEATING
  YESTERDAY        0                         0      0        0
  MONTH TO DATE    0                         0      0        0
  SINCE SEP 1      0                         0      0        0
  SINCE JUL 1      0                         0      0        0

 COOLING
  YESTERDAY       16                        10      6       18
  MONTH TO DATE  279                       302    -23      398
  SINCE SEP 1    279                       302    -23      398
  SINCE JAN 1   2308                      2289     19     2501
..................................................................


WIND (MPH)
  HIGHEST WIND SPEED    17   HIGHEST WIND DIRECTION    SE (120)
  HIGHEST GUST SPEED    21   HIGHEST GUST DIRECTION     E (70)
  AVERAGE WIND SPEED     2.1


SKY COVER
  POSSIBLE SUNSHINE  MM
  AVERAGE SKY COVER 0.1


WEATHER CONDITIONS
 THE FOLLOWING WEATHER WAS RECORDED YESTERDAY.
  LIGHT RAIN
  FOG


RELATIVE HUMIDITY (PERCENT)
 HIGHEST   100           700 AM
 LOWEST     39           200 PM
 AVERAGE    70

..........................................................


THE ALEXANDRIA CLIMATE NORMALS FOR TODAY
                         NORMAL    RECORD    YEAR
 MAXIMUM TEMPERATURE (F)   86        98      1931
 MINIMUM TEMPERATURE (F)   63        44      1896


SUNRISE AND SUNSET
SEPTEMBER 24 2017.....SUNRISE   700 AM CDT   SUNSET   704 PM CDT
SEPTEMBER 25 2017.....SUNRISE   700 AM CDT   SUNSET   703 PM CDT


-  INDICATES NEGATIVE NUMBERS.
R  INDICATES RECORD WAS SET OR TIED.
MM INDICATES DATA IS MISSING.
T  INDICATES TRACE AMOUNT.




$$
