000
CDUS44 KLCH 250832
CLIAEX


CLIMATE REPORT
NATIONAL WEATHER SERVICE LAKE CHARLES, LA
331 AM CDT THU MAY 25 2017


...................................

...THE ALEXANDRIA CLIMATE SUMMARY FOR MAY 24 2017...

CLIMATE NORMAL PERIOD 1981 TO 2010
CLIMATE RECORD PERIOD 1892 TO 2017


WEATHER ITEM   OBSERVED TIME   RECORD YEAR NORMAL DEPARTURE LAST
                VALUE   (LST)  VALUE       VALUE  FROM      YEAR
                                                  NORMAL
..................................................................
TEMPERATURE (F)
 YESTERDAY
  MAXIMUM         75        MM  96    2005  87    -12       90
  MINIMUM         55        MM  51    1967  66    -11       67
                                      1917
                                      1893
  AVERAGE         65                        76    -11       79

PRECIPITATION (IN)
  YESTERDAY        T             1.94 1922   0.19  -0.19     0.00
  MONTH TO DATE    1.70                      3.62  -1.92     1.75
  SINCE MAR 1     14.75                     13.22   1.53    13.95
  SINCE JAN 1     22.46                     22.90  -0.44    20.43

DEGREE DAYS
 COOLING
  YESTERDAY        0                        11    -11       14
  MONTH TO DATE  153                       209    -56      171
  SINCE MAR 1    415                       351     64      359
  SINCE JAN 1    497                       368    129      367
..................................................................


WIND (MPH)
  HIGHEST WIND SPEED    21   HIGHEST WIND DIRECTION    NW (310)
  HIGHEST GUST SPEED    33   HIGHEST GUST DIRECTION     W (280)
  AVERAGE WIND SPEED    10.1


SKY COVER
  POSSIBLE SUNSHINE  MM
  AVERAGE SKY COVER 0.2


WEATHER CONDITIONS
 THE FOLLOWING WEATHER WAS RECORDED YESTERDAY.
  LIGHT RAIN


RELATIVE HUMIDITY (PERCENT)
 HIGHEST   100           500 AM
 LOWEST     38           300 PM
 AVERAGE    69

..........................................................


THE ALEXANDRIA CLIMATE NORMALS FOR TODAY
                         NORMAL    RECORD    YEAR
 MAXIMUM TEMPERATURE (F)   87        96      1898
                                             1896
 MINIMUM TEMPERATURE (F)   66        52      1913


SUNRISE AND SUNSET
MAY 25 2017...........SUNRISE   609 AM CDT   SUNSET   806 PM CDT
MAY 26 2017...........SUNRISE   608 AM CDT   SUNSET   807 PM CDT


-  INDICATES NEGATIVE NUMBERS.
R  INDICATES RECORD WAS SET OR TIED.
MM INDICATES DATA IS MISSING.
T  INDICATES TRACE AMOUNT.




$$
