000
CDUS42 KCAE 220708
CLIAGS


CLIMATE REPORT
NATIONAL WEATHER SERVICE COLUMBIA SC
308 AM EDT MON SEP 22 2014


...................................

...THE AUGUSTA REGIONAL BUSH FIELD GA CLIMATE SUMMARY FOR SEPTEMBER 21 2014...

CLIMATE NORMAL PERIOD 1981 TO 2010
CLIMATE RECORD PERIOD 1873 TO 2014


WEATHER ITEM   OBSERVED TIME   RECORD YEAR NORMAL DEPARTURE LAST
                VALUE   (LST)  VALUE       VALUE  FROM      YEAR
                                                  NORMAL
..................................................................
TEMPERATURE (F)
 YESTERDAY
  MAXIMUM         90    230 PM 103    1925  85      5       84
  MINIMUM         57    650 AM  48    1981  61     -4       60
                                      1962
                                      1918
  AVERAGE         74                        73      1       72

PRECIPITATION (IN)
  YESTERDAY        0.00          2.39 1989   0.10  -0.10     0.52
  MONTH TO DATE    1.95                      2.23  -0.28     0.74
  SINCE SEP 1      1.95                      2.23  -0.28     0.74
  SINCE JAN 1     30.37                     33.10  -2.73    46.06

SNOWFALL (IN)
  YESTERDAY        0.0          MM      MM   0.0             0.0
  MONTH TO DATE    0.0                       0.0             0.0
  SINCE SEP 1      0.0                       0.0             0.0
  SINCE JUL 1      0.0                       0.0             0.0

DEGREE DAYS
 HEATING
  YESTERDAY        0                         0      0        0
  MONTH TO DATE    0                         0      0        0
  SINCE SEP 1      0                         0      0        0
  SINCE JUL 1      0                         0      0        0

 COOLING
  YESTERDAY        9                         8      1        7
  MONTH TO DATE  285                       235     50      255
  SINCE SEP 1    285                       235     50      255
  SINCE JAN 1   1936                      1923     13     1730
..................................................................


WIND (MPH)
  HIGHEST WIND SPEED    16   HIGHEST WIND DIRECTION    NW (300)
  HIGHEST GUST SPEED    23   HIGHEST GUST DIRECTION     W (290)
  AVERAGE WIND SPEED     5.6


SKY COVER
  AVERAGE SKY COVER 0.0


WEATHER CONDITIONS
 THE FOLLOWING WEATHER WAS RECORDED YESTERDAY.
  FOG


RELATIVE HUMIDITY (PERCENT)
 HIGHEST   100           100 AM
 LOWEST     37           300 PM
 AVERAGE    69

..........................................................


THE AUGUSTA REGIONAL BUSH FIELD GA CLIMATE NORMALS FOR TODAY
                         NORMAL    RECORD    YEAR
 MAXIMUM TEMPERATURE (F)   85        99      1925
 MINIMUM TEMPERATURE (F)   60        46      1897


SUNRISE AND SUNSET
SEPTEMBER 22 2014.....SUNRISE   716 AM EDT   SUNSET   725 PM EDT
SEPTEMBER 23 2014.....SUNRISE   717 AM EDT   SUNSET   723 PM EDT


-  INDICATES NEGATIVE NUMBERS.
R  INDICATES RECORD WAS SET OR TIED.
MM INDICATES DATA IS MISSING.
T  INDICATES TRACE AMOUNT.




$$
