000
CDUS42 KCAE 252210
CLIAGS


CLIMATE REPORT
NATIONAL WEATHER SERVICE COLUMBIA SC
510 PM EST THU DEC 25 2014


...................................

...THE AUGUSTA BUSH FIELD GA CLIMATE SUMMARY FOR DECEMBER 25 2014...
VALID TODAY AS OF 0500 PM LOCAL TIME.

CLIMATE NORMAL PERIOD 1981 TO 2010
CLIMATE RECORD PERIOD 1873 TO 2014


WEATHER ITEM   OBSERVED TIME   RECORD YEAR NORMAL DEPARTURE LAST
                VALUE   (LST)  VALUE       VALUE  FROM      YEAR
                                                  NORMAL
..................................................................
TEMPERATURE (F)
 TODAY
  MAXIMUM         59    351 PM  79    1984  58      1       47
                                      1982
                                      1926
  MINIMUM         47    923 AM   6    1983  33     14       28
  AVERAGE         53                        46      7       38

PRECIPITATION (IN)
  TODAY            T             2.83 1943   0.11  -0.11     0.00
  MONTH TO DATE    4.09                      2.71   1.38     4.61
  SINCE DEC 1      4.09                      2.71   1.38     4.61
  SINCE JAN 1     38.57                     42.89  -4.32    53.23

SNOWFALL (IN)
  TODAY            0.0          MM      MM   0.0             0.0
  MONTH TO DATE    0.0                       0.1             0.0
  SINCE DEC 1      0.0                       0.1             0.0
  SINCE JUL 1      0.0                       0.1             0.0

DEGREE DAYS
 HEATING
  TODAY           12                        20     -8       27
  MONTH TO DATE  364                       435    -71      341
  SINCE DEC 1    364                       435    -71      341
  SINCE JUL 1    928                       857     71      800

 COOLING
  TODAY            0                         0      0        0
  MONTH TO DATE    0                         0      0       11
  SINCE DEC 1      0                         0      0       11
  SINCE JAN 1   2099                      2086     13     1876
..................................................................


WIND (MPH)
  HIGHEST WIND SPEED    23   HIGHEST WIND DIRECTION    NW (310)
  HIGHEST GUST SPEED    30   HIGHEST GUST DIRECTION    NW (310)
  AVERAGE WIND SPEED    10.1


SKY COVER
  AVERAGE SKY COVER 0.0


WEATHER CONDITIONS
 THE FOLLOWING WEATHER WAS RECORDED TODAY.
  LIGHT RAIN


RELATIVE HUMIDITY (PERCENT)
 HIGHEST    74           500 AM
 LOWEST     43           100 PM
 AVERAGE    59

..........................................................


THE AUGUSTA BUSH FIELD GA CLIMATE NORMALS FOR TOMORROW
                         NORMAL    RECORD    YEAR
 MAXIMUM TEMPERATURE (F)   58        80      1964
 MINIMUM TEMPERATURE (F)   33         9      1983


SUNRISE AND SUNSET
DECEMBER 25 2014......SUNRISE   730 AM EST   SUNSET   526 PM EST
DECEMBER 26 2014......SUNRISE   730 AM EST   SUNSET   527 PM EST


-  INDICATES NEGATIVE NUMBERS.
R  INDICATES RECORD WAS SET OR TIED.
MM INDICATES DATA IS MISSING.
T  INDICATES TRACE AMOUNT.




$$
