000
CDUS42 KCAE 252239
CLIAGS


CLIMATE REPORT
NATIONAL WEATHER SERVICE COLUMBIA SC
539 PM EST TUE NOV 25 2014


...................................

...THE AUGUSTA BUSH FIELD GA CLIMATE SUMMARY FOR NOVEMBER 25 2014...
VALID TODAY AS OF 0500 PM LOCAL TIME.

CLIMATE NORMAL PERIOD 1981 TO 2010
CLIMATE RECORD PERIOD 1873 TO 2014


WEATHER ITEM   OBSERVED TIME   RECORD YEAR NORMAL DEPARTURE LAST
                VALUE   (LST)  VALUE       VALUE  FROM      YEAR
                                                  NORMAL
..................................................................
TEMPERATURE (F)
 TODAY
  MAXIMUM         64    438 AM  81    1931  66     -2       53
  MINIMUM         54    529 PM  11    1950  39     15       26
  AVERAGE         59                        52      7       40

PRECIPITATION (IN)
  TODAY            0.13          2.63 1955   0.11   0.02     0.00
  MONTH TO DATE    2.54                      2.31   0.23     1.02
  SINCE SEP 1      5.41                      8.80  -3.39     2.50
  SINCE JAN 1     33.83                     39.67  -5.84    47.82

SNOWFALL (IN)
  TODAY            0.0          MM      MM   0.0             0.0
  MONTH TO DATE    0.0                       0.0             0.0
  SINCE SEP 1      0.0                       0.0             0.0
  SINCE JUL 1      0.0                       0.0             0.0

DEGREE DAYS
 HEATING
  TODAY            6                        13     -7       25
  MONTH TO DATE  372                       241    131      272
  SINCE SEP 1    463                       355    108      348
  SINCE JUL 1    463                       355    108      348

 COOLING
  TODAY            0                         0      0        0
  MONTH TO DATE    7                        15     -8       10
  SINCE SEP 1    448                       397     51      390
  SINCE JAN 1   2099                      2085     14     1865
..................................................................


WIND (MPH)
  HIGHEST WIND SPEED     9   HIGHEST WIND DIRECTION     S (180)
  HIGHEST GUST SPEED    12   HIGHEST GUST DIRECTION     S (180)
  AVERAGE WIND SPEED     3.5


SKY COVER
  AVERAGE SKY COVER 0.9


WEATHER CONDITIONS
 THE FOLLOWING WEATHER WAS RECORDED TODAY.
  LIGHT RAIN
  FOG


RELATIVE HUMIDITY (PERCENT)
 HIGHEST   100          1200 AM
 LOWEST     67           900 AM
 AVERAGE    84

..........................................................


THE AUGUSTA BUSH FIELD GA CLIMATE NORMALS FOR TOMORROW
                         NORMAL    RECORD    YEAR
 MAXIMUM TEMPERATURE (F)   66        82      1973
 MINIMUM TEMPERATURE (F)   39        17      1950


SUNRISE AND SUNSET
NOVEMBER 25 2014......SUNRISE   708 AM EST   SUNSET   521 PM EST
NOVEMBER 26 2014......SUNRISE   709 AM EST   SUNSET   521 PM EST


-  INDICATES NEGATIVE NUMBERS.
R  INDICATES RECORD WAS SET OR TIED.
MM INDICATES DATA IS MISSING.
T  INDICATES TRACE AMOUNT.




$$
