000
CDUS42 KCAE 172129
CLIAGS


CLIMATE REPORT
NATIONAL WEATHER SERVICE COLUMBIA SC
528 PM EDT TUE OCT 17 2017


...................................

...THE AUGUSTA BUSH FIELD GA CLIMATE SUMMARY FOR OCTOBER 17 2017...
VALID TODAY AS OF 0500 PM LOCAL TIME.

CLIMATE NORMAL PERIOD 1981 TO 2010
CLIMATE RECORD PERIOD 1873 TO 2017


WEATHER ITEM   OBSERVED TIME   RECORD YEAR NORMAL DEPARTURE LAST
                VALUE   (LST)  VALUE       VALUE  FROM      YEAR
                                                  NORMAL
..................................................................
TEMPERATURE (F)
 TODAY
  MAXIMUM         73    324 PM  91    1984  77     -4       85
  MINIMUM         50    658 AM  32    1954  51     -1       56
  AVERAGE         62                        64     -2       71

PRECIPITATION (IN)
  TODAY            0.00          1.62 1903   0.11  -0.11     0.00
  MONTH TO DATE    0.63                      1.98  -1.35     2.09
  SINCE SEP 1      4.91                      5.20  -0.29     6.67
  SINCE JAN 1     39.29                     36.07   3.22    33.24

SNOWFALL (IN)
  TODAY            0.0          MM      MM   0.0             0.0
  MONTH TO DATE    0.0                       0.0             0.0
  SINCE SEP 1      0.0                       0.0             0.0
  SINCE JUL 1      0.0                       0.0             0.0

DEGREE DAYS
 HEATING
  TODAY            3                         3      0        0
  MONTH TO DATE    3                        36    -33        8
  SINCE SEP 1      3                        43    -40        8
  SINCE JUL 1      3                        43    -40        8

 COOLING
  TODAY            0                         2     -2        6
  MONTH TO DATE  179                        65    114       79
  SINCE SEP 1    538                       361    177      463
  SINCE JAN 1   2666                      2049    617     2434
..................................................................


WIND (MPH)
  HIGHEST WIND SPEED    20   HIGHEST WIND DIRECTION    NE (60)
  HIGHEST GUST SPEED    24   HIGHEST GUST DIRECTION    NE (60)
  AVERAGE WIND SPEED     9.0


SKY COVER
  AVERAGE SKY COVER 0.0


WEATHER CONDITIONS
 THE FOLLOWING WEATHER WAS RECORDED TODAY.
  NO SIGNIFICANT WEATHER WAS OBSERVED.


RELATIVE HUMIDITY (PERCENT)
 HIGHEST    80           700 AM
 LOWEST     29           200 PM
 AVERAGE    55

..........................................................


THE AUGUSTA BUSH FIELD GA CLIMATE NORMALS FOR TOMORROW
                         NORMAL    RECORD    YEAR
 MAXIMUM TEMPERATURE (F)   77        89      2007
 MINIMUM TEMPERATURE (F)   50        32      2001


SUNRISE AND SUNSET
OCTOBER 17 2017.......SUNRISE   734 AM EDT   SUNSET   652 PM EDT
OCTOBER 18 2017.......SUNRISE   735 AM EDT   SUNSET   650 PM EDT


-  INDICATES NEGATIVE NUMBERS.
R  INDICATES RECORD WAS SET OR TIED.
MM INDICATES DATA IS MISSING.
T  INDICATES TRACE AMOUNT.




$$
