000
CDUS42 KCAE 252129
CLIAGS


CLIMATE REPORT
NATIONAL WEATHER SERVICE COLUMBIA SC
529 PM EDT MON JUL 25 2016


...................................

...THE AUGUSTA BUSH FIELD GA CLIMATE SUMMARY FOR JULY 25 2016...
VALID TODAY AS OF 0500 PM LOCAL TIME.

CLIMATE NORMAL PERIOD 1981 TO 2010
CLIMATE RECORD PERIOD 1873 TO 2016


WEATHER ITEM   OBSERVED TIME   RECORD YEAR NORMAL DEPARTURE LAST
                VALUE   (LST)  VALUE       VALUE  FROM      YEAR
                                                  NORMAL
..................................................................
TEMPERATURE (F)
 TODAY
  MAXIMUM         99    235 PM 101    1993  94      5       96
                                      1934
  MINIMUM         74    603 AM  61    1904  70      4       69
  AVERAGE         87                        82      5       83

PRECIPITATION (IN)
  TODAY            0.00          1.81 2014   0.14  -0.14     0.00
  MONTH TO DATE    1.05                      3.45  -2.40     1.81
  SINCE JUN 1      3.92                      8.17  -4.25     5.31
  SINCE JAN 1     22.65                     25.67  -3.02    20.94

SNOWFALL (IN)
  TODAY            0.0          MM      MM   0.0             0.0
  MONTH TO DATE    0.0                       0.0             0.0
  SINCE JUN 1      0.0                       0.0             0.0
  SINCE JUL 1      0.0                       0.0             0.0

DEGREE DAYS
 HEATING
  TODAY            0                         0      0        0
  MONTH TO DATE    0                         0      0        0
  SINCE JUN 1      0                         0      0        0
  SINCE JUL 1      0                         0      0        0

 COOLING
  TODAY           22                        17      5       18
  MONTH TO DATE  486                       417     69      469
  SINCE JUN 1    957                       825    132      948
  SINCE JAN 1   1272                      1108    164     1309
..................................................................


WIND (MPH)
  HIGHEST WIND SPEED    14   HIGHEST WIND DIRECTION     W (290)
  HIGHEST GUST SPEED    18   HIGHEST GUST DIRECTION     W (280)
  AVERAGE WIND SPEED     4.7


SKY COVER
  AVERAGE SKY COVER 0.4


WEATHER CONDITIONS
 THE FOLLOWING WEATHER WAS RECORDED TODAY.
  NO SIGNIFICANT WEATHER WAS OBSERVED.


RELATIVE HUMIDITY (PERCENT)
 HIGHEST    94          1200 AM
 LOWEST     46          1100 AM
 AVERAGE    70

..........................................................


THE AUGUSTA BUSH FIELD GA CLIMATE NORMALS FOR TOMORROW
                         NORMAL    RECORD    YEAR
 MAXIMUM TEMPERATURE (F)   93       103      2012
 MINIMUM TEMPERATURE (F)   70        62      1911
                                             1904


SUNRISE AND SUNSET
JULY 25 2016..........SUNRISE   636 AM EDT   SUNSET   832 PM EDT
JULY 26 2016..........SUNRISE   637 AM EDT   SUNSET   832 PM EDT


-  INDICATES NEGATIVE NUMBERS.
R  INDICATES RECORD WAS SET OR TIED.
MM INDICATES DATA IS MISSING.
T  INDICATES TRACE AMOUNT.




$$
