251
CDUS42 KCAE 122233
CLIAGS


CLIMATE REPORT
NATIONAL WEATHER SERVICE COLUMBIA SC
532 PM EST FRI FEB 12 2016


...................................

...THE AUGUSTA BUSH FIELD GA CLIMATE SUMMARY FOR FEBRUARY 12 2016...
VALID TODAY AS OF 0500 PM LOCAL TIME.

CLIMATE NORMAL PERIOD 1981 TO 2010
CLIMATE RECORD PERIOD 1873 TO 2016


WEATHER ITEM   OBSERVED TIME   RECORD YEAR NORMAL DEPARTURE LAST
                VALUE   (LST)  VALUE       VALUE  FROM      YEAR
                                                  NORMAL
..................................................................
TEMPERATURE (F)
 TODAY
  MAXIMUM         58    359 PM  78    1922  62     -4       63
                                      1884
                                      1880
  MINIMUM         35    530 AM   9    1973  35      0       29
  AVERAGE         47                        48     -1       46

PRECIPITATION (IN)
  TODAY            0.00          2.25 1905   0.13  -0.13     0.00
  MONTH TO DATE    2.14                      1.58   0.56     0.56
  SINCE DEC 1     10.72                      8.88   1.84     6.87
  SINCE JAN 1      3.80                      5.49  -1.69     2.66

SNOWFALL (IN)
  TODAY            0.0          MM      MM   0.1             0.0
  MONTH TO DATE    0.0                       0.2             0.0
  SINCE DEC 1      0.5                       0.7             0.0
  SINCE JUL 1      0.5                       0.7             0.0

DEGREE DAYS
 HEATING
  TODAY           18                        17      1       19
  MONTH TO DATE  202                       210     -8      229
  SINCE DEC 1   1056                      1373   -317     1336
  SINCE JUL 1   1343                      1795   -452     1900

 COOLING
  TODAY            0                         0      0        0
  MONTH TO DATE    3                         0      3        0
  SINCE DEC 1     50                         4     46        0
  SINCE JAN 1      3                         1      2        0
..................................................................


WIND (MPH)
  HIGHEST WIND SPEED    10   HIGHEST WIND DIRECTION    NW (330)
  HIGHEST GUST SPEED    14   HIGHEST GUST DIRECTION    NW (330)
  AVERAGE WIND SPEED     3.1


SKY COVER
  AVERAGE SKY COVER 0.3


WEATHER CONDITIONS
 THE FOLLOWING WEATHER WAS RECORDED TODAY.
  FOG
  HAZE


RELATIVE HUMIDITY (PERCENT)
 HIGHEST    92           300 AM
 LOWEST     47           400 PM
 AVERAGE    70

..........................................................


THE AUGUSTA BUSH FIELD GA CLIMATE NORMALS FOR TOMORROW
                         NORMAL    RECORD    YEAR
 MAXIMUM TEMPERATURE (F)   62        81      1880
 MINIMUM TEMPERATURE (F)   36         4      1899


SUNRISE AND SUNSET
FEBRUARY 12 2016......SUNRISE   715 AM EST   SUNSET   609 PM EST
FEBRUARY 13 2016......SUNRISE   714 AM EST   SUNSET   610 PM EST


-  INDICATES NEGATIVE NUMBERS.
R  INDICATES RECORD WAS SET OR TIED.
MM INDICATES DATA IS MISSING.
T  INDICATES TRACE AMOUNT.




$$
