000
CDUS42 KCAE 032135
CLIAGS


CLIMATE REPORT
NATIONAL WEATHER SERVICE COLUMBIA SC
534 PM EDT FRI JUL 3 2015


...................................

...THE AUGUSTA BUSH FIELD GA CLIMATE SUMMARY FOR JULY 3 2015...
VALID TODAY AS OF 0500 PM LOCAL TIME.

CLIMATE NORMAL PERIOD 1981 TO 2010
CLIMATE RECORD PERIOD 1873 TO 2015


WEATHER ITEM   OBSERVED TIME   RECORD YEAR NORMAL DEPARTURE LAST
                VALUE   (LST)  VALUE       VALUE  FROM      YEAR
                                                  NORMAL
..................................................................
TEMPERATURE (F)
 TODAY
  MAXIMUM         83    400 PM 103    1931  93    -10       98
  MINIMUM         71   1208 PM  59    2010  69      2       71
  AVERAGE         77                        81     -4       85

PRECIPITATION (IN)
  TODAY            0.62          2.00 1992   0.14   0.48      T
  MONTH TO DATE    1.56                      0.41   1.15      T
  SINCE JUN 1      5.06                      5.13  -0.07     2.27
  SINCE JAN 1     20.69                     22.63  -1.94    21.13

SNOWFALL (IN)
  TODAY            0.0          MM      MM   0.0             0.0
  MONTH TO DATE    0.0                       0.0             0.0
  SINCE JUN 1      0.0                       0.0             0.0
  SINCE JUL 1      0.0                       0.0             0.0

DEGREE DAYS
 HEATING
  TODAY            0                         0      0        0
  MONTH TO DATE    0                         0      0        0
  SINCE JUN 1      0                         0      0        0
  SINCE JUL 1      0                         0      0        0

 COOLING
  TODAY           12                        16     -4       20
  MONTH TO DATE   42                        48     -6       55
  SINCE JUN 1    521                       456     65      479
  SINCE JAN 1    882                       739    143      763
..................................................................


WIND (MPH)
  HIGHEST WIND SPEED    20   HIGHEST WIND DIRECTION     W (270)
  HIGHEST GUST SPEED    27   HIGHEST GUST DIRECTION     W (250)
  AVERAGE WIND SPEED     7.8


SKY COVER
  AVERAGE SKY COVER 0.6


WEATHER CONDITIONS
 THE FOLLOWING WEATHER WAS RECORDED TODAY.
  THUNDERSTORM
  HEAVY RAIN
  RAIN
  LIGHT RAIN
  FOG


RELATIVE HUMIDITY (PERCENT)
 HIGHEST    93          1200 AM
 LOWEST     65           400 PM
 AVERAGE    79

..........................................................


THE AUGUSTA BUSH FIELD GA CLIMATE NORMALS FOR TOMORROW
                         NORMAL    RECORD    YEAR
 MAXIMUM TEMPERATURE (F)   93       102      1993
                                             1902
 MINIMUM TEMPERATURE (F)   69        59      2010


SUNRISE AND SUNSET
JULY  3 2015..........SUNRISE   623 AM EDT   SUNSET   841 PM EDT
JULY  4 2015..........SUNRISE   623 AM EDT   SUNSET   841 PM EDT


-  INDICATES NEGATIVE NUMBERS.
R  INDICATES RECORD WAS SET OR TIED.
MM INDICATES DATA IS MISSING.
T  INDICATES TRACE AMOUNT.




$$
