000
CDUS42 KCAE 292123
CLIAGS


CLIMATE REPORT
NATIONAL WEATHER SERVICE COLUMBIA SC
521 PM EDT TUE JUL 29 2014


...................................

...THE AUGUSTA BUSH FIELD GA CLIMATE SUMMARY FOR JULY 29 2014...
VALID TODAY AS OF 0500 PM LOCAL TIME.

CLIMATE NORMAL PERIOD 1981 TO 2010
CLIMATE RECORD PERIOD 1873 TO 2014


WEATHER ITEM   OBSERVED TIME   RECORD YEAR NORMAL DEPARTURE LAST
                VALUE   (LST)  VALUE       VALUE  FROM      YEAR
                                                  NORMAL
..................................................................
TEMPERATURE (F)
 TODAY
  MAXIMUM         89    405 PM 104    1993  93     -4       89
  MINIMUM         63    542 AM  62    1920  70     -7       71
  AVERAGE         76                        82     -6       80

PRECIPITATION (IN)
  TODAY            0.00          4.58 1887   0.14  -0.14     0.34
  MONTH TO DATE    5.24                      4.02   1.22     8.34
  SINCE JUN 1      7.51                      8.74  -1.23    19.17
  SINCE JAN 1     26.37                     26.24   0.13    38.77

SNOWFALL (IN)
  TODAY            0.0          MM      MM   0.0             0.0
  MONTH TO DATE    0.0                       0.0             0.0
  SINCE JUN 1      0.0                       0.0             0.0
  SINCE JUL 1      0.0                       0.0             0.0

DEGREE DAYS
 HEATING
  TODAY            0                         0      0        0
  MONTH TO DATE    0                         0      0        0
  SINCE JUN 1      0                         0      0        0
  SINCE JUL 1      0                         0      0        0

 COOLING
  TODAY           11                        17     -6       15
  MONTH TO DATE  457                       485    -28      429
  SINCE JUN 1    881                       893    -12      821
  SINCE JAN 1   1165                      1176    -11     1030
..................................................................


WIND (MPH)
  HIGHEST WIND SPEED    12   HIGHEST WIND DIRECTION     S (200)
  HIGHEST GUST SPEED    15   HIGHEST GUST DIRECTION     S (200)
  AVERAGE WIND SPEED     3.6


SKY COVER
  AVERAGE SKY COVER 0.1


WEATHER CONDITIONS
 THE FOLLOWING WEATHER WAS RECORDED TODAY.
  NO SIGNIFICANT WEATHER WAS OBSERVED.


RELATIVE HUMIDITY (PERCENT)
 HIGHEST    93           500 AM
 LOWEST     36           400 PM
 AVERAGE    65

..........................................................


THE AUGUSTA BUSH FIELD GA CLIMATE NORMALS FOR TOMORROW
                         NORMAL    RECORD    YEAR
 MAXIMUM TEMPERATURE (F)   93       103      2011
 MINIMUM TEMPERATURE (F)   70        63      1983
                                             1920


SUNRISE AND SUNSET
JULY 29 2014..........SUNRISE   638 AM EDT   SUNSET   830 PM EDT
JULY 30 2014..........SUNRISE   639 AM EDT   SUNSET   829 PM EDT


-  INDICATES NEGATIVE NUMBERS.
R  INDICATES RECORD WAS SET OR TIED.
MM INDICATES DATA IS MISSING.
T  INDICATES TRACE AMOUNT.




$$
