000
CDUS42 KCAE 200616
CLIAGS


CLIMATE REPORT
NATIONAL WEATHER SERVICE COLUMBIA SC
216 AM EDT SUN APR 20 2014


...................................

...THE AUGUSTA REGIONAL BUSH FIELD GA CLIMATE SUMMARY FOR APRIL 19 2014...

CLIMATE NORMAL PERIOD 1981 TO 2010
CLIMATE RECORD PERIOD 1873 TO 2014


WEATHER ITEM   OBSERVED TIME   RECORD YEAR NORMAL DEPARTURE LAST
                VALUE   (LST)  VALUE       VALUE  FROM      YEAR
                                                  NORMAL
..................................................................
TEMPERATURE (F)
 YESTERDAY
  MAXIMUM         59    408 PM  92    2002  78    -19       85
                                      1976
  MINIMUM         52   1159 PM  33    2001  49      3       51
                                      1983
  AVERAGE         56                        63     -7       68

PRECIPITATION (IN)
  YESTERDAY        0.51          1.37 1901   0.10   0.41     0.41
  MONTH TO DATE    4.22                      1.91   2.31     1.63
  SINCE MAR 1      6.78                      6.09   0.69     4.74
  SINCE JAN 1     12.99                     13.92  -0.93    14.74

SNOWFALL (IN)
  YESTERDAY        0.0          MM      MM   0.0             0.0
  MONTH TO DATE    0.0                       0.0             0.0
  SINCE MAR 1      0.0                       0.0             0.0
  SINCE JUL 1      3.3                       0.9             0.0

DEGREE DAYS
 HEATING
  YESTERDAY        9                         4      5        0
  MONTH TO DATE   92                        95     -3       76
  SINCE MAR 1    492                       391    101      511
  SINCE JUL 1   2654                      2423    231     2315

 COOLING
  YESTERDAY        0                         2     -2        3
  MONTH TO DATE   18                        26     -8       37
  SINCE MAR 1     18                        41    -23       43
  SINCE JAN 1     20                        44    -24       58
..................................................................


WIND (MPH)
  HIGHEST WIND SPEED    22   HIGHEST WIND DIRECTION    NE (30)
  HIGHEST GUST SPEED    32   HIGHEST GUST DIRECTION    NE (40)
  AVERAGE WIND SPEED    12.7


SKY COVER
  AVERAGE SKY COVER 1.0


WEATHER CONDITIONS
 THE FOLLOWING WEATHER WAS RECORDED YESTERDAY.
  THUNDERSTORM
  RAIN
  LIGHT RAIN
  FOG


RELATIVE HUMIDITY (PERCENT)
 HIGHEST    93           900 AM
 LOWEST     75           300 PM
 AVERAGE    84

..........................................................


THE AUGUSTA REGIONAL BUSH FIELD GA CLIMATE NORMALS FOR TODAY
                         NORMAL    RECORD    YEAR
 MAXIMUM TEMPERATURE (F)   78        94      1925
 MINIMUM TEMPERATURE (F)   49        27      1983


SUNRISE AND SUNSET
APRIL 20 2014.........SUNRISE   652 AM EDT   SUNSET   802 PM EDT
APRIL 21 2014.........SUNRISE   651 AM EDT   SUNSET   803 PM EDT


-  INDICATES NEGATIVE NUMBERS.
R  INDICATES RECORD WAS SET OR TIED.
MM INDICATES DATA IS MISSING.
T  INDICATES TRACE AMOUNT.




$$
