000
CDUS42 KCAE 292124
CLIAGS


CLIMATE REPORT
NATIONAL WEATHER SERVICE COLUMBIA SC
522 PM EDT SAT APR 29 2017


...................................

...THE AUGUSTA BUSH FIELD GA CLIMATE SUMMARY FOR APRIL 29 2017...
VALID TODAY AS OF 0500 PM LOCAL TIME.

CLIMATE NORMAL PERIOD 1981 TO 2010
CLIMATE RECORD PERIOD 1873 TO 2017


WEATHER ITEM   OBSERVED TIME   RECORD YEAR NORMAL DEPARTURE LAST
                VALUE   (LST)  VALUE       VALUE  FROM      YEAR
                                                  NORMAL
..................................................................
TEMPERATURE (F)
 TODAY
  MAXIMUM         91R   353 PM  91    2016  81     10       91
                                      2012
                                      1970
  MINIMUM         70    536 AM  38    1973  52     18       58
                                      1967
  AVERAGE         81                        66     15       75

PRECIPITATION (IN)
  TODAY            0.00          2.96 1937   0.08  -0.08     0.00
  MONTH TO DATE    2.58                      2.76  -0.18     4.42
  SINCE MAR 1      4.35                      6.94  -2.59     7.60
  SINCE JAN 1     16.59                     14.77   1.82    13.02

SNOWFALL (IN)
  TODAY            0.0          MM      MM   0.0             0.0
  MONTH TO DATE    0.0                       0.0             0.0
  SINCE MAR 1      0.0                       0.0             0.0
  SINCE JUL 1      T                         0.9             0.5

DEGREE DAYS
 HEATING
  TODAY            0                         2     -2        0
  MONTH TO DATE   31                       121    -90       93
  SINCE MAR 1    269                       417   -148      266
  SINCE JUL 1   1404                      2449  -1045     1843

 COOLING
  TODAY           16                         3     13       10
  MONTH TO DATE  153                        51    102       54
  SINCE MAR 1    206                        66    140      105
  SINCE JAN 1    236                        69    167      108
..................................................................


WIND (MPH)
  HIGHEST WIND SPEED    14   HIGHEST WIND DIRECTION     S (160)
  HIGHEST GUST SPEED    17   HIGHEST GUST DIRECTION     S (180)
  AVERAGE WIND SPEED     6.6


SKY COVER
  AVERAGE SKY COVER 0.5


WEATHER CONDITIONS
 THE FOLLOWING WEATHER WAS RECORDED TODAY.
  FOG
  HAZE


RELATIVE HUMIDITY (PERCENT)
 HIGHEST    93           400 AM
 LOWEST     49           400 PM
 AVERAGE    71

..........................................................


THE AUGUSTA BUSH FIELD GA CLIMATE NORMALS FOR TOMORROW
                         NORMAL    RECORD    YEAR
 MAXIMUM TEMPERATURE (F)   81        93      1987
 MINIMUM TEMPERATURE (F)   52        37      2008


SUNRISE AND SUNSET
APRIL 29 2017.........SUNRISE   642 AM EDT   SUNSET   809 PM EDT
APRIL 30 2017.........SUNRISE   641 AM EDT   SUNSET   810 PM EDT


-  INDICATES NEGATIVE NUMBERS.
R  INDICATES RECORD WAS SET OR TIED.
MM INDICATES DATA IS MISSING.
T  INDICATES TRACE AMOUNT.




$$
