128
CDUS42 KFFC 120927
CLIAHN


CLIMATE REPORT
NATIONAL WEATHER SERVICE PEACHTREE CITY GA
426 AM EST FRI FEB 12 2016


...................................

...THE ATHENS CLIMATE SUMMARY FOR FEBRUARY 11 2016...

CLIMATE NORMAL PERIOD 1981 TO 2010
CLIMATE RECORD PERIOD 1898 TO 2016


WEATHER ITEM   OBSERVED TIME   RECORD YEAR NORMAL DEPARTURE LAST
                VALUE   (LST)  VALUE       VALUE  FROM      YEAR
                                                  NORMAL
..................................................................
TEMPERATURE (F)
 YESTERDAY
  MAXIMUM         56    415 PM  81    1932  57     -1       62
  MINIMUM         26    737 AM   7    1885  36    -10       32
  AVERAGE         41                        46     -5       47

PRECIPITATION (IN)
  YESTERDAY        0.00          1.60 1903   0.15  -0.15     0.00
  MONTH TO DATE    1.87                      1.71   0.16     1.19
  SINCE DEC 1     17.92                      9.49   8.43     8.86
  SINCE JAN 1      5.55                      5.76  -0.21     4.17

SNOWFALL (IN)
  YESTERDAY        0.0           0.0  2002   0.0    0.0      0.0
  MONTH TO DATE    T                         0.2   -0.2      0.0
  SINCE DEC 1      0.1                       1.7   -1.6      0.0
  SINCE JUL 1      0.1                       1.7   -1.6      0.0
  SNOW DEPTH       0

DEGREE DAYS
 HEATING
  YESTERDAY       24                        19      5       18
  MONTH TO DATE  208                       215     -7      216
  SINCE DEC 1   1193                      1492   -299     1426
  SINCE JUL 1   1553                      1972   -419     2039
..................................................................


WIND (MPH)
  RESULTANT WIND SPEED   2   RESULTANT WIND DIRECTION   W (270)
  HIGHEST WIND SPEED    10   HIGHEST WIND DIRECTION    NW (320)
  HIGHEST GUST SPEED    14   HIGHEST GUST DIRECTION    NW (330)
  AVERAGE WIND SPEED     3.3


SKY COVER
  POSSIBLE SUNSHINE  MM
  AVERAGE SKY COVER 0.2


WEATHER CONDITIONS
 THE FOLLOWING WEATHER WAS RECORDED YESTERDAY.
  NO SIGNIFICANT WEATHER WAS OBSERVED.


RELATIVE HUMIDITY (PERCENT)
 HIGHEST    68           800 AM
 LOWEST     26           400 PM
 AVERAGE    47

..........................................................


THE ATHENS CLIMATE NORMALS FOR TODAY
                         NORMAL    RECORD    YEAR
 MAXIMUM TEMPERATURE (F)   58        77      1984
                                             1922
 MINIMUM TEMPERATURE (F)   36        12      1981


SUNRISE AND SUNSET
FEBRUARY 12 2016......SUNRISE   721 AM EST   SUNSET   614 PM EST
FEBRUARY 13 2016......SUNRISE   720 AM EST   SUNSET   615 PM EST


-  INDICATES NEGATIVE NUMBERS.
R  INDICATES RECORD WAS SET OR TIED.
MM INDICATES DATA IS MISSING.
T  INDICATES TRACE AMOUNT.




$$
