000
CDUS42 KFFC 020820
CLIAHN


CLIMATE REPORT
NATIONAL WEATHER SERVICE PEACHTREE CITY GA
420 AM EDT TUE JUN 2 2015


...................................

...THE ATHENS CLIMATE SUMMARY FOR JUNE 1 2015...

CLIMATE NORMAL PERIOD 1981 TO 2010
CLIMATE RECORD PERIOD 1898 TO 2015


WEATHER ITEM   OBSERVED TIME   RECORD YEAR NORMAL DEPARTURE LAST
                VALUE   (LST)  VALUE       VALUE  FROM      YEAR
                                                  NORMAL
..................................................................
TEMPERATURE (F)
 YESTERDAY
  MAXIMUM         87    305 PM 100    1918  86      1       82
  MINIMUM         66    348 AM  45    1972  63      3       63
  AVERAGE         77                        74      3       73

PRECIPITATION (IN)
  YESTERDAY        0.16          2.16 1991   0.12   0.04     0.00
  MONTH TO DATE    0.16                      0.12   0.04     0.00
  SINCE JUN 1      0.16                      0.12   0.04     0.00
  SINCE JAN 1     20.56                     19.23   1.33    19.64

DEGREE DAYS
 COOLING
  YESTERDAY       12                        10      2        8
  MONTH TO DATE   12                        10      2        8
  SINCE JUN 1     12                        10      2        8
  SINCE JAN 1    337                       250     87      278
..................................................................


WIND (MPH)
  RESULTANT WIND SPEED   0   RESULTANT WIND DIRECTION   S (170)
  HIGHEST WIND SPEED    13   HIGHEST WIND DIRECTION    NW (310)
  HIGHEST GUST SPEED    16   HIGHEST GUST DIRECTION    NW (300)
  AVERAGE WIND SPEED     1.3


SKY COVER
  POSSIBLE SUNSHINE  MM
  AVERAGE SKY COVER 0.6


WEATHER CONDITIONS
 THE FOLLOWING WEATHER WAS RECORDED YESTERDAY.
  RAIN
  LIGHT RAIN
  FOG


RELATIVE HUMIDITY (PERCENT)
 HIGHEST   100          1200 AM
 LOWEST     48           300 PM
 AVERAGE    74

..........................................................


THE ATHENS CLIMATE NORMALS FOR TODAY
                         NORMAL    RECORD    YEAR
 MAXIMUM TEMPERATURE (F)   86        99      1985
                                             1918
 MINIMUM TEMPERATURE (F)   63        49      1972


SUNRISE AND SUNSET
JUNE  2 2015..........SUNRISE   623 AM EDT   SUNSET   840 PM EDT
JUNE  3 2015..........SUNRISE   623 AM EDT   SUNSET   840 PM EDT


-  INDICATES NEGATIVE NUMBERS.
R  INDICATES RECORD WAS SET OR TIED.
MM INDICATES DATA IS MISSING.
T  INDICATES TRACE AMOUNT.




$$
