000
CDUS42 KFFC 260923
CLIAHN


CLIMATE REPORT
NATIONAL WEATHER SERVICE PEACHTREE CITY GA
423 AM EST FRI DEC 26 2014


...................................

...THE ATHENS CLIMATE SUMMARY FOR DECEMBER 25 2014...

CLIMATE NORMAL PERIOD 1981 TO 2010
CLIMATE RECORD PERIOD 1898 TO 2014


WEATHER ITEM   OBSERVED TIME   RECORD YEAR NORMAL DEPARTURE LAST
                VALUE   (LST)  VALUE       VALUE  FROM      YEAR
                                                  NORMAL
..................................................................
TEMPERATURE (F)
 YESTERDAY
  MAXIMUM         55    355 PM  77    1982  54      1       45
                                      1955
  MINIMUM         34   1159 PM   3    1983  34      0       25
  AVERAGE         45                        44      1       35

PRECIPITATION (IN)
  YESTERDAY        0.00          2.27 1945   0.12  -0.12     0.00
  MONTH TO DATE    3.53                      3.02   0.51     5.80
  SINCE DEC 1      3.53                      3.02   0.51     5.80
  SINCE JAN 1     44.29                     45.62  -1.33    58.07

SNOWFALL (IN)
  YESTERDAY        0.0           2.0  2010   0.1   -0.1      0.0
  MONTH TO DATE    0.0                       0.1   -0.1      0.0
  SINCE DEC 1      0.0                       0.1   -0.1      0.0
  SINCE JUL 1      0.0                       0.1   -0.1      0.0
  SNOW DEPTH       0

DEGREE DAYS
 HEATING
  YESTERDAY       20                        21     -1       30
  MONTH TO DATE  409                       480    -71      411
  SINCE DEC 1    409                       480    -71      411
  SINCE JUL 1   1022                       960     62      973
..................................................................


WIND (MPH)
  RESULTANT WIND SPEED   6   RESULTANT WIND DIRECTION   W (290)
  HIGHEST WIND SPEED    18   HIGHEST WIND DIRECTION     W (290)
  HIGHEST GUST SPEED    26   HIGHEST GUST DIRECTION     W (290)
  AVERAGE WIND SPEED     6.7


SKY COVER
  POSSIBLE SUNSHINE  MM
  AVERAGE SKY COVER 0.1


WEATHER CONDITIONS
 THE FOLLOWING WEATHER WAS RECORDED YESTERDAY.
  NO SIGNIFICANT WEATHER WAS OBSERVED.


RELATIVE HUMIDITY (PERCENT)
 HIGHEST    85           900 PM
 LOWEST     43           300 PM
 AVERAGE    64

..........................................................


THE ATHENS CLIMATE NORMALS FOR TODAY
                         NORMAL    RECORD    YEAR
 MAXIMUM TEMPERATURE (F)   54        74      1964
                                             1928
 MINIMUM TEMPERATURE (F)   34         9      1983


SUNRISE AND SUNSET
DECEMBER 26 2014......SUNRISE   737 AM EST   SUNSET   531 PM EST
DECEMBER 27 2014......SUNRISE   737 AM EST   SUNSET   532 PM EST


-  INDICATES NEGATIVE NUMBERS.
R  INDICATES RECORD WAS SET OR TIED.
MM INDICATES DATA IS MISSING.
T  INDICATES TRACE AMOUNT.




$$
