000
CDUS42 KFFC 070820
CLIAHN


CLIMATE REPORT
NATIONAL WEATHER SERVICE PEACHTREE CITY GA
419 AM EDT TUE JUL 7 2015


...................................

...THE ATHENS CLIMATE SUMMARY FOR JULY 6 2015...

CLIMATE NORMAL PERIOD 1981 TO 2010
CLIMATE RECORD PERIOD 1898 TO 2015


WEATHER ITEM   OBSERVED TIME   RECORD YEAR NORMAL DEPARTURE LAST
                VALUE   (LST)  VALUE       VALUE  FROM      YEAR
                                                  NORMAL
..................................................................
TEMPERATURE (F)
 YESTERDAY
  MAXIMUM         87    339 PM 102    1930  91     -4       88
  MINIMUM         68    553 AM  57    1933  70     -2       64
  AVERAGE         78                        80     -2       76

PRECIPITATION (IN)
  YESTERDAY        0.00          1.54 1941   0.14  -0.14     0.00
  MONTH TO DATE    3.38                      0.86   2.52     0.00
  SINCE JUN 1      6.14                      5.04   1.10     3.74
  SINCE JAN 1     26.54                     24.15   2.39    23.38

DEGREE DAYS
 COOLING
  YESTERDAY       13                        15     -2       11
  MONTH TO DATE   72                        90    -18       89
  SINCE JUN 1    542                       468     74      507
  SINCE JAN 1    867                       708    159      777
..................................................................


WIND (MPH)
  RESULTANT WIND SPEED   1   RESULTANT WIND DIRECTION   S (200)
  HIGHEST WIND SPEED     8   HIGHEST WIND DIRECTION    SW (220)
  HIGHEST GUST SPEED    13   HIGHEST GUST DIRECTION    SW (240)
  AVERAGE WIND SPEED     1.8


SKY COVER
  POSSIBLE SUNSHINE  MM
  AVERAGE SKY COVER 0.2


WEATHER CONDITIONS
 THE FOLLOWING WEATHER WAS RECORDED YESTERDAY.
  FOG


RELATIVE HUMIDITY (PERCENT)
 HIGHEST    93           600 AM
 LOWEST     57           100 PM
 AVERAGE    75

..........................................................


THE ATHENS CLIMATE NORMALS FOR TODAY
                         NORMAL    RECORD    YEAR
 MAXIMUM TEMPERATURE (F)   91       104      1930
 MINIMUM TEMPERATURE (F)   70        59      1972


SUNRISE AND SUNSET
JULY  7 2015..........SUNRISE   629 AM EDT   SUNSET   848 PM EDT
JULY  8 2015..........SUNRISE   629 AM EDT   SUNSET   847 PM EDT


-  INDICATES NEGATIVE NUMBERS.
R  INDICATES RECORD WAS SET OR TIED.
MM INDICATES DATA IS MISSING.
T  INDICATES TRACE AMOUNT.




$$
