000
CDUS42 KFFC 300818
CLIAHN


CLIMATE REPORT
NATIONAL WEATHER SERVICE PEACHTREE CITY GA
417 AM EDT THU JUL 30 2015


...................................

...THE ATHENS CLIMATE SUMMARY FOR JULY 29 2015...

CLIMATE NORMAL PERIOD 1981 TO 2010
CLIMATE RECORD PERIOD 1898 TO 2015


WEATHER ITEM   OBSERVED TIME   RECORD YEAR NORMAL DEPARTURE LAST
                VALUE   (LST)  VALUE       VALUE  FROM      YEAR
                                                  NORMAL
..................................................................
TEMPERATURE (F)
 YESTERDAY
  MAXIMUM         97    407 PM 103    1952  91      6       87
  MINIMUM         75    622 AM  60    1911  70      5       65
  AVERAGE         86                        81      5       76

PRECIPITATION (IN)
  YESTERDAY        T             7.20 1887   0.14  -0.14     0.00
  MONTH TO DATE    5.08                      4.19   0.89     4.20
  SINCE JUN 1      7.84                      8.37  -0.53     7.94
  SINCE JAN 1     28.24                     27.48   0.76    27.58

DEGREE DAYS
 COOLING
  YESTERDAY       21                        16      5       11
  MONTH TO DATE  494                       457     37      432
  SINCE JUN 1    964                       835    129      850
  SINCE JAN 1   1289                      1075    214     1120
..................................................................


WIND (MPH)
  RESULTANT WIND SPEED   2   RESULTANT WIND DIRECTION   E (90)
  HIGHEST WIND SPEED    12   HIGHEST WIND DIRECTION     E (90)
  HIGHEST GUST SPEED    19   HIGHEST GUST DIRECTION    SE (130)
  AVERAGE WIND SPEED     2.7


SKY COVER
  POSSIBLE SUNSHINE  MM
  AVERAGE SKY COVER 0.2


WEATHER CONDITIONS
 THE FOLLOWING WEATHER WAS RECORDED YESTERDAY.
  LIGHT RAIN
  FOG
  HAZE


RELATIVE HUMIDITY (PERCENT)
 HIGHEST    94           500 AM
 LOWEST     42           300 PM
 AVERAGE    68

..........................................................


THE ATHENS CLIMATE NORMALS FOR TODAY
                         NORMAL    RECORD    YEAR
 MAXIMUM TEMPERATURE (F)   91       102      1999
                                             1915
 MINIMUM TEMPERATURE (F)   70        60      2014
                                             1925


SUNRISE AND SUNSET
JULY 30 2015..........SUNRISE   643 AM EDT   SUNSET   836 PM EDT
JULY 31 2015..........SUNRISE   644 AM EDT   SUNSET   835 PM EDT


-  INDICATES NEGATIVE NUMBERS.
R  INDICATES RECORD WAS SET OR TIED.
MM INDICATES DATA IS MISSING.
T  INDICATES TRACE AMOUNT.




$$
