390
CDUS45 KCYS 040731
CLIAIA


CLIMATE REPORT
NATIONAL WEATHER SERVICE CHEYENNE WY
1230 AM MST SUN DEC 4 2016


...................................

...THE ALLIANCE NE AIRPORT CLIMATE SUMMARY FOR DECEMBER 3 2016...

CLIMATE NORMAL PERIOD 1981 TO 2010
CLIMATE RECORD PERIOD 1896 TO 2016


WEATHER ITEM   OBSERVED TIME   RECORD YEAR NORMAL DEPARTURE LAST
                VALUE   (LST)  VALUE       VALUE  FROM      YEAR
                                                  NORMAL
..................................................................
TEMPERATURE (F)
 YESTERDAY
  MAXIMUM         44    139 PM  68    1951  41      3       51
  MINIMUM         14    120 AM -10    1978  10      4       13
  AVERAGE         29                        26      3       32

PRECIPITATION (IN)
  YESTERDAY        0.00          0.50 1913   0.01  -0.01     0.00
  MONTH TO DATE    0.00                      0.05  -0.05     0.01
  SINCE JAN 1     15.83                     15.39   0.44    21.94

DEGREE DAYS
 HEATING
  YESTERDAY       36                        39     -3       33
  MONTH TO DATE  118                       117      1       99
  SINCE DEC 1    118                       117      1       99
  SINCE JUL 1   1448                      1916   -468     1586

 COOLING
  YESTERDAY        0                         0      0        0
  MONTH TO DATE    0                         0      0        0
  SINCE DEC 1      0                         0      0        0
  SINCE JAN 1    588                       564     24      566
..................................................................


WIND (MPH)
  HIGHEST WIND SPEED    26   HIGHEST WIND DIRECTION     W (260)
  HIGHEST GUST SPEED    31   HIGHEST GUST DIRECTION     W (260)
  AVERAGE WIND SPEED    12.4


SKY COVER
  AVERAGE SKY COVER 0.5


WEATHER CONDITIONS
 THE FOLLOWING WEATHER WAS RECORDED YESTERDAY.
  NO SIGNIFICANT WEATHER WAS OBSERVED.


RELATIVE HUMIDITY (PERCENT)
 HIGHEST    88          1200 AM
 LOWEST     27          1200 PM
 AVERAGE    58

..........................................................


THE ALLIANCE NE AIRPORT CLIMATE NORMALS FOR TODAY
                         NORMAL    RECORD    YEAR
 MAXIMUM TEMPERATURE (F)   41        69      1980
 MINIMUM TEMPERATURE (F)   10       -16      2013


SUNRISE AND SUNSET
DECEMBER  4 2016......SUNRISE   703 AM MST   SUNSET   420 PM MST
DECEMBER  5 2016......SUNRISE   704 AM MST   SUNSET   420 PM MST


-  INDICATES NEGATIVE NUMBERS.
R  INDICATES RECORD WAS SET OR TIED.
MM INDICATES DATA IS MISSING.
T  INDICATES TRACE AMOUNT.




$$
