000
CDUS45 KCYS 302235
CLIAIA


CLIMATE REPORT
NATIONAL WEATHER SERVICE CHEYENNE WY
335 PM MST FRI JAN 30 2015


...................................

...THE ALLIANCE NE AIRPORT CLIMATE SUMMARY FOR JANUARY 30 2015...
VALID AS OF 0300 PM LOCAL TIME.

CLIMATE NORMAL PERIOD 1981 TO 2010
CLIMATE RECORD PERIOD 1896 TO 2015


WEATHER ITEM   OBSERVED TIME   RECORD YEAR NORMAL DEPARTURE LAST
                VALUE   (LST)  VALUE       VALUE  FROM      YEAR
                                                  NORMAL
..................................................................
TEMPERATURE (F)
 TODAY
  MAXIMUM         49    137 PM  65    1911  39     10       41
  MINIMUM         24    510 AM -29    1918  11     13       15
  AVERAGE         37                        25     12       28

PRECIPITATION (IN)
  TODAY            0.00          0.60 1915   0.01  -0.01     0.06
  MONTH TO DATE    0.02                      0.17  -0.15     0.27
  SINCE JAN 1      0.02                      0.17  -0.15     0.27

DEGREE DAYS
 HEATING
  TODAY           28                        40    -12       37
  MONTH TO DATE 1212                      1222    -10     1080
  SINCE DEC 1   2471                      2505    -34     2439
  SINCE JUL 1   4179                      4304   -125     4169

 COOLING
  TODAY            0                         0      0        0
  MONTH TO DATE    0                         0      0        0
  SINCE DEC 1      0                         0      0        0
  SINCE JAN 1      0                         0      0        0
..................................................................


WIND (MPH)
  HIGHEST WIND SPEED     9   HIGHEST WIND DIRECTION     S (180)
  HIGHEST GUST SPEED    11   HIGHEST GUST DIRECTION     S (190)
  AVERAGE WIND SPEED     4.5


SKY COVER
  AVERAGE SKY COVER 0.0


WEATHER CONDITIONS
 THE FOLLOWING WEATHER WAS RECORDED TODAY.
  NO SIGNIFICANT WEATHER WAS OBSERVED.


RELATIVE HUMIDITY (PERCENT)
 HIGHEST    88           500 AM
 LOWEST     39           200 PM
 AVERAGE    64

..........................................................


THE ALLIANCE NE AIRPORT CLIMATE NORMALS FOR TOMORROW
                         NORMAL    RECORD    YEAR
 MAXIMUM TEMPERATURE (F)   39        66      1989
 MINIMUM TEMPERATURE (F)   11       -21      1917


SUNRISE AND SUNSET
JANUARY 30 2015.......SUNRISE   706 AM MST   SUNSET   503 PM MST
JANUARY 31 2015.......SUNRISE   705 AM MST   SUNSET   504 PM MST


-  INDICATES NEGATIVE NUMBERS.
R  INDICATES RECORD WAS SET OR TIED.
MM INDICATES DATA IS MISSING.
T  INDICATES TRACE AMOUNT.




$$
