852
CDAK48 PAFC 222235
CLIAKN


CLIMATE REPORT
NATIONAL WEATHER SERVICE ANCHORAGE, AK
135 PM AKST SUN JAN 22 2017


...................................

...THE KING SALMON CLIMATE SUMMARY FOR JANUARY 22 2017...
VALID TODAY AS OF 0100 PM LOCAL TIME.

CLIMATE NORMAL PERIOD 1981 TO 2010
CLIMATE RECORD PERIOD 1917 TO 2017


WEATHER ITEM   OBSERVED TIME   RECORD YEAR NORMAL DEPARTURE LAST
                VALUE   (LST)  VALUE       VALUE  FROM      YEAR
                                                  NORMAL
..................................................................
TEMPERATURE (F)
 TODAY
  MAXIMUM        -12    100 PM  44    2014  23    -35       18
  MINIMUM        -27        MM -33    2006   9    -36       11
                                      1973
  AVERAGE        -19                        16    -35       15

PRECIPITATION (IN)
  TODAY            0.00          0.72 1968   0.03  -0.03      T
  MONTH TO DATE    0.11                      0.71  -0.60     0.18
  SINCE DEC 1      1.20                      1.94  -0.74     1.68
  SINCE JAN 1      0.11                      0.71  -0.60     0.18

SNOWFALL (IN)
  TODAY            0.0          MM      MM   0.3   -0.3     MM
  MONTH TO DATE    2.8                       7.2   -4.4      0.0
  SINCE DEC 1      8.3                      16.7   -8.4      0.0
  SINCE JUL 1     12.9                      26.5  -13.6     13.1
  SNOW DEPTH       0

DEGREE DAYS
 HEATING
  TODAY           84                        49     35       50
  MONTH TO DATE 1269                      1074    195      744
  SINCE DEC 1   2691                      2512    179     1994
  SINCE JUL 1   5417                      5889   -472     4591

 COOLING
  TODAY            0                         0      0        0
  MONTH TO DATE    0                         0      0        0
  SINCE DEC 1      0                         0      0        0
  SINCE JAN 1      0                         0      0        0
..................................................................


WIND (MPH)
  RESULTANT WIND SPEED   2   RESULTANT WIND DIRECTION   N (350)
  HIGHEST WIND SPEED     8   HIGHEST WIND DIRECTION     N (10)
  HIGHEST GUST SPEED    MM   HIGHEST GUST DIRECTION    MM
  AVERAGE WIND SPEED     2.1



WEATHER CONDITIONS
 THE FOLLOWING WEATHER WAS RECORDED TODAY.
  NO SIGNIFICANT WEATHER WAS OBSERVED.


RELATIVE HUMIDITY (PERCENT)
 HIGHEST    86
 LOWEST     63
 AVERAGE    75

..........................................................


THE KING SALMON CLIMATE NORMALS FOR TOMORROW
                         NORMAL    RECORD    YEAR
 MAXIMUM TEMPERATURE (F)   23        50      2014
 MINIMUM TEMPERATURE (F)    9       -37      2006


SUNRISE AND SUNSET
JANUARY 22 2017.......SUNRISE   952 AM AKST  SUNSET   525 PM AKST
JANUARY 23 2017.......SUNRISE   951 AM AKST  SUNSET   527 PM AKST


-  INDICATES NEGATIVE NUMBERS.
R  INDICATES RECORD WAS SET OR TIED.
MM INDICATES DATA IS MISSING.
T  INDICATES TRACE AMOUNT.




$$
