000
CDAK48 PAKN 270006
CLIAKN

CLIMATE REPORT
NATIONAL WEATHER SERVICE KING SALMON, AK
406 PM AKDT FRI AUG 26 2016

...................................
...THE KING SALMON AP CLIMATE SUMMARY FOR AUGUST 26 2016...
VALID TODAY AS OF 2:00 PM LOCAL TIME

CLIMATE NORMAL PERIOD  1981 TO  2010
CLIMATE RECORD PERIOD  1917 TO  2016

WEATHER ITEM   OBSERVED TIME    RECORD YEAR NORMAL DEPARTURE LAST
               VALUE    (LST)   VALUE       VALUE  FROM      YEAR
                                                   NORMAL
...................................................................
TEMPERATURE
TODAY
 MAXIMUM            70  0304 PM    80  1981     62       8     58
 MINIMUM            47  0651 AM    30  2009     46       1     52
 AVERAGE            59                          54       5     55

PRECIPITATION
(INCHES)
 TODAY            0.00           1.27  1955   0.10   -0.10   0.05
 MONTH TO DATE    4.84                        2.44    2.40   1.42
 SINCE JUN 1     10.64                        6.39    4.25   5.37
 SINCE JAN 1     18.05                       11.09    6.96  12.61

SNOWFALL
(INCHES)
 TODAY             0.0            0.0  2016    0.0     0.0    0.0
 MONTH TO DATE     0.0                         0.0     0.0    0.0
 SINCE JUN 1       0.0                         0.0     0.0    0.0
 SINCE JUL 1       0.0                         0.0     0.0    0.0
 SNOW DEPTH (IN)     0                                          0

DEGREE DAYS
 HEATING
  TODAY              6                          11      -5     10
  MONTH TO DATE    140                         262    -122    212
  SINCE JUN 1      587                         959    -372    691
  SINCE JUL 1      316                         552    -236    442

 COOLING
  TODAY              0                           0       0      0
  MONTH TO DATE      0                           0       0      0
  SINCE JUN 1        0                           0       0      2
  SINCE JAN 1        0                           0       0      2
...................................................................

WIND (MPH)
 HIGHEST WIND SPEED     9     HIGHEST WIND DIRECTION    320
 HIGHEST GUST SPEED    14     HIGHEST GUST DIRECTION    290
 AVERAGE WIND SPEED    MM

SKY COVER
  POSSIBLE SUNSHINE  MM            AVERAGE SKY COVER MM

WEATHER CONDITIONS
 THE FOLLOWING WEATHER WAS RECORDED TODAY.
FOG


RELATIVE HUMIDITY
 HIGHEST RH     MM PERCENT       MM
 LOWEST  RH     MM PERCENT       MM
 AVERAGE RH     MM PERCENT       MM
...................................................................

THE KING SALMON CLIMATE NORMALS FOR TOMORROW
                        NORMAL    RECORD   YEAR
 MAXIMUM TEMPERATURE      61        76     1987
 MINIMUM TEMPERATURE      46        33     1984

SUNRISE AND SUNSET
 AUG 26 2016..........SUNRISE  7:14 AM      SUNSET  9:42 PM
 AUG 27 2016..........SUNRISE  7:16 AM      SUNSET  9:39 PM

-  INDICATES NEGATIVE NUMBERS.
R  INDICATES RECORD HAS BEEN SET OR TIED.
MM INDICATES DATA IS MISSING.
T  INDICATES TRACE OF PRECIPITATION.

&&
-------------------------------------------------------------------

AMOUNT OF DAYLIGHT TODAY  (HOUR:MIN)........14 HOURS 28 MINUTES
GAIN/LOSS SINCE YESTERDAY (HOUR:MIN:SEC)....-0:05:01

$$
DJH AUG 16
