000
CDAK48 PAKN 091010
CLIAKN

CLIMATE REPORT
NATIONAL WEATHER SERVICE KING SALMON, AK
110 AM AKST TUE FEB 9 2016

...................................
...THE KING SALMON AP CLIMATE SUMMARY FOR FEBRUARY 8 2016...

CLIMATE NORMAL PERIOD  1981 TO  2010
CLIMATE RECORD PERIOD  1917 TO  2016

WEATHER ITEM   OBSERVED TIME    RECORD YEAR NORMAL DEPARTURE LAST
               VALUE    (LST)   VALUE       VALUE  FROM      YEAR
                                                   NORMAL
...................................................................
TEMPERATURE
YESTERDAY
 MAXIMUM            43  1247 PM    48  2015     26      17      7
 MINIMUM            33  0403 AM   -30  1984     10      23     -6
 AVERAGE            38                          18      20      1

PRECIPITATION
(INCHES)
 YESTERDAY        0.00           0.22  1971   0.03   -0.03   0.00
 MONTH TO DATE    0.24                        0.23    0.01   0.00
 SINCE DEC 1      3.07                        2.48    0.59   2.48
 SINCE JAN 1      0.72                        1.25   -0.53   0.52

SNOWFALL
(INCHES)
 YESTERDAY         0.0            3.0  1990    0.3    -0.3    0.0
 MONTH TO DATE     1.3                         1.9    -0.6    0.0
 SINCE DEC 1      18.1                        21.6    -3.5    8.2
 SINCE JUL 1      31.2                        31.4    -0.2   11.7
 SNOW DEPTH (IN)     0                                          T

DEGREE DAYS
 HEATING
  YESTERDAY         27                          47     -20     64
  MONTH TO DATE    248                         382    -134    442
  SINCE DEC 1     2537                        3333    -796   2825
  SINCE JUL 1     5315                        6708   -1393   5577

 COOLING
  YESTERDAY          0                           0       0      0
  MONTH TO DATE      0                           0       0      0
  SINCE DEC 1        0                           0       0      0
  SINCE JAN 1        0                           0       0      0
...................................................................

WIND (MPH)
 HIGHEST WIND SPEED    25     HIGHEST WIND DIRECTION     90
 HIGHEST GUST SPEED    37     HIGHEST GUST DIRECTION     80
 AVERAGE WIND SPEED  12.7

SKY COVER
  POSSIBLE SUNSHINE    MM          AVERAGE SKY COVER     MM

WEATHER CONDITIONS
 THE FOLLOWING WEATHER WAS RECORDED YESTERDAY.
 NO SIGNIFICANT WEATHER WAS OBSERVED.

RELATIVE HUMIDITY
 HIGHEST RH     MM PERCENT       MM
 LOWEST  RH     MM PERCENT       MM
 AVERAGE RH     MM PERCENT       MM
...................................................................

THE KING SALMON CLIMATE NORMALS FOR TODAY
                           NORMAL    RECORD   YEAR
 MAXIMUM TEMPERATURE (F)     26        44     2004
 MINIMUM TEMPERATURE (F)     10       -37     1990

SUNRISE AND SUNSET
 FEB 9 2016..........SUNRISE  9:16 AM      SUNSET  6:08 PM
 FEB 10 2016..........SUNRISE  9:14 AM      SUNSET  6:10 PM

-  INDICATES NEGATIVE NUMBERS.
R  INDICATES RECORD HAS BEEN SET OR TIED.
MM INDICATES DATA IS MISSING.
T  INDICATES TRACE OF PRECIPITATION.

&&
-------------------------------------------------------------------

AMOUNT OF DAYLIGHT TODAY  (HOUR:MIN)........8 HOURS 52 MINUTES
GAIN/LOSS SINCE YESTERDAY (HOUR:MIN:SEC)....+0:04:53

$$
JML FEB 16
