000
CDAK48 PAKN 250920
CLIAKN

CLIMATE REPORT
NATIONAL WEATHER SERVICE KING SALMON, AK
120 AM AKDT MON JUL 25 2016

...................................
...THE KING SALMON AP CLIMATE SUMMARY FOR JULY 24 2016...

CLIMATE NORMAL PERIOD  1981 TO  2010
CLIMATE RECORD PERIOD  1917 TO  2016

WEATHER ITEM   OBSERVED TIME    RECORD YEAR NORMAL DEPARTURE LAST
               VALUE    (LST)   VALUE       VALUE  FROM      YEAR
                                                   NORMAL
...................................................................
TEMPERATURE
YESTERDAY
 MAXIMUM            66  0459 PM    80  1953     64       2     61
 MINIMUM            55  1159 PM    38  1964     48       7     50
 AVERAGE            61                          56       5     56

PRECIPITATION
(INCHES)
 YESTERDAY        0.15           0.77  1930   0.08    0.07   0.00
 MONTH TO DATE    2.45                        1.71    0.74   2.23
 SINCE JUN 1      4.73                        3.36    1.37   3.07
 SINCE JAN 1     12.14                        8.06    4.08  10.31

SNOWFALL
(INCHES)
 YESTERDAY         0.0            0.0  2016    0.0     0.0    0.0
 MONTH TO DATE     0.0                         0.0     0.0    0.0
 SINCE JUN 1       0.0                         0.0     0.0    0.0
 SINCE JUL 1       0.0                         0.0     0.0    0.0
 SNOW DEPTH (IN)     0                                          0

DEGREE DAYS
 HEATING
  YESTERDAY          4                           9      -5      9
  MONTH TO DATE    148                         227     -79    183
  SINCE JUN 1      419                         634    -215    432
  SINCE JUL 1      148                         227     -79    183

 COOLING
  YESTERDAY          0                           0       0      0
  MONTH TO DATE      0                           0       0      0
  SINCE JUN 1        0                           0       0      2
  SINCE JAN 1        0                           0       0      2
...................................................................

WIND (MPH)
 HIGHEST WIND SPEED    18     HIGHEST WIND DIRECTION    230
 HIGHEST GUST SPEED    23     HIGHEST GUST DIRECTION    240
 AVERAGE WIND SPEED  10.7

SKY COVER
  POSSIBLE SUNSHINE    MM          AVERAGE SKY COVER     MM

WEATHER CONDITIONS
 THE FOLLOWING WEATHER WAS RECORDED YESTERDAY.
  FOG
RAIN


RELATIVE HUMIDITY
 HIGHEST RH     MM PERCENT       MM
 LOWEST  RH     MM PERCENT       MM
 AVERAGE RH     MM PERCENT       MM
...................................................................

THE KING SALMON CLIMATE NORMALS FOR TODAY
                           NORMAL    RECORD   YEAR
 MAXIMUM TEMPERATURE (F)     64        80     2013
 MINIMUM TEMPERATURE (F)     48        36     1976

SUNRISE AND SUNSET
 JUL 25 2016..........SUNRISE  6:03 AM      SUNSET 11:03 PM
 JUL 26 2016..........SUNRISE  6:05 AM      SUNSET 11:01 PM

-  INDICATES NEGATIVE NUMBERS.
R  INDICATES RECORD HAS BEEN SET OR TIED.
MM INDICATES DATA IS MISSING.
T  INDICATES TRACE OF PRECIPITATION.

&&
-------------------------------------------------------------------

AMOUNT OF DAYLIGHT TODAY  (HOUR:MIN)........17 HOURS 0 MINUTES
GAIN/LOSS SINCE YESTERDAY (HOUR:MIN:SEC)....-0:04:07

$$
DJH JUL 16
