000
CDAK48 PAFC 161252
CLIAKN


CLIMATE REPORT
NATIONAL WEATHER SERVICE ANCHORAGE, AK
351 AM AKST TUE JAN 16 2018


...................................

...THE KING SALMON CLIMATE SUMMARY FOR JANUARY 15 2018...

CLIMATE NORMAL PERIOD 1981 TO 2010
CLIMATE RECORD PERIOD 1917 TO 2018


WEATHER ITEM   OBSERVED TIME   RECORD YEAR NORMAL DEPARTURE LAST
                VALUE   (LST)  VALUE       VALUE  FROM      YEAR
                                                  NORMAL
..................................................................
TEMPERATURE (F)
 YESTERDAY
  MAXIMUM         42        MM  46    1963  23     19        3
  MINIMUM         24        MM -32    1951   9     15      -10
  AVERAGE         33                        16     17       -3

PRECIPITATION (IN)
  YESTERDAY        0.00          0.27 1979   0.04  -0.04     0.00
                                      1955
  MONTH TO DATE    0.95                      0.48   0.47     0.01
  SINCE SEP 1     11.25                      8.37   2.88     7.99
  SINCE JAN 1      0.95                      0.48   0.47     0.01

SNOWFALL (IN)
  YESTERDAY        0.0          MM      MM   0.4   -0.4      0.0
  MONTH TO DATE    0.1                       4.6   -4.5      0.5
  SINCE SEP 1      8.2                      23.9  -15.7     10.6
  SINCE JUL 1      8.2                      23.9  -15.7     10.6
  SNOW DEPTH       0

DEGREE DAYS
 HEATING
  YESTERDAY       32                        49    -17       68
  MONTH TO DATE  493                       731   -238      775
  SINCE DEC 1   1548                      2169   -621     2197
  SINCE JUL 1   4484                      5546  -1062     4923

 COOLING
  YESTERDAY        0                         0      0        0
  MONTH TO DATE    0                         0      0        0
  SINCE DEC 1      0                         0      0        0
  SINCE JAN 1      0                         0      0        0
..................................................................


WIND (MPH)
  RESULTANT WIND SPEED   6   RESULTANT WIND DIRECTION  SE (130)
  HIGHEST WIND SPEED    16   HIGHEST WIND DIRECTION    SE (140)
  HIGHEST GUST SPEED    MM   HIGHEST GUST DIRECTION    MM
  AVERAGE WIND SPEED     7.5



WEATHER CONDITIONS
 THE FOLLOWING WEATHER WAS RECORDED YESTERDAY.
  NO SIGNIFICANT WEATHER WAS OBSERVED.


RELATIVE HUMIDITY (PERCENT)
 HIGHEST    96
 LOWEST     70
 AVERAGE    83

..........................................................


THE KING SALMON CLIMATE NORMALS FOR TODAY
                         NORMAL    RECORD    YEAR
 MAXIMUM TEMPERATURE (F)   23        48      1963
 MINIMUM TEMPERATURE (F)    9       -30      1925


SUNRISE AND SUNSET
JANUARY 16 2018.......SUNRISE  1003 AM AKST  SUNSET   511 PM AKST
JANUARY 17 2018.......SUNRISE  1001 AM AKST  SUNSET   513 PM AKST


-  INDICATES NEGATIVE NUMBERS.
R  INDICATES RECORD WAS SET OR TIED.
MM INDICATES DATA IS MISSING.
T  INDICATES TRACE AMOUNT.




$$
