000
CDAK48 PAKN 270935
CLIAKN

CLIMATE REPORT
NATIONAL WEATHER SERVICE KING SALMON, AK
135 AM AKDT FRI MAR 27 2015

...................................
...THE KING SALMON AP CLIMATE SUMMARY FOR MARCH 26 2015...

CLIMATE NORMAL PERIOD  1981 TO  2010
CLIMATE RECORD PERIOD  1917 TO  2015

WEATHER ITEM   OBSERVED TIME    RECORD YEAR NORMAL DEPARTURE LAST
               VALUE    (LST)   VALUE       VALUE  FROM      YEAR
                                                   NORMAL
...................................................................
TEMPERATURE
YESTERDAY
 MAXIMUM            48  0200 PM    59  1934     35      13     37
 MINIMUM            31  1155 PM   -18  2013     18      13     16
 AVERAGE            40                          26      14     27

PRECIPITATION
(INCHES)
 YESTERDAY           T           0.36  1967   0.02   -0.02   0.00
 MONTH TO DATE    0.89                        0.58    0.31   0.76
 SINCE MAR 1      0.89                        0.58    0.31   0.76
 SINCE JAN 1      1.68                        2.36   -0.68   2.57

SNOWFALL
(INCHES)
 YESTERDAY         0.0            3.2  1967    0.2    -0.2    0.0
 MONTH TO DATE     0.3                         5.5    -5.2    8.8
 SINCE MAR 1       0.3                         5.5    -5.2    8.8
 SINCE JUL 1      14.0                        41.0   -27.0   35.5
 SNOW DEPTH (IN)     0                                          0

DEGREE DAYS
 HEATING
  YESTERDAY         25                          39     -14     38
  MONTH TO DATE    929                        1077    -148   1066
  SINCE MAR 1      929                        1077    -148   1066
  SINCE JUL 1     7126                        8695   -1569   7426

 COOLING
  YESTERDAY          0                           0       0      0
  MONTH TO DATE      0                           0       0      0
  SINCE MAR 1        0                           0       0      0
  SINCE JAN 1        0                           0       0      0
...................................................................

WIND (MPH)
 HIGHEST WIND SPEED    22     HIGHEST WIND DIRECTION    170
 HIGHEST GUST SPEED    28     HIGHEST GUST DIRECTION    170
 AVERAGE WIND SPEED  10.8

SKY COVER
  POSSIBLE SUNSHINE    MM          AVERAGE SKY COVER     MM

WEATHER CONDITIONS
 THE FOLLOWING WEATHER WAS RECORDED YESTERDAY.
  RAIN


RELATIVE HUMIDITY
 HIGHEST RH     MM PERCENT       MM
 LOWEST  RH     MM PERCENT       MM
 AVERAGE RH     MM PERCENT       MM
...................................................................

THE KING SALMON CLIMATE NORMALS FOR TODAY
                           NORMAL    RECORD   YEAR
 MAXIMUM TEMPERATURE (F)     35        57     1934
 MINIMUM TEMPERATURE (F)     18       -12     1925

SUNRISE AND SUNSET
 MAR 27 2015..........SUNRISE  8:09 AM      SUNSET  8:58 PM
 MAR 28 2015..........SUNRISE  8:06 AM      SUNSET  9:00 PM

-  INDICATES NEGATIVE NUMBERS.
R  INDICATES RECORD HAS BEEN SET OR TIED.
MM INDICATES DATA IS MISSING.
T  INDICATES TRACE OF PRECIPITATION.

&&
-------------------------------------------------------------------

AMOUNT OF DAYLIGHT TODAY  (HOUR:MIN)........12 HOURS 49 MINUTES
GAIN/LOSS SINCE YESTERDAY (HOUR:MIN:SEC)....+0:05:11

$$
FS MAR 15
