000
CDAK48 PAKN 271009
CLIAKN

CLIMATE REPORT
NATIONAL WEATHER SERVICE KING SALMON, AK
109 AM AKST TUE JAN 27 2015

...................................
...THE KING SALMON AP CLIMATE SUMMARY FOR JANUARY 26 2015...

CLIMATE NORMAL PERIOD  1981 TO  2010
CLIMATE RECORD PERIOD  1917 TO  2015

WEATHER ITEM   OBSERVED TIME    RECORD YEAR NORMAL DEPARTURE LAST
               VALUE    (LST)   VALUE       VALUE  FROM      YEAR
                                                   NORMAL
...................................................................
TEMPERATURE
YESTERDAY
 MAXIMUM            31  1159 PM    51  2014     24       7     51
 MINIMUM            -7  1253 AM   -42  1919      9     -16     42
 AVERAGE            12                          16      -4     47

PRECIPITATION
(INCHES)
 YESTERDAY           T           0.34  1957   0.03   -0.03      T
 MONTH TO DATE    0.52                        0.85   -0.33   1.73
 SINCE DEC 1      2.48                        2.08    0.40   2.86
 SINCE JAN 1      0.52                        0.85   -0.33   1.73

SNOWFALL
(INCHES)
 YESTERDAY           T           17.8  1993    0.3    -0.3    0.0
 MONTH TO DATE     0.7                         8.5    -7.8   10.6
 SINCE DEC 1       8.2                        18.0    -9.8   13.8
 SINCE JUL 1      11.7                        27.8   -16.1   25.4
 SNOW DEPTH (IN)     T                                          0

DEGREE DAYS
 HEATING
  YESTERDAY         53                          49       4     18
  MONTH TO DATE   1106                        1270    -164    811
  SINCE DEC 1     2133                        2708    -575   2153
  SINCE JUL 1     4884                        6083   -1199   5057

 COOLING
  YESTERDAY          0                           0       0      0
  MONTH TO DATE      0                           0       0      0
  SINCE DEC 1        0                           0       0      0
  SINCE JAN 1        0                           0       0      0
...................................................................

WIND (MPH)
 HIGHEST WIND SPEED    20     HIGHEST WIND DIRECTION     80
 HIGHEST GUST SPEED    24     HIGHEST GUST DIRECTION     80
 AVERAGE WIND SPEED  11.8

SKY COVER
  POSSIBLE SUNSHINE    MM          AVERAGE SKY COVER     MM

WEATHER CONDITIONS
 THE FOLLOWING WEATHER WAS RECORDED YESTERDAY.
  SNOW


RELATIVE HUMIDITY
 HIGHEST RH     MM PERCENT       MM
 LOWEST  RH     MM PERCENT       MM
 AVERAGE RH     MM PERCENT       MM
...................................................................

THE KING SALMON CLIMATE NORMALS FOR TODAY
                           NORMAL    RECORD   YEAR
 MAXIMUM TEMPERATURE (F)     24        53     1963
 MINIMUM TEMPERATURE (F)      9       -43     1989

SUNRISE AND SUNSET
 JAN 27 2015..........SUNRISE  9:44 AM      SUNSET  5:36 PM
 JAN 28 2015..........SUNRISE  9:42 AM      SUNSET  5:39 PM

-  INDICATES NEGATIVE NUMBERS.
R  INDICATES RECORD HAS BEEN SET OR TIED.
MM INDICATES DATA IS MISSING.
T  INDICATES TRACE OF PRECIPITATION.

&&
-------------------------------------------------------------------

AMOUNT OF DAYLIGHT TODAY  (HOUR:MIN)........7 HOURS 52 MINUTES
GAIN/LOSS SINCE YESTERDAY (HOUR:MIN:SEC)....+0:04:22

$$
FS JAN 15
