000
CDAK48 PAKN 221002
CLIAKN

CLIMATE REPORT
NATIONAL WEATHER SERVICE KING SALMON, AK
102 AM AKST SAT NOV 22 2014

...................................
...THE KING SALMON AP CLIMATE SUMMARY FOR NOVEMBER 21 2014...

CLIMATE NORMAL PERIOD  1981 TO  2010
CLIMATE RECORD PERIOD  1949 TO  2014

WEATHER ITEM   OBSERVED TIME    RECORD YEAR NORMAL DEPARTURE LAST
               VALUE    (LST)   VALUE       VALUE  FROM      YEAR
                                                   NORMAL
...................................................................
TEMPERATURE
YESTERDAY
 MAXIMUM            46  0255 PM    50  1949     29      17     29
 MINIMUM            34  1159 PM   -14  2008     14      20      9
 AVERAGE            40                          22      18     19

PRECIPITATION
(INCHES)
 YESTERDAY        0.00           0.48  2013   0.04   -0.04   0.48
 MONTH TO DATE    1.93                        0.99    0.94   2.40
 SINCE SEP 1      5.68                        6.26   -0.58   9.11
 SINCE JAN 1     19.95                       17.86    2.09  23.20

SNOWFALL
(INCHES)
 YESTERDAY         0.0            5.1  2013    0.3    -0.3    5.1
 MONTH TO DATE       T                         4.3    -4.3    6.3
 SINCE SEP 1       3.5                         7.2    -3.7    6.3
 SINCE JUL 1       3.5                         7.2    -3.7    6.3
 SNOW DEPTH (IN)     0                                          0

DEGREE DAYS
 HEATING
  YESTERDAY         25                          43     -18     46
  MONTH TO DATE    554                         865    -311    745
  SINCE SEP 1     1984                        2365    -381   1955
  SINCE JUL 1     2458                        2977    -519   2458

 COOLING
  YESTERDAY          0                           0       0      0
  MONTH TO DATE      0                           0       0      0
  SINCE SEP 1        0                           0       0      0
  SINCE JAN 1        0                           0       0      4
...................................................................

WIND (MPH)
 HIGHEST WIND SPEED    28     HIGHEST WIND DIRECTION     80
 HIGHEST GUST SPEED    40     HIGHEST GUST DIRECTION     90
 AVERAGE WIND SPEED  11.9

SKY COVER
  POSSIBLE SUNSHINE    MM          AVERAGE SKY COVER     MM

WEATHER CONDITIONS
 THE FOLLOWING WEATHER WAS RECORDED YESTERDAY.
  NO SIGNIFICANT WEATHER WAS OBSERVED.

RELATIVE HUMIDITY
 HIGHEST RH     MM PERCENT       MM
 LOWEST  RH     MM PERCENT       MM
 AVERAGE RH     MM PERCENT       MM
...................................................................

THE KING SALMON CLIMATE NORMALS FOR TODAY
                           NORMAL    RECORD   YEAR
 MAXIMUM TEMPERATURE (F)     29        52     2010
 MINIMUM TEMPERATURE (F)     14       -28     1988

SUNRISE AND SUNSET
 NOV 22 2014..........SUNRISE  9:34 AM      SUNSET  4:52 PM
 NOV 23 2014..........SUNRISE  9:36 AM      SUNSET  4:51 PM

-  INDICATES NEGATIVE NUMBERS.
R  INDICATES RECORD HAS BEEN SET OR TIED.
MM INDICATES DATA IS MISSING.
T  INDICATES TRACE OF PRECIPITATION.

&&
-------------------------------------------------------------------

AMOUNT OF DAYLIGHT TODAY  (HOUR:MIN)........7 HOURS 18 MINUTES
GAIN/LOSS SINCE YESTERDAY (HOUR:MIN:SEC)....-0:03:52

$$
DJH NOV 14
