000
CDAK48 PAKN 160922
CLIAKN

CLIMATE REPORT
NATIONAL WEATHER SERVICE KING SALMON, AK
122 AM AKDT WED APR 16 2014

...................................
...THE KING SALMON AP CLIMATE SUMMARY FOR APRIL 15 2014...

CLIMATE NORMAL PERIOD  1981 TO  2010
CLIMATE RECORD PERIOD  1949 TO  2014

WEATHER ITEM   OBSERVED TIME    RECORD YEAR NORMAL DEPARTURE LAST
               VALUE    (LST)   VALUE       VALUE  FROM      YEAR
                                                   NORMAL
...................................................................
TEMPERATURE
YESTERDAY
 MAXIMUM            51  0339 PM    58  1965     42       9     37
 MINIMUM            21  0452 AM    -4  1972     25      -4     21
 AVERAGE            36                          34       2     29

PRECIPITATION
(INCHES)
 YESTERDAY           T           0.28  2008   0.03   -0.03   0.00
 MONTH TO DATE    0.29                        0.45   -0.16   0.06
 SINCE MAR 1      1.05                        1.15   -0.10   1.56
 SINCE JAN 1      2.86                        2.93   -0.07   5.89

SNOWFALL
(INCHES)
 YESTERDAY         0.0            2.9  2008    0.2    -0.2    0.0
 MONTH TO DATE     0.5                         2.5    -2.0    0.8
 SINCE MAR 1       9.3                         8.9     0.4   12.1
 SINCE JUL 1      36.0                        44.4    -8.4   74.5
 SNOW DEPTH (IN)     0                                          0

DEGREE DAYS
 HEATING
  YESTERDAY         29                          32      -3     36
  MONTH TO DATE    458                         514     -56    648
  SINCE MAR 1     1707                        1779     -72   1996
  SINCE JUL 1     8062                        9397   -1335   9861

 COOLING
  YESTERDAY          0                           0       0      0
  MONTH TO DATE      0                           0       0      0
  SINCE MAR 1        0                           0       0      0
  SINCE JAN 1        0                           0       0      0
...................................................................

WIND (MPH)
 HIGHEST WIND SPEED    14     HIGHEST WIND DIRECTION    200
 HIGHEST GUST SPEED    18     HIGHEST GUST DIRECTION    210
 AVERAGE WIND SPEED   4.2

SKY COVER
  POSSIBLE SUNSHINE    MM          AVERAGE SKY COVER     MM

WEATHER CONDITIONS
 THE FOLLOWING WEATHER WAS RECORDED YESTERDAY.
  RAIN


RELATIVE HUMIDITY
 HIGHEST RH     MM PERCENT       MM
 LOWEST  RH     MM PERCENT       MM
 AVERAGE RH     MM PERCENT       MM
...................................................................

THE KING SALMON CLIMATE NORMALS FOR TODAY
                           NORMAL    RECORD   YEAR
 MAXIMUM TEMPERATURE (F)     43        53     1996
 MINIMUM TEMPERATURE (F)     25         2     1963

SUNRISE AND SUNSET
 APR 16 2014..........SUNRISE  7:11 AM      SUNSET  9:44 PM
 APR 17 2014..........SUNRISE  7:08 AM      SUNSET  9:47 PM

-  INDICATES NEGATIVE NUMBERS.
R  INDICATES RECORD HAS BEEN SET OR TIED.
MM INDICATES DATA IS MISSING.
T  INDICATES TRACE OF PRECIPITATION.

&&
-------------------------------------------------------------------

AMOUNT OF DAYLIGHT TODAY  (HOUR:MIN)........14 HOURS 33 MINUTES
GAIN/LOSS SINCE YESTERDAY (HOUR:MIN:SEC)....+0:05:05

$$
DJH APR 14
