000
CDAK48 PAFC 191315
CLIAKN

CLIMATE REPORT
NATIONAL WEATHER SERVICE ANCHORAGE, AK
412 AM AKST SUN FEB 19 2017


...................................

...THE KING SALMON CLIMATE SUMMARY FOR FEBRUARY 18 2017...

CLIMATE NORMAL PERIOD 1981 TO 2010
CLIMATE RECORD PERIOD 1917 TO 2017


WEATHER ITEM   OBSERVED TIME   RECORD YEAR NORMAL DEPARTURE LAST
                VALUE   (LST)  VALUE       VALUE  FROM      YEAR
                                                  NORMAL
..................................................................
TEMPERATURE (F)
 YESTERDAY
  MAXIMUM         22    101 AM  47    1934  28     -6       31
  MINIMUM          9    848 PM -33    1954  11     -2       22
  AVERAGE         16                        19     -3       27

PRECIPITATION (IN)
  YESTERDAY        T             1.04 1943   0.03  -0.03     0.10
  MONTH TO DATE    0.54                      0.50   0.04     0.81
  SINCE DEC 1      1.78                      2.75  -0.97     2.79
  SINCE JAN 1      0.69                      1.52  -0.83     1.29

SNOWFALL (IN)
  YESTERDAY        0.1          MM      MM   0.2   -0.1     MM
  MONTH TO DATE    6.7                       3.9    2.8      0.0
  SINCE DEC 1     15.2                      23.6   -8.4      0.0
  SINCE JUL 1     19.8                      33.4  -13.6     13.1
  SNOW DEPTH       7

DEGREE DAYS
 HEATING
  YESTERDAY       49                        46      3       38
  MONTH TO DATE  929                       846     83      548
  SINCE DEC 1   3967                      3797    170     2776
  SINCE JUL 1   6693                      7174   -481     5373

 COOLING
  YESTERDAY        0                         0      0        0
  MONTH TO DATE    0                         0      0        0
  SINCE DEC 1      0                         0      0        0
  SINCE JAN 1      0                         0      0        0
..................................................................


WIND (MPH)
  RESULTANT WIND SPEED   6   RESULTANT WIND DIRECTION   S (200)
  HIGHEST WIND SPEED    13   HIGHEST WIND DIRECTION    SW (220)
  HIGHEST GUST SPEED    16   HIGHEST GUST DIRECTION    SW (210)
  AVERAGE WIND SPEED     5.4



WEATHER CONDITIONS
 THE FOLLOWING WEATHER WAS RECORDED YESTERDAY.
  LIGHT SNOW
  FOG
  HAZE


RELATIVE HUMIDITY (PERCENT)
 HIGHEST    92
 LOWEST     74
 AVERAGE    83

..........................................................


THE KING SALMON CLIMATE NORMALS FOR TODAY
                         NORMAL    RECORD    YEAR
 MAXIMUM TEMPERATURE (F)   28        48      1936
 MINIMUM TEMPERATURE (F)   12       -32      1954


SUNRISE AND SUNSET
FEBRUARY 19 2017......SUNRISE   848 AM AKST  SUNSET   634 PM AKST
FEBRUARY 20 2017......SUNRISE   846 AM AKST  SUNSET   636 PM AKST

CIVIL TWILIGHT
FEBRUARY 19 2017        START    807 AM GMT     END    715 PM GMT
FEBRUARY 20 2017        START    805 AM GMT     END    718 PM GMT



-  INDICATES NEGATIVE NUMBERS.
R  INDICATES RECORD WAS SET OR TIED.
MM INDICATES DATA IS MISSING.
T  INDICATES TRACE AMOUNT.




$$
&&
------------------------------------------------------
AMOUNT OF DAYLIGHT TODAY  (HOUR:MIN)........ 9:45
GAIN/LOSS SINCE YESTERDAY (HOUR:MIN:SEC)....+0:05:05
