000
CDAK48 PAKN 311108
CLIAKN

CLIMATE REPORT
NATIONAL WEATHER SERVICE KING SALMON, AK
308 AM AKDT MON AUG 31 2015

...................................
...THE KING SALMON AP CLIMATE SUMMARY FOR AUGUST 30 2015...

CLIMATE NORMAL PERIOD  1981 TO  2010
CLIMATE RECORD PERIOD  1949 TO  2015

WEATHER ITEM   OBSERVED TIME    RECORD YEAR NORMAL DEPARTURE LAST
               VALUE    (LST)   VALUE       VALUE  FROM      YEAR
                                                   NORMAL
...................................................................
TEMPERATURE
YESTERDAY
 MAXIMUM            58  0631 PM    68  1942     61      -3     60
 MINIMUM            32  0655 AM    31  1984     45     -13     35
 AVERAGE            45                          53      -8     48

PRECIPITATION
(INCHES)
 YESTERDAY        0.00           0.69  1931   0.10   -0.10   0.00
 MONTH TO DATE    1.76                        2.85   -1.09   3.51
 SINCE JUN 1      5.71                        6.80   -1.09   9.14
 SINCE JAN 1     12.95                       11.50    1.45  14.27

SNOWFALL
(INCHES)
 YESTERDAY         0.0            0.0  2015    0.0     0.0    0.0
 MONTH TO DATE     0.0                         0.0     0.0    0.0
 SINCE JUN 1       0.0                         0.0     0.0    0.0
 SINCE JUL 1       0.0                         0.0     0.0    0.0
 SNOW DEPTH (IN)     0                                          0

DEGREE DAYS
 HEATING
  YESTERDAY         20                          12       8     17
  MONTH TO DATE    275                         310     -35    217
  SINCE JUN 1      754                        1007    -253    886
  SINCE JUL 1      505                         600     -95    455

 COOLING
  YESTERDAY          0                           0       0      0
  MONTH TO DATE      0                           0       0      0
  SINCE JUN 1        2                           0       2      0
  SINCE JAN 1        2                           0       2      0
...................................................................

WIND (MPH)
 HIGHEST WIND SPEED    22     HIGHEST WIND DIRECTION    290
 HIGHEST GUST SPEED    27     HIGHEST GUST DIRECTION    280
 AVERAGE WIND SPEED  10.4

SKY COVER
  POSSIBLE SUNSHINE    MM          AVERAGE SKY COVER     MM

WEATHER CONDITIONS
 THE FOLLOWING WEATHER WAS RECORDED YESTERDAY.
  NO SIGNIFICANT WEATHER WAS OBSERVED.

RELATIVE HUMIDITY
 HIGHEST RH     MM PERCENT       MM
 LOWEST  RH     MM PERCENT       MM
 AVERAGE RH     MM PERCENT       MM
...................................................................

THE KING SALMON CLIMATE NORMALS FOR TODAY
                           NORMAL    RECORD   YEAR
 MAXIMUM TEMPERATURE (F)     61        74     1942
 MINIMUM TEMPERATURE (F)     45        25     1984

SUNRISE AND SUNSET
 AUG 31 2015..........SUNRISE  7:23 AM      SUNSET  9:30 PM
 SEP 1 2015..........SUNRISE  7:25 AM      SUNSET  9:27 PM

-  INDICATES NEGATIVE NUMBERS.
R  INDICATES RECORD HAS BEEN SET OR TIED.
MM INDICATES DATA IS MISSING.
T  INDICATES TRACE OF PRECIPITATION.

&&
-------------------------------------------------------------------

AMOUNT OF DAYLIGHT TODAY  (HOUR:MIN)........14 HOURS 7 MINUTES
LOSS SINCE YESTERDAY (HOUR:MIN:SEC).........-0:05:03

$$
AM AUG 15
