000
CDAK48 PAKN 240948
CLIAKN

CLIMATE REPORT
NATIONAL WEATHER SERVICE KING SALMON, AK
148 AM AKDT THU APR 24 2014

...................................
...THE KING SALMON AP CLIMATE SUMMARY FOR APRIL 23 2014...

CLIMATE NORMAL PERIOD  1981 TO  2010
CLIMATE RECORD PERIOD  1949 TO  2014

WEATHER ITEM   OBSERVED TIME    RECORD YEAR NORMAL DEPARTURE LAST
               VALUE    (LST)   VALUE       VALUE  FROM      YEAR
                                                   NORMAL
...................................................................
TEMPERATURE
YESTERDAY
 MAXIMUM            56R 0504 PM    56  2003     46      10     51
 MINIMUM            31  0545 AM     8  1984     28       3     37
 AVERAGE            44                          37       7     44

PRECIPITATION
(INCHES)
 YESTERDAY        0.00           0.18  2001   0.03   -0.03   0.03
 MONTH TO DATE    0.42                        0.72   -0.30   0.20
 SINCE MAR 1      1.18                        1.42   -0.24   1.70
 SINCE JAN 1      2.99                        3.20   -0.21   6.03

SNOWFALL
(INCHES)
 YESTERDAY         0.0            1.7  1953    0.1    -0.1    0.0
 MONTH TO DATE     0.5                         3.4    -2.9    0.8
 SINCE MAR 1       9.3                         9.8    -0.5   12.1
 SINCE JUL 1      36.0                        45.3    -9.3   74.5
 SNOW DEPTH (IN)     0                                          0

DEGREE DAYS
 HEATING
  YESTERDAY         21                          28      -7     21
  MONTH TO DATE    642                         752    -110    897
  SINCE MAR 1     1891                        2017    -126   2245
  SINCE JUL 1     8246                        9635   -1389  10110

 COOLING
  YESTERDAY          0                           0       0      0
  MONTH TO DATE      0                           0       0      0
  SINCE MAR 1        0                           0       0      0
  SINCE JAN 1        0                           0       0      0
...................................................................

WIND (MPH)
 HIGHEST WIND SPEED    15     HIGHEST WIND DIRECTION    100
 HIGHEST GUST SPEED    21     HIGHEST GUST DIRECTION    100
 AVERAGE WIND SPEED   6.9

SKY COVER
  POSSIBLE SUNSHINE    MM          AVERAGE SKY COVER     MM

WEATHER CONDITIONS
 THE FOLLOWING WEATHER WAS RECORDED YESTERDAY.
  NO SIGNIFICANT WEATHER WAS OBSERVED.

RELATIVE HUMIDITY
 HIGHEST RH     MM PERCENT       MM
 LOWEST  RH     MM PERCENT       MM
 AVERAGE RH     MM PERCENT       MM
...................................................................

THE KING SALMON CLIMATE NORMALS FOR TODAY
                           NORMAL    RECORD   YEAR
 MAXIMUM TEMPERATURE (F)     46        58     2005
 MINIMUM TEMPERATURE (F)     28        10     1955

SUNRISE AND SUNSET
 APR 24 2014..........SUNRISE  6:49 AM      SUNSET 10:03 PM
 APR 25 2014..........SUNRISE  6:46 AM      SUNSET 10:05 PM

-  INDICATES NEGATIVE NUMBERS.
R  INDICATES RECORD HAS BEEN SET OR TIED.
MM INDICATES DATA IS MISSING.
T  INDICATES TRACE OF PRECIPITATION.

&&
-------------------------------------------------------------------

AMOUNT OF DAYLIGHT TODAY  (HOUR:MIN)........15 HOURS 14 MINUTES
GAIN/LOSS SINCE YESTERDAY (HOUR:MIN:SEC)....+0:05:00

$$
DJH APR 14
