000
CDUS45 KBOU 220737
CLIAKO


CLIMATE REPORT
NATIONAL WEATHER SERVICE DENVER/BOULDER CO
1236 AM MST MON JAN 22 2018


...................................

...THE AKRON CO CLIMATE SUMMARY FOR JANUARY 21 2018...

CLIMATE NORMAL PERIOD 1981 TO 2010
CLIMATE RECORD PERIOD 9999 TO 9999


WEATHER ITEM   OBSERVED TIME   RECORD YEAR NORMAL DEPARTURE LAST
                VALUE   (LST)  VALUE       VALUE  FROM      YEAR
                                                  NORMAL
..................................................................
TEMPERATURE (F)
 YESTERDAY
  MAXIMUM         28   1148 AM  67    1950  40    -12
  MINIMUM         23   1159 PM -14    1966  17      6
  AVERAGE         26                        29     -3

PRECIPITATION (IN)
  YESTERDAY       MM             0.12 1988   0.01  MM        0.00
  MONTH TO DATE    0.18                      0.18   0.00     0.11
  SINCE DEC 1      0.20                      0.58  -0.38     0.25
  SINCE JAN 1      0.18                      0.18   0.00     0.11

SNOWFALL (IN)
  YESTERDAY       MM
  SNOW DEPTH       0

DEGREE DAYS
 HEATING
  YESTERDAY       39
  MONTH TO DATE  699

 COOLING
  YESTERDAY        0
  MONTH TO DATE    0
..................................................................


WIND (MPH)
  HIGHEST WIND SPEED    35   HIGHEST WIND DIRECTION    NW (330)
  HIGHEST GUST SPEED    47   HIGHEST GUST DIRECTION     N (340)




RELATIVE HUMIDITY (PERCENT)
 HIGHEST   100
 LOWEST     88
 AVERAGE    94

..........................................................


THE AKRON CO CLIMATE NORMALS FOR TODAY
                         NORMAL    RECORD    YEAR
 MAXIMUM TEMPERATURE (F)   40        70      1950
 MINIMUM TEMPERATURE (F)   17       -11      1962


SUNRISE AND SUNSET
JANUARY 22 2018.......SUNRISE   710 AM MST   SUNSET   500 PM MST
JANUARY 23 2018.......SUNRISE   709 AM MST   SUNSET   501 PM MST


-  INDICATES NEGATIVE NUMBERS.
R  INDICATES RECORD WAS SET OR TIED.
MM INDICATES DATA IS MISSING.
T  INDICATES TRACE AMOUNT.




$$
