000
CDUS45 KBOU 201212
CLIAKO

CLIMATE REPORT
NATIONAL WEATHER SERVICE BOULDER, CO
1225 AM MST SAT DEC 20 2014


...................................

...THE AKRON CO CLIMATE SUMMARY FOR DECEMBER 19 2014...

CLIMATE NORMAL PERIOD 1981 TO 2010

WEATHER ITEM   OBSERVED TIME   RECORD YEAR NORMAL DEPARTURE LAST
                VALUE   (LST)  VALUE       VALUE  FROM      YEAR
                                                  NORMAL
..................................................................
TEMPERATURE (F)
 YESTERDAY
  MAXIMUM         38    329 PM  65    1941  39     -1
  MINIMUM         16    339 AM -10    1989  16      0
  AVERAGE         27                        28     -1

PRECIPITATION (IN)
  YESTERDAY        0.00          0.31 1962   0.01  -0.01      T
  MONTH TO DATE    0.20                      0.28  -0.08     0.02
  SINCE DEC 1      0.20                      0.28  -0.08     0.02
  SINCE JAN 1     18.31                     16.62   1.69    16.98

DEGREE DAYS
 HEATING
  YESTERDAY       38
  MONTH TO DATE  577

 COOLING
  YESTERDAY        0
  MONTH TO DATE    0
..................................................................


WIND (MPH)
  HIGHEST WIND SPEED    17   HIGHEST WIND DIRECTION     W (270)
  HIGHEST GUST SPEED    20   HIGHEST GUST DIRECTION     W (270)




RELATIVE HUMIDITY (PERCENT)
 HIGHEST    92
 LOWEST     63
 AVERAGE    78

..........................................................


THE AKRON CO CLIMATE NORMALS FOR TODAY
                         NORMAL    RECORD    YEAR
 MAXIMUM TEMPERATURE (F)   39        66      1941
 MINIMUM TEMPERATURE (F)   16       -16      1983


SUNRISE AND SUNSET
DECEMBER 20 2014......SUNRISE   711 AM MST   SUNSET   430 PM MST
DECEMBER 21 2014......SUNRISE   712 AM MST   SUNSET   430 PM MST


-  INDICATES NEGATIVE NUMBERS.
R  INDICATES RECORD WAS SET OR TIED.
MM INDICATES DATA IS MISSING.
T  INDICATES TRACE AMOUNT.




$$
