000
CDUS45 KBOU 290725
CLIAKO


CLIMATE REPORT
NATIONAL WEATHER SERVICE BOULDER, CO
125 AM MDT SUN MAR 29 2015


...................................

...THE AKRON CO CLIMATE SUMMARY FOR MARCH 28 2015...

CLIMATE NORMAL PERIOD 1981 TO 2010
CLIMATE RECORD PERIOD 9999 TO 9999


WEATHER ITEM   OBSERVED TIME   RECORD YEAR NORMAL DEPARTURE LAST
                VALUE   (LST)  VALUE       VALUE  FROM      YEAR
                                                  NORMAL
..................................................................
TEMPERATURE (F)
 YESTERDAY
  MAXIMUM         79    358 PM  85    1963  55     24
  MINIMUM         40    159 AM  -1    1975  29     11
  AVERAGE         60                        42     18

PRECIPITATION (IN)
  YESTERDAY        0.00          1.31 1981   0.04  -0.04     0.07
  MONTH TO DATE    0.22                      0.76  -0.54     0.43
  SINCE MAR 1      0.22                      0.76  -0.54     0.43
  SINCE JAN 1      0.50                      1.50  -1.00     0.86

DEGREE DAYS
 HEATING
  YESTERDAY        5
  MONTH TO DATE  574

 COOLING
  YESTERDAY        0
  MONTH TO DATE    0
..................................................................


WIND (MPH)
  HIGHEST WIND SPEED    25   HIGHEST WIND DIRECTION    NW (300)
  HIGHEST GUST SPEED    35   HIGHEST GUST DIRECTION    SW (220)




RELATIVE HUMIDITY (PERCENT)
 HIGHEST    70
 LOWEST     12
 AVERAGE    41

..........................................................


THE AKRON CO CLIMATE NORMALS FOR TODAY
                         NORMAL    RECORD    YEAR
 MAXIMUM TEMPERATURE (F)   56        83      1943
 MINIMUM TEMPERATURE (F)   29         0      1975


SUNRISE AND SUNSET
MARCH 29 2015.........SUNRISE   642 AM MDT   SUNSET   714 PM MDT
MARCH 30 2015.........SUNRISE   640 AM MDT   SUNSET   715 PM MDT


-  INDICATES NEGATIVE NUMBERS.
R  INDICATES RECORD WAS SET OR TIED.
MM INDICATES DATA IS MISSING.
T  INDICATES TRACE AMOUNT.




$$
