000
CDUS45 KBOU 260725
CLIAKO


CLIMATE REPORT
NATIONAL WEATHER SERVICE DENVER/BOULDER CO
125 AM MDT WED JUL 26 2017


...................................

...THE AKRON CO CLIMATE SUMMARY FOR JULY 25 2017...

CLIMATE NORMAL PERIOD 1981 TO 2010
CLIMATE RECORD PERIOD 9999 TO 9999


WEATHER ITEM   OBSERVED TIME   RECORD YEAR NORMAL DEPARTURE LAST
                VALUE   (LST)  VALUE       VALUE  FROM      YEAR
                                                  NORMAL
..................................................................
TEMPERATURE (F)
 YESTERDAY
  MAXIMUM         98   1252 PM 102    1940  89      9
  MINIMUM         67    524 AM  48    1924  60      7
  AVERAGE         83                        74      9

PRECIPITATION (IN)
  YESTERDAY        T             1.31 1968   0.09  -0.09     0.00
  MONTH TO DATE    1.84                      2.02  -0.18     2.58
  SINCE JUN 1      2.52                      4.48  -1.96     6.52
  SINCE JAN 1      9.17                     10.66  -1.49    13.03

DEGREE DAYS
 HEATING
  YESTERDAY        0
  MONTH TO DATE    0

 COOLING
  YESTERDAY       18
  MONTH TO DATE  327
..................................................................


WIND (MPH)
  HIGHEST WIND SPEED    40   HIGHEST WIND DIRECTION     W (280)
  HIGHEST GUST SPEED    48   HIGHEST GUST DIRECTION     W (270)




RELATIVE HUMIDITY (PERCENT)
 HIGHEST    81
 LOWEST     16
 AVERAGE    49

..........................................................


THE AKRON CO CLIMATE NORMALS FOR TODAY
                         NORMAL    RECORD    YEAR
 MAXIMUM TEMPERATURE (F)   88        99      1995
 MINIMUM TEMPERATURE (F)   60        52      1971


SUNRISE AND SUNSET
JULY 26 2017..........SUNRISE   546 AM MDT   SUNSET   813 PM MDT
JULY 27 2017..........SUNRISE   547 AM MDT   SUNSET   812 PM MDT


-  INDICATES NEGATIVE NUMBERS.
R  INDICATES RECORD WAS SET OR TIED.
MM INDICATES DATA IS MISSING.
T  INDICATES TRACE AMOUNT.




$$
