000
CDUS45 KBOU 220725
CLIAKO


CLIMATE REPORT
NATIONAL WEATHER SERVICE BOULDER, CO
125 AM MDT WED OCT 22 2014


...................................

...THE AKRON CO CLIMATE SUMMARY FOR OCTOBER 21 2014...

CLIMATE NORMAL PERIOD 1981 TO 2010
CLIMATE RECORD PERIOD 9999 TO 9999


WEATHER ITEM   OBSERVED TIME   RECORD YEAR NORMAL DEPARTURE LAST
                VALUE   (LST)  VALUE       VALUE  FROM      YEAR
                                                  NORMAL
..................................................................
TEMPERATURE (F)
 YESTERDAY
  MAXIMUM         80    141 PM  86    1940  62     18
  MINIMUM         49    619 AM  20    1976  35     14
  AVERAGE         65                        48     17

PRECIPITATION (IN)
  YESTERDAY        0.00          1.00 1941   0.03  -0.03     0.00
  MONTH TO DATE    0.22                      0.84  -0.62     1.08
  SINCE SEP 1      2.16                      2.00   0.16     5.37
  SINCE JAN 1     17.76                     15.49   2.27    16.79

DEGREE DAYS
 HEATING
  YESTERDAY        0
  MONTH TO DATE  208

 COOLING
  YESTERDAY        0
  MONTH TO DATE    0
..................................................................


WIND (MPH)
  HIGHEST WIND SPEED    21   HIGHEST WIND DIRECTION     S (170)
  HIGHEST GUST SPEED    29   HIGHEST GUST DIRECTION     S (180)




RELATIVE HUMIDITY (PERCENT)
 HIGHEST    89
 LOWEST     20
 AVERAGE    55

..........................................................


THE AKRON CO CLIMATE NORMALS FOR TODAY
                         NORMAL    RECORD    YEAR
 MAXIMUM TEMPERATURE (F)   62        84      2003
 MINIMUM TEMPERATURE (F)   35        24      1984


SUNRISE AND SUNSET
OCTOBER 22 2014.......SUNRISE   711 AM MDT   SUNSET   603 PM MDT
OCTOBER 23 2014.......SUNRISE   712 AM MDT   SUNSET   602 PM MDT


-  INDICATES NEGATIVE NUMBERS.
R  INDICATES RECORD WAS SET OR TIED.
MM INDICATES DATA IS MISSING.
T  INDICATES TRACE AMOUNT.




$$
