000
CDUS45 KBOU 271230
CLIAKO


CLIMATE REPORT
NATIONAL WEATHER SERVICE BOULDER, CO
630 AM MDT WED MAY 27 2015


...................................

...THE AKRON CO CLIMATE SUMMARY FOR MAY 26 2015...

CLIMATE NORMAL PERIOD 1981 TO 2010
CLIMATE RECORD PERIOD 9999 TO 9999


WEATHER ITEM   OBSERVED TIME   RECORD YEAR NORMAL DEPARTURE LAST
                VALUE   (LST)  VALUE       VALUE  FROM      YEAR
                                                  NORMAL
..................................................................
TEMPERATURE (F)
 YESTERDAY
  MAXIMUM         69    233 PM  97    1942  74     -5
  MINIMUM         43    438 AM  31    1992  47     -4
  AVERAGE         56                        60     -4

PRECIPITATION (IN)
  YESTERDAY        0.00          2.02 1967   0.11  -0.11     0.09
  MONTH TO DATE    5.53                      2.40   3.13     2.92
  SINCE MAR 1      7.24                      4.92   2.32     4.11
  SINCE JAN 1      7.52                      5.66   1.86     4.54

DEGREE DAYS
 HEATING
  YESTERDAY        9
  MONTH TO DATE  350

 COOLING
  YESTERDAY        0
  MONTH TO DATE    0
..................................................................


WIND (MPH)
  HIGHEST WIND SPEED    16   HIGHEST WIND DIRECTION     E (80)
  HIGHEST GUST SPEED    19   HIGHEST GUST DIRECTION     E (80)




RELATIVE HUMIDITY (PERCENT)
 HIGHEST   100
 LOWEST     42
 AVERAGE    71

..........................................................


THE AKRON CO CLIMATE NORMALS FOR TODAY
                         NORMAL    RECORD    YEAR
 MAXIMUM TEMPERATURE (F)   74        92      2006
 MINIMUM TEMPERATURE (F)   47        33      1950


SUNRISE AND SUNSET
MAY 27 2015...........SUNRISE   528 AM MDT   SUNSET   812 PM MDT
MAY 28 2015...........SUNRISE   528 AM MDT   SUNSET   813 PM MDT


-  INDICATES NEGATIVE NUMBERS.
R  INDICATES RECORD WAS SET OR TIED.
MM INDICATES DATA IS MISSING.
T  INDICATES TRACE AMOUNT.




$$
