000
CDUS45 KBOU 220725
CLIAKO


CLIMATE REPORT
NATIONAL WEATHER SERVICE DENVER/BOULDER CO
125 AM MDT FRI SEP 22 2017


...................................

...THE AKRON CO CLIMATE SUMMARY FOR SEPTEMBER 21 2017...

CLIMATE NORMAL PERIOD 1981 TO 2010
CLIMATE RECORD PERIOD 9999 TO 9999


WEATHER ITEM   OBSERVED TIME   RECORD YEAR NORMAL DEPARTURE LAST
                VALUE   (LST)  VALUE       VALUE  FROM      YEAR
                                                  NORMAL
..................................................................
TEMPERATURE (F)
 YESTERDAY
  MAXIMUM         93R   257 PM  93    2005  75     18
  MINIMUM         42    544 AM  28    1983  47     -5
  AVERAGE         68                        60      8

PRECIPITATION (IN)
  YESTERDAY        0.00          0.63 1941   0.03  -0.03     0.00
  MONTH TO DATE    0.16                      0.83  -0.67     1.31
  SINCE SEP 1      0.16                      0.83  -0.67     1.31
  SINCE JAN 1     11.95                     14.32  -2.37    16.04

DEGREE DAYS
 HEATING
  YESTERDAY        0
  MONTH TO DATE   25

 COOLING
  YESTERDAY        3
  MONTH TO DATE  124
..................................................................


WIND (MPH)
  HIGHEST WIND SPEED    23   HIGHEST WIND DIRECTION     S (170)
  HIGHEST GUST SPEED    31   HIGHEST GUST DIRECTION    SW (210)




RELATIVE HUMIDITY (PERCENT)
 HIGHEST    65
 LOWEST      7
 AVERAGE    36

..........................................................


THE AKRON CO CLIMATE NORMALS FOR TODAY
                         NORMAL    RECORD    YEAR
 MAXIMUM TEMPERATURE (F)   74        93      1953
 MINIMUM TEMPERATURE (F)   46        30      1995


SUNRISE AND SUNSET
SEPTEMBER 22 2017.....SUNRISE   641 AM MDT   SUNSET   649 PM MDT
SEPTEMBER 23 2017.....SUNRISE   642 AM MDT   SUNSET   648 PM MDT


-  INDICATES NEGATIVE NUMBERS.
R  INDICATES RECORD WAS SET OR TIED.
MM INDICATES DATA IS MISSING.
T  INDICATES TRACE AMOUNT.




$$
