195
CDUS41 KALY 240623
CLIALB


CLIMATE REPORT
NATIONAL WEATHER SERVICE ALBANY NY
222 AM EDT FRI MAR 24 2017


...................................

...THE ALBANY NY CLIMATE SUMMARY FOR MARCH 23 2017...

CLIMATE NORMAL PERIOD 1981 TO 2010
CLIMATE RECORD PERIOD 1874 TO 2017


WEATHER ITEM   OBSERVED TIME   RECORD YEAR NORMAL DEPARTURE LAST
                VALUE   (LST)  VALUE       VALUE  FROM      YEAR
                                                  NORMAL
..................................................................
TEMPERATURE (F)
 YESTERDAY
  MAXIMUM         37    345 PM  80    1938  47    -10       55
  MINIMUM         13    351 AM  -4    1875  28    -15       34
  AVERAGE         25                        38    -13       45

PRECIPITATION (IN)
  YESTERDAY        0.00          1.19 1903   0.11  -0.11      T
  MONTH TO DATE    1.79                      2.35  -0.56     0.77
  SINCE MAR 1      1.79                      2.35  -0.56     0.77
  SINCE JAN 1      7.77                      7.14   0.63     6.08

SNOWFALL (IN)
  YESTERDAY        0.0           2.7  2005   0.3   -0.3      0.0
  MONTH TO DATE   17.2                       9.2    8.0      0.2
  SINCE MAR 1     17.2                       9.2    8.0      0.2
  SINCE JUL 1     58.4                      56.1    2.3     10.5
  SNOW DEPTH       4

DEGREE DAYS
 HEATING
  YESTERDAY       40                        27     13       20
  MONTH TO DATE  810                       725     85      538
  SINCE MAR 1    810                       725     85      538
  SINCE JUL 1   4973                      5669   -696     4467

 COOLING
  YESTERDAY        0                         0      0        0
  MONTH TO DATE    0                         0      0        0
  SINCE MAR 1      0                         0      0        0
  SINCE JAN 1      0                         0      0        0
..................................................................


WIND (MPH)
  HIGHEST WIND SPEED    22   HIGHEST WIND DIRECTION    NW (300)
  HIGHEST GUST SPEED    26   HIGHEST GUST DIRECTION     W (280)
  AVERAGE WIND SPEED     8.4


SKY COVER
  AVERAGE SKY COVER 0.2



RELATIVE HUMIDITY (PERCENT)
 HIGHEST    58
 LOWEST     26
 AVERAGE    42

..........................................................


THE ALBANY NY CLIMATE NORMALS FOR TODAY
                         NORMAL    RECORD    YEAR
 MAXIMUM TEMPERATURE (F)   48        69      1976
 MINIMUM TEMPERATURE (F)   29         0      1875


SUNRISE AND SUNSET
MARCH 24 2017.........SUNRISE   651 AM EDT   SUNSET   712 PM EDT
MARCH 25 2017.........SUNRISE   649 AM EDT   SUNSET   714 PM EDT


-  INDICATES NEGATIVE NUMBERS.
R  INDICATES RECORD WAS SET OR TIED.
MM INDICATES DATA IS MISSING.
T  INDICATES TRACE AMOUNT.




$$
