930
CDUS41 KALY 062045
CLIALB


CLIMATE REPORT
NATIONAL WEATHER SERVICE ALBANY NY
445 PM EDT FRI MAY 6 2016


...................................

...THE ALBANY NY CLIMATE SUMMARY FOR MAY 6 2016...
VALID TODAY AS OF 0400 PM LOCAL TIME.

CLIMATE NORMAL PERIOD 1981 TO 2010
CLIMATE RECORD PERIOD 1874 TO 2016


WEATHER ITEM   OBSERVED TIME   RECORD YEAR NORMAL DEPARTURE LAST
                VALUE   (LST)  VALUE       VALUE  FROM      YEAR
                                                  NORMAL
..................................................................
TEMPERATURE (F)
 TODAY
  MAXIMUM         63    237 PM  89    1930  67     -4       78
  MINIMUM         50    507 AM  29    1969  44      6       53
  AVERAGE         57                        55      2       66

PRECIPITATION (IN)
  TODAY            0.02          0.73 1947   0.11  -0.09     0.00
  MONTH TO DATE    0.83                      0.65   0.18     0.00
  SINCE MAR 1      3.85                      7.03  -3.18     3.35
  SINCE JAN 1      9.16                     11.82  -2.66     7.67

SNOWFALL (IN)
  TODAY            0.0           T    1994   0.0    0.0      0.0
  MONTH TO DATE    0.0                       0.0    0.0      0.0
  SINCE MAR 1      6.6                      13.3   -6.7      5.3
  SINCE JUL 1     16.9                      60.2  -43.3     75.9
  SNOW DEPTH       0

DEGREE DAYS
 HEATING
  TODAY            8                        10     -2        0
  MONTH TO DATE   81                        65     16       16
  SINCE MAR 1   1332                      1514   -182     1612
  SINCE JUL 1   5261                      6458  -1197     6742

 COOLING
  TODAY            0                         0      0        1
  MONTH TO DATE    0                         0      0       12
  SINCE MAR 1      2                         4     -2       12
  SINCE JAN 1      2                         4     -2       12
..................................................................


WIND (MPH)
  HIGHEST WIND SPEED    15   HIGHEST WIND DIRECTION     N (10)
  HIGHEST GUST SPEED    19   HIGHEST GUST DIRECTION     N (20)
  AVERAGE WIND SPEED     7.9


SKY COVER
  AVERAGE SKY COVER 0.8



RELATIVE HUMIDITY (PERCENT)
 HIGHEST    71          1200 AM
 LOWEST     52           200 PM
 AVERAGE    62

..........................................................


THE ALBANY NY CLIMATE NORMALS FOR TOMORROW
                         NORMAL    RECORD    YEAR
 MAXIMUM TEMPERATURE (F)   67        92      1930
 MINIMUM TEMPERATURE (F)   44        29      1874


SUNRISE AND SUNSET
MAY  6 2016...........SUNRISE   542 AM EDT   SUNSET   802 PM EDT
MAY  7 2016...........SUNRISE   541 AM EDT   SUNSET   803 PM EDT


-  INDICATES NEGATIVE NUMBERS.
R  INDICATES RECORD WAS SET OR TIED.
MM INDICATES DATA IS MISSING.
T  INDICATES TRACE AMOUNT.




$$
