000
CDUS41 KALY 040626
CLIALB


CLIMATE REPORT
NATIONAL WEATHER SERVICE ALBANY NY
125 AM EST WED MAR 4 2015


...................................

...THE ALBANY NY CLIMATE SUMMARY FOR MARCH 3 2015...

CLIMATE NORMAL PERIOD 1981 TO 2010
CLIMATE RECORD PERIOD 1874 TO 2015


WEATHER ITEM   OBSERVED TIME   RECORD YEAR NORMAL DEPARTURE LAST
                VALUE   (LST)  VALUE       VALUE  FROM      YEAR
                                                  NORMAL
..................................................................
TEMPERATURE (F)
 YESTERDAY
  MAXIMUM         30   1159 PM  64    2002  39     -9       19
  MINIMUM          7    626 AM -10    1950  21    -14        7
  AVERAGE         19                        30    -11       13

PRECIPITATION (IN)
  YESTERDAY        0.10          1.07 1954   0.09   0.01      T
  MONTH TO DATE    0.18                      0.28  -0.10      T
  SINCE MAR 1      0.18                      0.28  -0.10      T
  SINCE JAN 1      4.50                      5.07  -0.57     5.79

SNOWFALL (IN)
  YESTERDAY        0.4          10.9  1994   0.4    0.0       T
  MONTH TO DATE    2.0                       1.3    0.7       T
  SINCE MAR 1      2.0                       1.3    0.7       T
  SINCE JUL 1     72.6                      47.8   24.8     65.2
  SNOW DEPTH      12

DEGREE DAYS
 HEATING
  YESTERDAY       46                        35     11       52
  MONTH TO DATE  136                       105     31      141
  SINCE MAR 1    136                       105     31      141
  SINCE JUL 1   5266                      5049    217     5258

 COOLING
  YESTERDAY        0                         0      0        0
  MONTH TO DATE    0                         0      0        0
  SINCE MAR 1      0                         0      0        0
  SINCE JAN 1      0                         0      0        0
..................................................................


WIND (MPH)
  HIGHEST WIND SPEED    24   HIGHEST WIND DIRECTION     S (180)
  HIGHEST GUST SPEED    35   HIGHEST GUST DIRECTION     S (170)
  AVERAGE WIND SPEED    11.3


SKY COVER
  AVERAGE SKY COVER 0.7



RELATIVE HUMIDITY (PERCENT)
 HIGHEST    81
 LOWEST     38
 AVERAGE    60

..........................................................


THE ALBANY NY CLIMATE NORMALS FOR TODAY
                         NORMAL    RECORD    YEAR
 MAXIMUM TEMPERATURE (F)   40        59      1919
 MINIMUM TEMPERATURE (F)   22       -20      1950


SUNRISE AND SUNSET
MARCH  4 2015.........SUNRISE   626 AM EST   SUNSET   548 PM EST
MARCH  5 2015.........SUNRISE   625 AM EST   SUNSET   549 PM EST


-  INDICATES NEGATIVE NUMBERS.
R  INDICATES RECORD WAS SET OR TIED.
MM INDICATES DATA IS MISSING.
T  INDICATES TRACE AMOUNT.




$$
