000
CDUS43 KDMX 240633 RRA
CLIALO

CLIMATE REPORT
NATIONAL WEATHER SERVICE DES MOINES IA
133 AM CDT SUN SEP 24 2017

...................................

...THE WATERLOO IA CLIMATE SUMMARY FOR SEPTEMBER 23 2017...

CLIMATE NORMAL PERIOD 1981 TO 2010
CLIMATE RECORD PERIOD 1895 TO 2017


WEATHER ITEM   OBSERVED TIME   RECORD YEAR NORMAL DEPARTURE LAST
                VALUE   (LST)  VALUE       VALUE  FROM      YEAR
                                                  NORMAL
..................................................................
TEMPERATURE (F)
 YESTERDAY
  MAXIMUM         92R   332 PM  91    1937  72     20       77
  MINIMUM         65    627 AM  28    1983  47     18       64
  AVERAGE         79                        60     19       71

PRECIPITATION (IN)
  YESTERDAY        0.00          1.92 1902   0.08  -0.08     0.37
  MONTH TO DATE    0.50                      2.05  -1.55     7.02
  SINCE SEP 1      0.50                      2.05  -1.55     7.02
  SINCE JAN 1     23.18                     28.33  -5.15    35.71

SNOWFALL (IN)
  YESTERDAY        0.0          MM      MM   0.0    0.0      0.0
  MONTH TO DATE    0.0                       0.0    0.0      0.0
  SINCE SEP 1      0.0                       0.0    0.0      0.0
  SINCE JUL 1      0.0                       0.0    0.0      0.0
  SNOW DEPTH       0

DEGREE DAYS
 HEATING
  YESTERDAY        0                         7     -7        0
  MONTH TO DATE   43                        82    -39       10
  SINCE SEP 1     43                        82    -39       10
  SINCE JUL 1     60                       102    -42       15

 COOLING
  YESTERDAY       14                         1     13        6
  MONTH TO DATE   96                        71     25       96
  SINCE SEP 1     96                        71     25       96
  SINCE JAN 1    687                       783    -96      849
..................................................................


WIND (MPH)
  HIGHEST WIND SPEED    18   HIGHEST WIND DIRECTION     S (200)
  HIGHEST GUST SPEED    24   HIGHEST GUST DIRECTION     S (180)
  AVERAGE WIND SPEED     8.5


SKY COVER
  POSSIBLE SUNSHINE  MM
  AVERAGE SKY COVER 0.0


WEATHER CONDITIONS
 THE FOLLOWING WEATHER WAS RECORDED YESTERDAY.
  NO SIGNIFICANT WEATHER WAS OBSERVED.


RELATIVE HUMIDITY (PERCENT)
 HIGHEST    87           500 AM
 LOWEST     38           200 PM
 AVERAGE    63

..........................................................


THE WATERLOO IA CLIMATE NORMALS FOR TODAY
                         NORMAL    RECORD    YEAR
 MAXIMUM TEMPERATURE (F)   72        91      1984
 MINIMUM TEMPERATURE (F)   47        29      2012
                                             1989


SUNRISE AND SUNSET
SEPTEMBER 24 2017.....SUNRISE   659 AM CDT   SUNSET   703 PM CDT
SEPTEMBER 25 2017.....SUNRISE   700 AM CDT   SUNSET   701 PM CDT


-  INDICATES NEGATIVE NUMBERS.
R  INDICATES RECORD WAS SET OR TIED.
MM INDICATES DATA IS MISSING.
T  INDICATES TRACE AMOUNT.

$$

SMALL
