000
CDUS43 KDMX 290701 RRA
CLIALO

CLIMATE REPORT
NATIONAL WEATHER SERVICE DES MOINES IA
101 AM CST THU JAN 29 2015

...................................

...THE WATERLOO IA CLIMATE SUMMARY FOR JANUARY 28 2015...

CLIMATE NORMAL PERIOD 1981 TO 2010
CLIMATE RECORD PERIOD 1895 TO 2015


WEATHER ITEM   OBSERVED TIME   RECORD YEAR NORMAL DEPARTURE LAST
                VALUE   (LST)  VALUE       VALUE  FROM      YEAR
                                                  NORMAL
..................................................................
TEMPERATURE (F)
 YESTERDAY
  MAXIMUM         37    324 PM  51    1931  28      9        8
  MINIMUM         26    719 AM -29    1915  10     16      -18
  AVERAGE         32                        19     13       -5

PRECIPITATION (IN)
  YESTERDAY        0.00          1.20 1949   0.03  -0.03     0.00
  MONTH TO DATE    0.64                      0.74  -0.10     0.60
  SINCE DEC 1      2.28                      1.94   0.34     1.54
  SINCE JAN 1      0.64                      0.74  -0.10     0.60

SNOWFALL (IN)
  YESTERDAY        0.0          12.0  1949   0.3   -0.3      0.0
  MONTH TO DATE    8.7                       7.3    1.4      5.7
  SINCE DEC 1      9.2                      17.2   -8.0     23.6
  SINCE JUL 1     14.6                      20.6   -6.0     29.5
  SNOW DEPTH       0

DEGREE DAYS
 HEATING
  YESTERDAY       33                        46    -13       70
  MONTH TO DATE 1249                      1308    -59     1536
  SINCE DEC 1   2389                      2636   -247     3084
  SINCE JUL 1   4138                      4119     19     4690

 COOLING
  YESTERDAY        0                         0      0        0
  MONTH TO DATE    0                         0      0        0
  SINCE DEC 1      0                         0      0        0
  SINCE JAN 1      0                         0      0        0
..................................................................


WIND (MPH)
  HIGHEST WIND SPEED    23   HIGHEST WIND DIRECTION    SE (140)
  HIGHEST GUST SPEED    28   HIGHEST GUST DIRECTION    SE (140)
  AVERAGE WIND SPEED    12.9


SKY COVER
  POSSIBLE SUNSHINE  MM
  AVERAGE SKY COVER 0.8


WEATHER CONDITIONS
 THE FOLLOWING WEATHER WAS RECORDED YESTERDAY.
  FOG
  HAZE


RELATIVE HUMIDITY (PERCENT)
 HIGHEST   100           700 AM
 LOWEST     75          1200 PM
 AVERAGE    88

..........................................................


THE WATERLOO IA CLIMATE NORMALS FOR TODAY
                         NORMAL    RECORD    YEAR
 MAXIMUM TEMPERATURE (F)   28        54      1919
 MINIMUM TEMPERATURE (F)   10       -26      1966


SUNRISE AND SUNSET
JANUARY 29 2015.......SUNRISE   727 AM CST   SUNSET   519 PM CST
JANUARY 30 2015.......SUNRISE   726 AM CST   SUNSET   520 PM CST


-  INDICATES NEGATIVE NUMBERS.
R  INDICATES RECORD WAS SET OR TIED.
MM INDICATES DATA IS MISSING.
T  INDICATES TRACE AMOUNT.

$$

SMALL
