000
CDUS43 KDMX 222329 RRA
CLIALO

CLIMATE REPORT
NATIONAL WEATHER SERVICE DES MOINES IA
529 PM CST SUN JAN 22 2017


...................................

...THE WATERLOO IA CLIMATE SUMMARY FOR JANUARY 22 2017...
VALID TODAY AS OF 0500 PM LOCAL TIME.

CLIMATE NORMAL PERIOD 1981 TO 2010
CLIMATE RECORD PERIOD 1895 TO 2017


WEATHER ITEM   OBSERVED TIME   RECORD YEAR NORMAL DEPARTURE LAST
                VALUE   (LST)  VALUE       VALUE  FROM      YEAR
                                                  NORMAL
..................................................................
TEMPERATURE (F)
 TODAY
  MAXIMUM         38    224 PM  60    2002  27     11       23
  MINIMUM         30    110 AM -33    1930   9     21       17
  AVERAGE         34                        18     16       20

PRECIPITATION (IN)
  TODAY            0.00          0.49 1982   0.02  -0.02      T
  MONTH TO DATE    2.38                      0.57   1.81     0.56
  SINCE DEC 1      4.25                      1.77   2.48     6.48
  SINCE JAN 1      2.38                      0.57   1.81     0.56

SNOWFALL (IN)
  TODAY            0.0           4.4  1952   0.3   -0.3       T
  MONTH TO DATE    0.6                       5.6   -5.0      1.0
  SINCE DEC 1     11.1                      15.5   -4.4     15.0
  SINCE JUL 1     11.1                      18.9   -7.8     27.7
  SNOW DEPTH       0

DEGREE DAYS
 HEATING
  TODAY           31                        47    -16       45
  MONTH TO DATE  946                      1030    -84     1090
  SINCE DEC 1   2269                      2358    -89     2046
  SINCE JUL 1   3258                      3841   -583     3261

 COOLING
  TODAY            0                         0      0        0
  MONTH TO DATE    0                         0      0        0
  SINCE DEC 1      0                         0      0        0
  SINCE JAN 1      0                         0      0        0
..................................................................


WIND (MPH)
  HIGHEST WIND SPEED    16   HIGHEST WIND DIRECTION    NW (330)
  HIGHEST GUST SPEED    21   HIGHEST GUST DIRECTION    NW (330)
  AVERAGE WIND SPEED     6.4


SKY COVER
  POSSIBLE SUNSHINE  MM
  AVERAGE SKY COVER 1.0


WEATHER CONDITIONS
 THE FOLLOWING WEATHER WAS RECORDED TODAY.
  FOG
  FOG W/VISIBILITY <= 1/4 MILE


RELATIVE HUMIDITY (PERCENT)
 HIGHEST   100          1200 AM
 LOWEST     82           600 AM
 AVERAGE    91

..........................................................


THE WATERLOO IA CLIMATE NORMALS FOR TOMORROW
                         NORMAL    RECORD    YEAR
 MAXIMUM TEMPERATURE (F)   28        52      1981
 MINIMUM TEMPERATURE (F)    9       -27      1936


SUNRISE AND SUNSET
JANUARY 22 2017.......SUNRISE   732 AM CST   SUNSET   511 PM CST
JANUARY 23 2017.......SUNRISE   731 AM CST   SUNSET   512 PM CST


-  INDICATES NEGATIVE NUMBERS.
R  INDICATES RECORD WAS SET OR TIED.
MM INDICATES DATA IS MISSING.
T  INDICATES TRACE AMOUNT.




$$
