000
CDUS45 KPUB 201023
CLIALS


CLIMATE REPORT
NATIONAL WEATHER SERVICE PUEBLO
423 AM MDT SAT SEP 20 2014


...................................

...THE ALAMOSA CO CLIMATE SUMMARY FOR SEPTEMBER 19 2014...

CLIMATE NORMAL PERIOD 1981 TO 2010
CLIMATE RECORD PERIOD 1932 TO 2014


WEATHER ITEM   OBSERVED TIME   RECORD YEAR NORMAL DEPARTURE LAST
                VALUE   (LST)  VALUE       VALUE  FROM      YEAR
                                                  NORMAL
..................................................................
TEMPERATURE (F)
 YESTERDAY
  MAXIMUM         82    402 PM  84    2010  72     10       72
  MINIMUM         35    546 AM  20    1988  36     -1       43
  AVERAGE         59                        54      5       58

PRECIPITATION (IN)
  YESTERDAY        0.00          0.37 2004   0.03  -0.03     0.01
  MONTH TO DATE    0.09                      0.64  -0.55     1.92
  SINCE SEP 1      0.09                      0.64  -0.55     1.92
  SINCE JAN 1      3.97                      5.59  -1.62     6.79

SNOWFALL (IN)
  YESTERDAY        0.0           0.0  2002   0.0    0.0      0.0
  MONTH TO DATE    0.0                       0.0    0.0      0.0
  SINCE SEP 1      0.0                       0.0    0.0      0.0
  SINCE JUL 1      0.0                       0.0    0.0      0.0
  SNOW DEPTH       0

DEGREE DAYS
 HEATING
  YESTERDAY        6                        11     -5        7
  MONTH TO DATE  102                       152    -50       70
  SINCE SEP 1    102                       152    -50       70
  SINCE JUL 1    223                       281    -58      145

 COOLING
  YESTERDAY        0                         0      0        0
  MONTH TO DATE    0                         0      0       14
  SINCE SEP 1      0                         0      0       14
  SINCE JAN 1     60                        51      9      113
..................................................................


WIND (MPH)
  HIGHEST WIND SPEED    13   HIGHEST WIND DIRECTION    SE (130)
  HIGHEST GUST SPEED    15   HIGHEST GUST DIRECTION     S (180)
  AVERAGE WIND SPEED     4.6


SKY COVER
  POSSIBLE SUNSHINE  MM
  AVERAGE SKY COVER 0.0


WEATHER CONDITIONS
 THE FOLLOWING WEATHER WAS RECORDED YESTERDAY.
  NO SIGNIFICANT WEATHER WAS OBSERVED.


RELATIVE HUMIDITY (PERCENT)
 HIGHEST    82           500 AM
 LOWEST     14           500 PM
 AVERAGE    48

..........................................................


THE ALAMOSA CO CLIMATE NORMALS FOR TODAY
                         NORMAL    RECORD    YEAR
 MAXIMUM TEMPERATURE (F)   72        82      2010
                                             1956
 MINIMUM TEMPERATURE (F)   35        20      1971


SUNRISE AND SUNSET
SEPTEMBER 20 2014.....SUNRISE   650 AM MDT   SUNSET   703 PM MDT
SEPTEMBER 21 2014.....SUNRISE   650 AM MDT   SUNSET   702 PM MDT


-  INDICATES NEGATIVE NUMBERS.
R  INDICATES RECORD WAS SET OR TIED.
MM INDICATES DATA IS MISSING.
T  INDICATES TRACE AMOUNT.




$$
