000
CDUS45 KPUB 311034
CLIALS


CLIMATE REPORT
NATIONAL WEATHER SERVICE PUEBLO
434 AM MDT FRI OCT 31 2014


...................................

...THE ALAMOSA CO CLIMATE SUMMARY FOR OCTOBER 30 2014...

CLIMATE NORMAL PERIOD 1981 TO 2010
CLIMATE RECORD PERIOD 1932 TO 2014


WEATHER ITEM   OBSERVED TIME   RECORD YEAR NORMAL DEPARTURE LAST
                VALUE   (LST)  VALUE       VALUE  FROM      YEAR
                                                  NORMAL
..................................................................
TEMPERATURE (F)
 YESTERDAY
  MAXIMUM         65    404 PM  73    1950  56      9       47
  MINIMUM         18    637 AM  -2    1989  19     -1       25
                                      1967
  AVERAGE         42                        38      4       36

PRECIPITATION (IN)
  YESTERDAY        0.00          0.74 1991   0.02  -0.02     0.00
  MONTH TO DATE    0.70                      0.66   0.04     0.53
  SINCE SEP 1      1.11                      1.57  -0.46     3.51
  SINCE JAN 1      4.99                      6.52  -1.53     8.38

SNOWFALL (IN)
  YESTERDAY        0.0          13.1  1991   0.1   -0.1      0.0
  MONTH TO DATE    T                         2.0   -2.0      3.5
  SINCE SEP 1      T                         2.0   -2.0      3.5
  SINCE JUL 1      T                         2.0   -2.0      3.5
  SNOW DEPTH       0

DEGREE DAYS
 HEATING
  YESTERDAY       23                        27     -4       29
  MONTH TO DATE  533                       650   -117      669
  SINCE SEP 1    712                       952   -240      891
  SINCE JUL 1    833                      1081   -248      966

 COOLING
  YESTERDAY        0                         0      0        0
  MONTH TO DATE    0                         0      0        0
  SINCE SEP 1      0                         0      0       14
  SINCE JAN 1     60                        51      9      113
..................................................................


WIND (MPH)
  HIGHEST WIND SPEED    12   HIGHEST WIND DIRECTION    SE (130)
  HIGHEST GUST SPEED    14   HIGHEST GUST DIRECTION     E (110)
  AVERAGE WIND SPEED     4.2


SKY COVER
  POSSIBLE SUNSHINE  MM
  AVERAGE SKY COVER 0.0


WEATHER CONDITIONS
 THE FOLLOWING WEATHER WAS RECORDED YESTERDAY.
  NO SIGNIFICANT WEATHER WAS OBSERVED.


RELATIVE HUMIDITY (PERCENT)
 HIGHEST    68           400 AM
 LOWEST     15           300 PM
 AVERAGE    42

..........................................................


THE ALAMOSA CO CLIMATE NORMALS FOR TODAY
                         NORMAL    RECORD    YEAR
 MAXIMUM TEMPERATURE (F)   55        70      1945
 MINIMUM TEMPERATURE (F)   19        -9      1991


SUNRISE AND SUNSET
OCTOBER 31 2014.......SUNRISE   727 AM MDT   SUNSET   606 PM MDT
NOVEMBER  1 2014......SUNRISE   728 AM MDT   SUNSET   605 PM MDT


-  INDICATES NEGATIVE NUMBERS.
R  INDICATES RECORD WAS SET OR TIED.
MM INDICATES DATA IS MISSING.
T  INDICATES TRACE AMOUNT.




$$
