000
CDUS45 KPUB 281029
CLIALS


CLIMATE REPORT
NATIONAL WEATHER SERVICE PUEBLO
429 AM MDT FRI AUG 28 2015


...................................

...THE ALAMOSA CO CLIMATE SUMMARY FOR AUGUST 27 2015...

CLIMATE NORMAL PERIOD 1981 TO 2010
CLIMATE RECORD PERIOD 1932 TO 2015


WEATHER ITEM   OBSERVED TIME   RECORD YEAR NORMAL DEPARTURE LAST
                VALUE   (LST)  VALUE       VALUE  FROM      YEAR
                                                  NORMAL
..................................................................
TEMPERATURE (F)
 YESTERDAY
  MAXIMUM         77    241 PM  87    2002  78     -1       76
  MINIMUM         46    538 AM  32    1992  44      2       43
  AVERAGE         62                        61      1       60

PRECIPITATION (IN)
  YESTERDAY        T             1.31 1993   0.04  -0.04     0.00
  MONTH TO DATE    0.46                      1.11  -0.65     0.53
  SINCE JUN 1      2.99                      2.57   0.42     2.07
  SINCE JAN 1      6.93                      4.79   2.14     3.88

SNOWFALL (IN)
  YESTERDAY        0.0           0.0  2002   0.0    0.0      0.0
  MONTH TO DATE    0.0                       0.0    0.0      0.0
  SINCE JUN 1      0.0                       0.0    0.0      0.0
  SINCE JUL 1      0.0                       0.0    0.0      0.0
  SNOW DEPTH       0

DEGREE DAYS
 HEATING
  YESTERDAY        3                         4     -1        5
  MONTH TO DATE   44                        66    -22       73
  SINCE JUN 1    164                       279   -115      221
  SINCE JUL 1     88                       111    -23       95

 COOLING
  YESTERDAY        0                         0      0        0
  MONTH TO DATE   24                        12     12        3
  SINCE JUN 1     73                        50     23       60
  SINCE JAN 1     73                        50     23       60
..................................................................


WIND (MPH)
  HIGHEST WIND SPEED    16   HIGHEST WIND DIRECTION     N (340)
  HIGHEST GUST SPEED    21   HIGHEST GUST DIRECTION     N (360)
  AVERAGE WIND SPEED     6.0


SKY COVER
  POSSIBLE SUNSHINE  MM
  AVERAGE SKY COVER 0.3


WEATHER CONDITIONS
 THE FOLLOWING WEATHER WAS RECORDED YESTERDAY.
  LIGHT RAIN
  FOG
  FOG W/VISIBILITY <= 1/4 MILE


RELATIVE HUMIDITY (PERCENT)
 HIGHEST   100           600 AM
 LOWEST     33           200 PM
 AVERAGE    67

..........................................................


THE ALAMOSA CO CLIMATE NORMALS FOR TODAY
                         NORMAL    RECORD    YEAR
 MAXIMUM TEMPERATURE (F)   78        87      2011
 MINIMUM TEMPERATURE (F)   44        30      1964


SUNRISE AND SUNSET
AUGUST 28 2015........SUNRISE   630 AM MDT   SUNSET   738 PM MDT
AUGUST 29 2015........SUNRISE   631 AM MDT   SUNSET   737 PM MDT


-  INDICATES NEGATIVE NUMBERS.
R  INDICATES RECORD WAS SET OR TIED.
MM INDICATES DATA IS MISSING.
T  INDICATES TRACE AMOUNT.




$$
