000
CDUS45 KPUB 041051
CLIALS


CLIMATE REPORT
NATIONAL WEATHER SERVICE PUEBLO
451 AM MDT SAT JUL 4 2015


...................................

...THE ALAMOSA CO CLIMATE SUMMARY FOR JULY 3 2015...

CLIMATE NORMAL PERIOD 1981 TO 2010
CLIMATE RECORD PERIOD 1932 TO 2015


WEATHER ITEM   OBSERVED TIME   RECORD YEAR NORMAL DEPARTURE LAST
                VALUE   (LST)  VALUE       VALUE  FROM      YEAR
                                                  NORMAL
..................................................................
TEMPERATURE (F)
 YESTERDAY
  MAXIMUM         79    253 PM  92    2007  82     -3       81
                                      1989
  MINIMUM         45    512 AM  34    1992  45      0       43
  AVERAGE         62                        64     -2       62

PRECIPITATION (IN)
  YESTERDAY        T             0.81 2001   0.02  -0.02      T
  MONTH TO DATE    0.11                      0.07   0.04      T
  SINCE JUN 1      1.30                      0.56   0.74     0.02
  SINCE JAN 1      5.24                      2.78   2.46     1.83

SNOWFALL (IN)
  YESTERDAY        0.0           0.0  2002   0.0    0.0      0.0
  MONTH TO DATE    0.0                       0.0    0.0      0.0
  SINCE JUN 1      0.0                       0.0    0.0      0.0
  SINCE JUL 1      0.0                       0.0    0.0      0.0
  SNOW DEPTH       0

DEGREE DAYS
 HEATING
  YESTERDAY        3                         2      1        3
  MONTH TO DATE    3                         6     -3        5
  SINCE JUN 1     79                       174    -95      131
  SINCE JUL 1      3                         6     -3        5

 COOLING
  YESTERDAY        0                         1     -1        0
  MONTH TO DATE    9                         3      6        0
  SINCE JUN 1     33                         9     24        1
  SINCE JAN 1     33                         9     24        1
..................................................................


WIND (MPH)
  HIGHEST WIND SPEED    20   HIGHEST WIND DIRECTION     N (360)
  HIGHEST GUST SPEED    25   HIGHEST GUST DIRECTION     N (10)
  AVERAGE WIND SPEED     5.3


SKY COVER
  POSSIBLE SUNSHINE  MM
  AVERAGE SKY COVER 0.3


WEATHER CONDITIONS
 THE FOLLOWING WEATHER WAS RECORDED YESTERDAY.
  THUNDERSTORM
  LIGHT RAIN
  FOG
  FOG W/VISIBILITY <= 1/4 MILE


RELATIVE HUMIDITY (PERCENT)
 HIGHEST   100           500 AM
 LOWEST     32           300 PM
 AVERAGE    66

..........................................................


THE ALAMOSA CO CLIMATE NORMALS FOR TODAY
                         NORMAL    RECORD    YEAR
 MAXIMUM TEMPERATURE (F)   83        93      1989
 MINIMUM TEMPERATURE (F)   45        35      1995
                                             1943


SUNRISE AND SUNSET
JULY  4 2015..........SUNRISE   548 AM MDT   SUNSET   828 PM MDT
JULY  5 2015..........SUNRISE   548 AM MDT   SUNSET   828 PM MDT


-  INDICATES NEGATIVE NUMBERS.
R  INDICATES RECORD WAS SET OR TIED.
MM INDICATES DATA IS MISSING.
T  INDICATES TRACE AMOUNT.




$$
