000
CDUS45 KPUB 201008
CLIALS


CLIMATE REPORT
NATIONAL WEATHER SERVICE PUEBLO
406 AM MDT SUN APR 20 2014


...................................

...THE ALAMOSA CO CLIMATE SUMMARY FOR APRIL 19 2014...

CLIMATE NORMAL PERIOD 1981 TO 2010
CLIMATE RECORD PERIOD 1932 TO 2014


WEATHER ITEM   OBSERVED TIME   RECORD YEAR NORMAL DEPARTURE LAST
                VALUE   (LST)  VALUE       VALUE  FROM      YEAR
                                                  NORMAL
..................................................................
TEMPERATURE (F)
 YESTERDAY
  MAXIMUM         65    309 PM  74    1989  60      5       55
                                      1962
  MINIMUM         41    547 AM   6    2013  25     16        6
  AVERAGE         53                        43     10       31

PRECIPITATION (IN)
  YESTERDAY        0.00          0.68 1947   0.02  -0.02     0.00
  MONTH TO DATE    0.98                      0.36   0.62     0.32
  SINCE MAR 1      1.38                      0.89   0.49     0.66
  SINCE JAN 1      1.50                      1.41   0.09     0.88

SNOWFALL (IN)
  YESTERDAY        0.0           5.2  1947   0.1   -0.1      0.0
  MONTH TO DATE    6.6                       2.5    4.1      2.2
  SINCE MAR 1     10.0                       7.5    2.5      5.6
  SINCE JUL 1     38.1                      25.6   12.5     21.1
  SNOW DEPTH       0

DEGREE DAYS
 HEATING
  YESTERDAY       12                        22    -10       34
  MONTH TO DATE  443                       471    -28      468
  SINCE MAR 1   1318                      1448   -130     1427
  SINCE JUL 1   7886                      7777    109     8214

 COOLING
  YESTERDAY        0                         0      0        0
  MONTH TO DATE    0                         0      0        0
  SINCE MAR 1      0                         0      0        0
  SINCE JAN 1      0                         0      0        0
..................................................................


WIND (MPH)
  HIGHEST WIND SPEED    22   HIGHEST WIND DIRECTION     S (200)
  HIGHEST GUST SPEED    28   HIGHEST GUST DIRECTION     S (200)
  AVERAGE WIND SPEED     9.8


SKY COVER
  POSSIBLE SUNSHINE  MM
  AVERAGE SKY COVER 0.4


WEATHER CONDITIONS
 THE FOLLOWING WEATHER WAS RECORDED YESTERDAY.
  NO SIGNIFICANT WEATHER WAS OBSERVED.


RELATIVE HUMIDITY (PERCENT)
 HIGHEST    76           600 AM
 LOWEST     20           300 PM
 AVERAGE    48

..........................................................


THE ALAMOSA CO CLIMATE NORMALS FOR TODAY
                         NORMAL    RECORD    YEAR
 MAXIMUM TEMPERATURE (F)   61        80      1989
 MINIMUM TEMPERATURE (F)   26        11      1982


SUNRISE AND SUNSET
APRIL 20 2014.........SUNRISE   622 AM MDT   SUNSET   743 PM MDT
APRIL 21 2014.........SUNRISE   621 AM MDT   SUNSET   744 PM MDT


-  INDICATES NEGATIVE NUMBERS.
R  INDICATES RECORD WAS SET OR TIED.
MM INDICATES DATA IS MISSING.
T  INDICATES TRACE AMOUNT.




$$
