000
CDUS45 KPUB 050044
CLIALS


CLIMATE REPORT
NATIONAL WEATHER SERVICE PUEBLO
544 PM MST WED MAR 4 2015


...................................

...THE ALAMOSA CO CLIMATE SUMMARY FOR MARCH 4 2015...
VALID TODAY AS OF 0500 PM LOCAL TIME.

CLIMATE NORMAL PERIOD 1981 TO 2010
CLIMATE RECORD PERIOD 1932 TO 2015


WEATHER ITEM   OBSERVED TIME   RECORD YEAR NORMAL DEPARTURE LAST
                VALUE   (LST)  VALUE       VALUE  FROM      YEAR
                                                  NORMAL
..................................................................
TEMPERATURE (F)
 TODAY
  MAXIMUM         37    257 PM  62    2009  46     -9       47
  MINIMUM         16    644 AM -20    1964  13      3       21
  AVERAGE         27                        30     -3       34

PRECIPITATION (IN)
  TODAY            0.00          1.15 1992   0.01  -0.01      T
  MONTH TO DATE    0.06                      0.05   0.01     0.21
  SINCE MAR 1      0.06                      0.05   0.01     0.21
  SINCE JAN 1      1.40                      0.57   0.83     0.33

SNOWFALL (IN)
  TODAY            0.0          12.0  1992   0.2   -0.2       T
  MONTH TO DATE    T                         0.6   -0.6      2.0
  SINCE MAR 1      T                         0.6   -0.6      2.0
  SINCE JUL 1     23.1                      18.7    4.4     30.1
  SNOW DEPTH       T

DEGREE DAYS
 HEATING
  TODAY           38                        35      3       31
  MONTH TO DATE  146                       143      3      112
  SINCE MAR 1    146                       143      3      112
  SINCE JUL 1   5638                      6472   -834     6680

 COOLING
  TODAY            0                         0      0        0
  MONTH TO DATE    0                         0      0        0
  SINCE MAR 1      0                         0      0        0
  SINCE JAN 1      0                         0      0        0
..................................................................


WIND (MPH)
  HIGHEST WIND SPEED    32   HIGHEST WIND DIRECTION     N (350)
  HIGHEST GUST SPEED    45   HIGHEST GUST DIRECTION     N (360)
  AVERAGE WIND SPEED     5.7


SKY COVER
  POSSIBLE SUNSHINE  MM
  AVERAGE SKY COVER 0.3


WEATHER CONDITIONS
 THE FOLLOWING WEATHER WAS RECORDED TODAY.
  NO SIGNIFICANT WEATHER WAS OBSERVED.


RELATIVE HUMIDITY (PERCENT)
 HIGHEST    84          1200 AM
 LOWEST     38           200 PM
 AVERAGE    61

..........................................................


THE ALAMOSA CO CLIMATE NORMALS FOR TOMORROW
                         NORMAL    RECORD    YEAR
 MAXIMUM TEMPERATURE (F)   47        62      1986
 MINIMUM TEMPERATURE (F)   14        -8      1965
                                             1948
                                             1939


SUNRISE AND SUNSET
MARCH  4 2015.........SUNRISE   631 AM MST   SUNSET   600 PM MST
MARCH  5 2015.........SUNRISE   629 AM MST   SUNSET   601 PM MST


-  INDICATES NEGATIVE NUMBERS.
R  INDICATES RECORD WAS SET OR TIED.
MM INDICATES DATA IS MISSING.
T  INDICATES TRACE AMOUNT.




$$
