000
CDUS45 KPUB 271033
CLIALS


CLIMATE REPORT
NATIONAL WEATHER SERVICE PUEBLO
433 AM MDT THU APR 27 2017


...................................

...THE ALAMOSA CO CLIMATE SUMMARY FOR APRIL 26 2017...

CLIMATE NORMAL PERIOD 1981 TO 2010
CLIMATE RECORD PERIOD 1932 TO 2017


WEATHER ITEM   OBSERVED TIME   RECORD YEAR NORMAL DEPARTURE LAST
                VALUE   (LST)  VALUE       VALUE  FROM      YEAR
                                                  NORMAL
..................................................................
TEMPERATURE (F)
 YESTERDAY
  MAXIMUM         53    417 PM  76    2012  63    -10       52
                                      2000
  MINIMUM         25    531 AM  13    1967  28     -3       28
  AVERAGE         39                        45     -6       40

PRECIPITATION (IN)
  YESTERDAY        0.00          0.24 1998   0.02  -0.02      T
  MONTH TO DATE    0.51                      0.51   0.00     1.29
  SINCE MAR 1      1.24                      1.04   0.20     1.81
  SINCE JAN 1      2.89                      1.56   1.33     2.79

SNOWFALL (IN)
  YESTERDAY        0.0           2.2  1948   0.1   -0.1       T
  MONTH TO DATE    3.7                       3.3    0.4     12.6
  SINCE MAR 1      4.4                       8.3   -3.9     20.8
  SINCE JUL 1     39.9                      26.4   13.5     39.6
  SNOW DEPTH       0

DEGREE DAYS
 HEATING
  YESTERDAY       26                        20      6       25
  MONTH TO DATE  522                       618    -96      592
  SINCE MAR 1   1261                      1595   -334     1509
  SINCE JUL 1   7050                      7924   -874     7275

 COOLING
  YESTERDAY        0                         0      0        0
  MONTH TO DATE    0                         0      0        0
  SINCE MAR 1      0                         0      0        0
  SINCE JAN 1      0                         0      0        0
..................................................................


WIND (MPH)
  HIGHEST WIND SPEED    24   HIGHEST WIND DIRECTION     W (260)
  HIGHEST GUST SPEED    33   HIGHEST GUST DIRECTION     W (270)
  AVERAGE WIND SPEED     7.7


SKY COVER
  POSSIBLE SUNSHINE  MM
  AVERAGE SKY COVER 0.4


WEATHER CONDITIONS
 THE FOLLOWING WEATHER WAS RECORDED YESTERDAY.
  NO SIGNIFICANT WEATHER WAS OBSERVED.


RELATIVE HUMIDITY (PERCENT)
 HIGHEST    96          1200 AM
 LOWEST     32           400 PM
 AVERAGE    64

..........................................................


THE ALAMOSA CO CLIMATE NORMALS FOR TODAY
                         NORMAL    RECORD    YEAR
 MAXIMUM TEMPERATURE (F)   63        76      2000
                                             1943
 MINIMUM TEMPERATURE (F)   28         8      1991


SUNRISE AND SUNSET
APRIL 27 2017.........SUNRISE   613 AM MDT   SUNSET   750 PM MDT
APRIL 28 2017.........SUNRISE   611 AM MDT   SUNSET   751 PM MDT


-  INDICATES NEGATIVE NUMBERS.
R  INDICATES RECORD WAS SET OR TIED.
MM INDICATES DATA IS MISSING.
T  INDICATES TRACE AMOUNT.




$$
