000
CDUS44 KAMA 162234
CLIAMA


CLIMATE REPORT
NATIONAL WEATHER SERVICE AMARILLO TX
434 PM CST MON JAN 16 2017


...................................

...THE AMARILLO CLIMATE SUMMARY FOR JANUARY 16 2017...
VALID TODAY AS OF 0400 PM LOCAL TIME.

CLIMATE NORMAL PERIOD 1981 TO 2010
CLIMATE RECORD PERIOD 1892 TO 2017


WEATHER ITEM   OBSERVED TIME   RECORD YEAR NORMAL DEPARTURE LAST
                VALUE   (LST)  VALUE       VALUE  FROM      YEAR
                                                  NORMAL
..................................................................
TEMPERATURE (F)
 TODAY
  MAXIMUM         42    329 PM  73    1911  51     -9       43
  MINIMUM         30    611 AM   1    1930  23      7       28
  AVERAGE         36                        37     -1       36

PRECIPITATION (IN)
  TODAY            0.16          0.34 1939   0.02   0.14     0.11
  MONTH TO DATE    2.72                      0.31   2.41     0.19
  SINCE DEC 1      2.99                      1.02   1.97     0.97
  SINCE JAN 1      2.72                      0.31   2.41     0.19

SNOWFALL (IN)
  TODAY           MM             4.6  1960   0.2   MM        0.6
  MONTH TO DATE    4.4                       1.9    2.5      1.4
  SINCE DEC 1      4.9                       5.6   -0.7      7.6
  SINCE JUL 1      4.9                       8.3   -3.4      8.9
  SNOW DEPTH       0

DEGREE DAYS
 HEATING
  TODAY           29                        28      1       29
  MONTH TO DATE  461                       454      7      478
  SINCE DEC 1   1287                      1327    -40     1213
  SINCE JUL 1   1752                      2171   -419     1872

 COOLING
  TODAY            0                         0      0        0
  MONTH TO DATE    0                         0      0        0
  SINCE DEC 1      0                         0      0        0
  SINCE JAN 1      0                         0      0        0
..................................................................


WIND (MPH)
  RESULTANT WIND SPEED  10   RESULTANT WIND DIRECTION  NW (300)
  HIGHEST WIND SPEED    23   HIGHEST WIND DIRECTION    NW (310)
  HIGHEST GUST SPEED    30   HIGHEST GUST DIRECTION    NW (330)
  AVERAGE WIND SPEED    10.5


SKY COVER
  AVERAGE SKY COVER 1.0


WEATHER CONDITIONS
 THE FOLLOWING WEATHER WAS RECORDED TODAY.
  LIGHT SNOW
  FOG


RELATIVE HUMIDITY (PERCENT)
 HIGHEST   100          1200 AM
 LOWEST     73           300 PM
 AVERAGE    87

..........................................................


THE AMARILLO CLIMATE NORMALS FOR TOMORROW
                         NORMAL    RECORD    YEAR
 MAXIMUM TEMPERATURE (F)   51        73      1982
                                             1950
                                             1923
 MINIMUM TEMPERATURE (F)   23        -8      1930


SUNRISE AND SUNSET
JANUARY 16 2017.......SUNRISE   754 AM CST   SUNSET   559 PM CST
JANUARY 17 2017.......SUNRISE   754 AM CST   SUNSET   600 PM CST


-  INDICATES NEGATIVE NUMBERS.
R  INDICATES RECORD WAS SET OR TIED.
MM INDICATES DATA IS MISSING.
T  INDICATES TRACE AMOUNT.




$$
