000
CDUS44 KAMA 192134
CLIAMA


CLIMATE REPORT
NATIONAL WEATHER SERVICE AMARILLO TX
434 PM CDT SUN OCT 19 2014


...................................

...THE AMARILLO CLIMATE SUMMARY FOR OCTOBER 19 2014...
VALID TODAY AS OF 0400 PM LOCAL TIME.

CLIMATE NORMAL PERIOD 1981 TO 2010
CLIMATE RECORD PERIOD 1892 TO 2014


WEATHER ITEM   OBSERVED TIME   RECORD YEAR NORMAL DEPARTURE LAST
                VALUE   (LST)  VALUE       VALUE  FROM      YEAR
                                                  NORMAL
..................................................................
TEMPERATURE (F)
 TODAY
  MAXIMUM         74    217 PM  90    2009  71      3       66
                                      2003
  MINIMUM         45    112 AM  25    1989  44      1       27
                                      1976
  AVERAGE         60                        57      3       47

PRECIPITATION (IN)
  TODAY            0.00          0.82 1983   0.06  -0.06     0.00
  MONTH TO DATE    0.53                      1.12  -0.59     0.13
  SINCE SEP 1      4.69                      3.04   1.65     1.96
  SINCE JAN 1     18.38                     18.31   0.07    14.33

SNOWFALL (IN)
  TODAY            0.0           0.2  1976   0.0    0.0      0.0
  MONTH TO DATE    0.0                       0.0    0.0      0.0
  SINCE SEP 1      T                         T      0.0      0.0
  SINCE JUL 1      T                         T      0.0      0.0
  SNOW DEPTH       0

DEGREE DAYS
 HEATING
  TODAY            5                         8     -3       18
  MONTH TO DATE   87                       112    -25      131
  SINCE SEP 1    111                       155    -44      140
  SINCE JUL 1    111                       156    -45      140

 COOLING
  TODAY            0                         1     -1        0
  MONTH TO DATE   23                        25     -2       31
  SINCE SEP 1    185                       203    -18      307
  SINCE JAN 1   1515                      1395    120     1803
..................................................................


WIND (MPH)
  RESULTANT WIND SPEED  12   RESULTANT WIND DIRECTION   S (190)
  HIGHEST WIND SPEED    23   HIGHEST WIND DIRECTION     S (190)
  HIGHEST GUST SPEED    28   HIGHEST GUST DIRECTION     S (190)
  AVERAGE WIND SPEED    12.5


SKY COVER
  AVERAGE SKY COVER 0.2


WEATHER CONDITIONS
 THE FOLLOWING WEATHER WAS RECORDED TODAY.
  NO SIGNIFICANT WEATHER WAS OBSERVED.


RELATIVE HUMIDITY (PERCENT)
 HIGHEST    86           300 AM
 LOWEST     57           300 PM
 AVERAGE    72

..........................................................


THE AMARILLO CLIMATE NORMALS FOR TOMORROW
                         NORMAL    RECORD    YEAR
 MAXIMUM TEMPERATURE (F)   71        90      2003
 MINIMUM TEMPERATURE (F)   43        26      1982
                                             1976


SUNRISE AND SUNSET
OCTOBER 19 2014.......SUNRISE   756 AM CDT   SUNSET   707 PM CDT
OCTOBER 20 2014.......SUNRISE   757 AM CDT   SUNSET   705 PM CDT


-  INDICATES NEGATIVE NUMBERS.
R  INDICATES RECORD WAS SET OR TIED.
MM INDICATES DATA IS MISSING.
T  INDICATES TRACE AMOUNT.




$$
