000
CDUS44 KAMA 252133
CLIAMA


CLIMATE REPORT
NATIONAL WEATHER SERVICE AMARILLO TX
432 PM CDT MON MAY 25 2015


...................................

...THE AMARILLO CLIMATE SUMMARY FOR MAY 25 2015...
VALID TODAY AS OF 0400 PM LOCAL TIME.

CLIMATE NORMAL PERIOD 1981 TO 2010
CLIMATE RECORD PERIOD 1892 TO 2015


WEATHER ITEM   OBSERVED TIME   RECORD YEAR NORMAL DEPARTURE LAST
                VALUE   (LST)  VALUE       VALUE  FROM      YEAR
                                                  NORMAL
..................................................................
TEMPERATURE (F)
 TODAY
  MAXIMUM         69    325 PM 102    1953  82    -13       74
  MINIMUM         50    541 AM  42    1950  55     -5       54
  AVERAGE         60                        68     -8       64

PRECIPITATION (IN)
  TODAY            0.00          2.08 1999   0.09  -0.09     0.65
  MONTH TO DATE    9.26                      1.67   7.59     3.37
  SINCE MAR 1     12.44                      4.46   7.98     4.14
  SINCE JAN 1     14.52                      5.74   8.78     4.53

SNOWFALL (IN)
  TODAY            0.0           T    2000   0.0    0.0      0.0
  MONTH TO DATE    0.0                       0.2   -0.2      0.0
  SINCE MAR 1      0.1                       3.8   -3.7      0.7
  SINCE JUL 1     23.9                      17.8    6.1     12.8
  SNOW DEPTH       0

DEGREE DAYS
 HEATING
  TODAY            5                         1      4        1
  MONTH TO DATE  104                        77     27       65
  SINCE MAR 1    732                       888   -156      870
  SINCE JUL 1   3857                      4165   -308     4223

 COOLING
  TODAY            0                         5     -5        0
  MONTH TO DATE   18                        71    -53      126
  SINCE MAR 1     40                        92    -52      157
  SINCE JAN 1     40                        92    -52      157
..................................................................


WIND (MPH)
  RESULTANT WIND SPEED  11   RESULTANT WIND DIRECTION   S (200)
  HIGHEST WIND SPEED    28   HIGHEST WIND DIRECTION     S (190)
  HIGHEST GUST SPEED    34   HIGHEST GUST DIRECTION     S (190)
  AVERAGE WIND SPEED    12.1


SKY COVER
  AVERAGE SKY COVER 0.0


WEATHER CONDITIONS
 THE FOLLOWING WEATHER WAS RECORDED TODAY.
  NO SIGNIFICANT WEATHER WAS OBSERVED.


RELATIVE HUMIDITY (PERCENT)
 HIGHEST    77           500 AM
 LOWEST     52          1100 AM
 AVERAGE    65

..........................................................


THE AMARILLO CLIMATE NORMALS FOR TOMORROW
                         NORMAL    RECORD    YEAR
 MAXIMUM TEMPERATURE (F)   82       100      1953
 MINIMUM TEMPERATURE (F)   55        39      1950


SUNRISE AND SUNSET
MAY 25 2015...........SUNRISE   636 AM CDT   SUNSET   851 PM CDT
MAY 26 2015...........SUNRISE   636 AM CDT   SUNSET   852 PM CDT


-  INDICATES NEGATIVE NUMBERS.
R  INDICATES RECORD WAS SET OR TIED.
MM INDICATES DATA IS MISSING.
T  INDICATES TRACE AMOUNT.




$$
