455
CDUS44 KAMA 022238
CLIAMA


CLIMATE REPORT
NATIONAL WEATHER SERVICE AMARILLO TX
437 PM CST FRI DEC 2 2016


...................................

...THE AMARILLO CLIMATE SUMMARY FOR DECEMBER 2 2016...
VALID TODAY AS OF 0400 PM LOCAL TIME.

CLIMATE NORMAL PERIOD 1981 TO 2010
CLIMATE RECORD PERIOD 1892 TO 2016


WEATHER ITEM   OBSERVED TIME   RECORD YEAR NORMAL DEPARTURE LAST
                VALUE   (LST)  VALUE       VALUE  FROM      YEAR
                                                  NORMAL
..................................................................
TEMPERATURE (F)
 TODAY
  MAXIMUM         51   1255 PM  78    2012  52     -1       56
  MINIMUM         24    834 AM   4    1985  26     -2       25
  AVERAGE         38                        39     -1       41

PRECIPITATION (IN)
  TODAY            0.00          0.63 1971   0.02  -0.02     0.00
                                      1953
  MONTH TO DATE    0.00                      0.04  -0.04     0.00
  SINCE DEC 1      0.00                      0.04  -0.04     0.00
  SINCE JAN 1     16.93                     19.69  -2.76    33.85

SNOWFALL (IN)
  TODAY            0.0           5.7  1971   0.1   -0.1      0.0
  MONTH TO DATE    0.0                       0.2   -0.2      0.0
  SINCE DEC 1      0.0                       0.2   -0.2      0.0
  SINCE JUL 1      T                         2.9   -2.9      1.3
  SNOW DEPTH       0

DEGREE DAYS
 HEATING
  TODAY           27                        26      1       24
  MONTH TO DATE   55                        51      4       50
  SINCE DEC 1     55                        51      4       50
  SINCE JUL 1    520                       895   -375      709

 COOLING
  TODAY            0                         0      0        0
  MONTH TO DATE    0                         0      0        0
  SINCE DEC 1      0                         0      0        0
  SINCE JAN 1   1694                      1399    295     1493
..................................................................


WIND (MPH)
  RESULTANT WIND SPEED  10   RESULTANT WIND DIRECTION  NE (50)
  HIGHEST WIND SPEED    18   HIGHEST WIND DIRECTION     E (70)
  HIGHEST GUST SPEED    24   HIGHEST GUST DIRECTION     E (80)
  AVERAGE WIND SPEED    10.7


SKY COVER
  AVERAGE SKY COVER 0.3


WEATHER CONDITIONS
 THE FOLLOWING WEATHER WAS RECORDED TODAY.
  NO SIGNIFICANT WEATHER WAS OBSERVED.


RELATIVE HUMIDITY (PERCENT)
 HIGHEST    75           600 AM
 LOWEST     30           100 PM
 AVERAGE    53

..........................................................


THE AMARILLO CLIMATE NORMALS FOR TOMORROW
                         NORMAL    RECORD    YEAR
 MAXIMUM TEMPERATURE (F)   52        75      2010
                                             1926
 MINIMUM TEMPERATURE (F)   26        -1      1897


SUNRISE AND SUNSET
DECEMBER  2 2016......SUNRISE   738 AM CST   SUNSET   534 PM CST
DECEMBER  3 2016......SUNRISE   739 AM CST   SUNSET   534 PM CST


-  INDICATES NEGATIVE NUMBERS.
R  INDICATES RECORD WAS SET OR TIED.
MM INDICATES DATA IS MISSING.
T  INDICATES TRACE AMOUNT.




$$
