000
CDUS44 KAMA 300654
CLIAMA


CLIMATE REPORT
NATIONAL WEATHER SERVICE AMARILLO TX
150 AM CDT SUN APR 30 2017


...................................

...THE AMARILLO CLIMATE SUMMARY FOR APRIL 29 2017...

CLIMATE NORMAL PERIOD 1981 TO 2010
CLIMATE RECORD PERIOD 1892 TO 2017


WEATHER ITEM   OBSERVED TIME   RECORD YEAR NORMAL DEPARTURE LAST
                VALUE   (LST)  VALUE       VALUE  FROM      YEAR
                                                  NORMAL
..................................................................
TEMPERATURE (F)
 YESTERDAY
  MAXIMUM         44   1217 AM  94    2013  75    -31       58
                                      2011
                                      1910
  MINIMUM         32   1000 PM  30    1907  46    -14       42
                                      1903
  AVERAGE         38                        60    -22       50

PRECIPITATION (IN)
  YESTERDAY        0.64          1.56 1901   0.05   0.59     1.16
  MONTH TO DATE    1.19                      1.35  -0.16     3.32
  SINCE MAR 1      3.17                      2.74   0.43     3.59
  SINCE JAN 1      6.85                      4.02   2.83     4.28

SNOWFALL (IN)
  YESTERDAY        1.2 R         0.2  1903   0.0    1.2      0.0
  MONTH TO DATE    1.2                       0.7    0.5      0.0
  SINCE MAR 1      1.2                       3.6   -2.4      1.3
  SINCE JUL 1      9.2                      17.6   -8.4     13.4
  SNOW DEPTH       0

DEGREE DAYS
 HEATING
  YESTERDAY       27                         6     21       15
  MONTH TO DATE  217                       275    -58      208
  SINCE MAR 1    564                       807   -243      578
  SINCE JUL 1   3122                      4084   -962     3319

 COOLING
  YESTERDAY        0                         1     -1        0
  MONTH TO DATE   37                        15     22        8
  SINCE MAR 1     49                        17     32       10
  SINCE JAN 1     54                        17     37       11
..................................................................


WIND (MPH)
  RESULTANT WIND SPEED  23   RESULTANT WIND DIRECTION   N (350)
  HIGHEST WIND SPEED    35   HIGHEST WIND DIRECTION     N (360)
  HIGHEST GUST SPEED    42   HIGHEST GUST DIRECTION     N (350)
  AVERAGE WIND SPEED    24.2


SKY COVER
  AVERAGE SKY COVER 0.9


WEATHER CONDITIONS
 THE FOLLOWING WEATHER WAS RECORDED YESTERDAY.
  THUNDERSTORM
  HEAVY RAIN
  RAIN
  LIGHT RAIN
  LIGHT SNOW
  FOG


RELATIVE HUMIDITY (PERCENT)
 HIGHEST   100           500 AM
 LOWEST     89           400 AM
 AVERAGE    95

..........................................................


THE AMARILLO CLIMATE NORMALS FOR TODAY
                         NORMAL    RECORD    YEAR
 MAXIMUM TEMPERATURE (F)   75        97      2013
 MINIMUM TEMPERATURE (F)   46        23      1907


SUNRISE AND SUNSET
APRIL 30 2017.........SUNRISE   656 AM CDT   SUNSET   832 PM CDT
MAY  1 2017...........SUNRISE   655 AM CDT   SUNSET   833 PM CDT


-  INDICATES NEGATIVE NUMBERS.
R  INDICATES RECORD WAS SET OR TIED.
MM INDICATES DATA IS MISSING.
T  INDICATES TRACE AMOUNT.




$$
