000
CDUS44 KAMA 220632
CLIAMA


CLIMATE REPORT
NATIONAL WEATHER SERVICE AMARILLO TX
128 AM CDT TUE AUG 22 2017


...................................

...THE AMARILLO CLIMATE SUMMARY FOR AUGUST 21 2017...

CLIMATE NORMAL PERIOD 1981 TO 2010
CLIMATE RECORD PERIOD 1892 TO 2017


WEATHER ITEM   OBSERVED TIME   RECORD YEAR NORMAL DEPARTURE LAST
                VALUE   (LST)  VALUE       VALUE  FROM      YEAR
                                                  NORMAL
..................................................................
TEMPERATURE (F)
 YESTERDAY
  MAXIMUM         84    451 PM 101    1983  89     -5       79
                                      1911
  MINIMUM         66    753 AM  49    1956  64      2       57
  AVERAGE         75                        76     -1       68

PRECIPITATION (IN)
  YESTERDAY        0.13          1.49 1916   0.09   0.04     0.00
  MONTH TO DATE    6.95                      2.11   4.84     2.85
  SINCE JUN 1     12.28                      8.11   4.17     7.74
  SINCE JAN 1     20.43                     14.47   5.96    13.63

SNOWFALL (IN)
  YESTERDAY        0.0           0.0    MM   0.0    0.0      0.0
  MONTH TO DATE    0.0                       0.0    0.0      0.0
  SINCE JUN 1      T                         0.0    0.0       T
  SINCE JUL 1      T                         0.0    0.0       T
  SNOW DEPTH       0

DEGREE DAYS
 HEATING
  YESTERDAY        0                         0      0        0
  MONTH TO DATE    0                         0      0        0
  SINCE JUN 1      1                         7     -6        0
  SINCE JUL 1      0                         0      0        0

 COOLING
  YESTERDAY       10                        12     -2        3
  MONTH TO DATE  202                       261    -59      266
  SINCE JUN 1   1046                       961     85     1203
  SINCE JAN 1   1176                      1086     90     1291
..................................................................


WIND (MPH)
  RESULTANT WIND SPEED  10   RESULTANT WIND DIRECTION   S (200)
  HIGHEST WIND SPEED    21   HIGHEST WIND DIRECTION     S (190)
  HIGHEST GUST SPEED    26   HIGHEST GUST DIRECTION     S (180)
  AVERAGE WIND SPEED    10.3


SKY COVER
  AVERAGE SKY COVER 0.4


WEATHER CONDITIONS
 THE FOLLOWING WEATHER WAS RECORDED YESTERDAY.
  LIGHT RAIN
  FOG


RELATIVE HUMIDITY (PERCENT)
 HIGHEST    93           100 AM
 LOWEST     51           600 PM
 AVERAGE    72

..........................................................


THE AMARILLO CLIMATE NORMALS FOR TODAY
                         NORMAL    RECORD    YEAR
 MAXIMUM TEMPERATURE (F)   89       101      2011
                                             1922
 MINIMUM TEMPERATURE (F)   64        53      1966
                                             1945
                                             1920


SUNRISE AND SUNSET
AUGUST 22 2017........SUNRISE   712 AM CDT   SUNSET   827 PM CDT
AUGUST 23 2017........SUNRISE   713 AM CDT   SUNSET   825 PM CDT


-  INDICATES NEGATIVE NUMBERS.
R  INDICATES RECORD WAS SET OR TIED.
MM INDICATES DATA IS MISSING.
T  INDICATES TRACE AMOUNT.




$$
