000
CDUS44 KAMA 290649
CLIAMA


CLIMATE REPORT
NATIONAL WEATHER SERVICE AMARILLO TX
149 AM CDT SUN MAY 29 2016


...................................

...THE AMARILLO CLIMATE SUMMARY FOR MAY 28 2016...

CLIMATE NORMAL PERIOD 1981 TO 2010
CLIMATE RECORD PERIOD 1892 TO 2016


WEATHER ITEM   OBSERVED TIME   RECORD YEAR NORMAL DEPARTURE LAST
                VALUE   (LST)  VALUE       VALUE  FROM      YEAR
                                                  NORMAL
..................................................................
TEMPERATURE (F)
 YESTERDAY
  MAXIMUM         83    414 PM 100    2011  83      0       70
  MINIMUM         47    330 AM  39    1992  56     -9       59
                                      1947
  AVERAGE         65                        69     -4       65

PRECIPITATION (IN)
  YESTERDAY        0.00          1.64 1911   0.10  -0.10     0.00
  MONTH TO DATE    0.81                      1.97  -1.16     9.26
  SINCE MAR 1      4.41                      4.76  -0.35    12.44
  SINCE JAN 1      5.10                      6.04  -0.94    14.52

SNOWFALL (IN)
  YESTERDAY        0.0           T    2013   0.0    0.0      0.0
                                      1949
  MONTH TO DATE    T                         0.2   -0.2      0.0
  SINCE MAR 1      1.3                       3.8   -2.5      0.1
  SINCE JUL 1     13.4                      17.8   -4.4     23.9
  SNOW DEPTH       0

DEGREE DAYS
 HEATING
  YESTERDAY        0                         1     -1        0
  MONTH TO DATE  126                        80     46      103
  SINCE MAR 1    720                       891   -171      731
  SINCE JUL 1   3461                      4168   -707     3856

 COOLING
  YESTERDAY        0                         5     -5        0
  MONTH TO DATE   71                        86    -15       24
  SINCE MAR 1     81                       107    -26       46
  SINCE JAN 1     82                       107    -25       46
..................................................................


WIND (MPH)
  RESULTANT WIND SPEED   3   RESULTANT WIND DIRECTION   E (90)
  HIGHEST WIND SPEED    20   HIGHEST WIND DIRECTION     E (110)
  HIGHEST GUST SPEED    24   HIGHEST GUST DIRECTION    SE (120)
  AVERAGE WIND SPEED     8.9


SKY COVER
  AVERAGE SKY COVER 0.0


WEATHER CONDITIONS
 THE FOLLOWING WEATHER WAS RECORDED YESTERDAY.
  NO SIGNIFICANT WEATHER WAS OBSERVED.


RELATIVE HUMIDITY (PERCENT)
 HIGHEST    77           300 AM
 LOWEST     23           400 PM
 AVERAGE    50

..........................................................


THE AMARILLO CLIMATE NORMALS FOR TODAY
                         NORMAL    RECORD    YEAR
 MAXIMUM TEMPERATURE (F)   83       104      2011
 MINIMUM TEMPERATURE (F)   56        36      1947


SUNRISE AND SUNSET
MAY 29 2016...........SUNRISE   634 AM CDT   SUNSET   855 PM CDT
MAY 30 2016...........SUNRISE   634 AM CDT   SUNSET   855 PM CDT


-  INDICATES NEGATIVE NUMBERS.
R  INDICATES RECORD WAS SET OR TIED.
MM INDICATES DATA IS MISSING.
T  INDICATES TRACE AMOUNT.




$$
